{"version":"1.0","provider_name":"Ibbycat","provider_url":"https:\/\/www.ibbycat.cat\/es\/","author_name":"ibbycat","author_url":"https:\/\/www.ibbycat.cat\/es\/author\/ibbycat\/","title":"Elena Domingo, guanyadora del Premi Cavall Fort 2022 - Ibbycat","type":"rich","width":600,"height":338,"html":"<blockquote class=\"wp-embedded-content\" data-secret=\"iINzqccg4n\"><a href=\"https:\/\/www.ibbycat.cat\/es\/elena-domingo-guanyadora-del-premi-cavall-fort-2022\/\">Elena Domingo, guanyadora del Premi Cavall Fort 2022<\/a><\/blockquote><iframe sandbox=\"allow-scripts\" security=\"restricted\" src=\"https:\/\/www.ibbycat.cat\/es\/elena-domingo-guanyadora-del-premi-cavall-fort-2022\/embed\/#?secret=iINzqccg4n\" width=\"600\" height=\"338\" title=\"\u00abElena Domingo, guanyadora del Premi Cavall Fort 2022\u00bb \u2014 Ibbycat\" data-secret=\"iINzqccg4n\" frameborder=\"0\" marginwidth=\"0\" marginheight=\"0\" scrolling=\"no\" class=\"wp-embedded-content\"><\/iframe><script>\n\/*! This file is auto-generated *\/\n!function(d,l){\"use strict\";l.querySelector&&d.addEventListener&&\"undefined\"!=typeof URL&&(d.wp=d.wp||{},d.wp.receiveEmbedMessage||(d.wp.receiveEmbedMessage=function(e){var t=e.data;if((t||t.secret||t.message||t.value)&&!\/[^a-zA-Z0-9]\/.test(t.secret)){for(var s,r,n,a=l.querySelectorAll('iframe[data-secret=\"'+t.secret+'\"]'),o=l.querySelectorAll('blockquote[data-secret=\"'+t.secret+'\"]'),c=new RegExp(\"^https?:$\",\"i\"),i=0;i<o.length;i++)o[i].style.display=\"none\";for(i=0;i<a.length;i++)s=a[i],e.source===s.contentWindow&&(s.removeAttribute(\"style\"),\"height\"===t.message?(1e3<(r=parseInt(t.value,10))?r=1e3:~~r<200&&(r=200),s.height=r):\"link\"===t.message&&(r=new URL(s.getAttribute(\"src\")),n=new URL(t.value),c.test(n.protocol))&&n.host===r.host&&l.activeElement===s&&(d.top.location.href=t.value))}},d.addEventListener(\"message\",d.wp.receiveEmbedMessage,!1),l.addEventListener(\"DOMContentLoaded\",function(){for(var e,t,s=l.querySelectorAll(\"iframe.wp-embedded-content\"),r=0;r<s.length;r++)(t=(e=s[r]).getAttribute(\"data-secret\"))||(t=Math.random().toString(36).substring(2,12),e.src+=\"#?secret=\"+t,e.setAttribute(\"data-secret\",t)),e.contentWindow.postMessage({message:\"ready\",secret:t},\"*\")},!1)))}(window,document);\n\/\/# sourceURL=https:\/\/www.ibbycat.cat\/wp-includes\/js\/wp-embed.min.js\n<\/script>\n","thumbnail_url":"https:\/\/www.ibbycat.cat\/wp-content\/uploads\/premiCavallFort2022-scaled.jpg","thumbnail_width":1920,"thumbnail_height":2560,"description":"El jurat del Premi Cavall Fort 2022 ha decidit recon\u00e8ixer un recull d\u2019articles de tem\u00e0tica hist\u00f2rica escrits per la periodista Elena Domingo Basora sota el pseud\u00f2nim Pruna. En aquests articles, que es publicaran a la revista Cavall Fort aquest any, l\u2019autora descobreix als joves lectors com es feien les veles dels vaixells, els explica qu\u00e8 [&hellip;]"}

El jurat del Premi Cavall Fort 2022 ha decidit reconèixer un recull d’articles de temàtica històrica escrits per la periodista Elena Domingo Basora sota el pseudònim Pruna. En aquests articles, que es publicaran a la revista Cavall Fort aquest any, l’autora descobreix als joves lectors com es feien les veles dels vaixells, els explica què [&hellip;]
