{"version":"1.0","provider_name":"Ibbycat","provider_url":"https:\/\/www.ibbycat.cat\/es\/","author_name":"Webico","author_url":"https:\/\/www.ibbycat.cat\/es\/author\/webico\/","title":"Amb l'aigua al coll! - Ibbycat","type":"rich","width":600,"height":338,"html":"<blockquote class=\"wp-embedded-content\" data-secret=\"Nj8HObJhNC\"><a href=\"https:\/\/www.ibbycat.cat\/es\/llibre\/amb-laigua-al-coll\/\">Amb l&#8217;aigua al coll!<\/a><\/blockquote><iframe sandbox=\"allow-scripts\" security=\"restricted\" src=\"https:\/\/www.ibbycat.cat\/es\/llibre\/amb-laigua-al-coll\/embed\/#?secret=Nj8HObJhNC\" width=\"600\" height=\"338\" title=\"\u00abAmb l&#8217;aigua al coll!\u00bb \u2014 Ibbycat\" data-secret=\"Nj8HObJhNC\" frameborder=\"0\" marginwidth=\"0\" marginheight=\"0\" scrolling=\"no\" class=\"wp-embedded-content\"><\/iframe><script>\n\/*! This file is auto-generated *\/\n!function(d,l){\"use strict\";l.querySelector&&d.addEventListener&&\"undefined\"!=typeof URL&&(d.wp=d.wp||{},d.wp.receiveEmbedMessage||(d.wp.receiveEmbedMessage=function(e){var t=e.data;if((t||t.secret||t.message||t.value)&&!\/[^a-zA-Z0-9]\/.test(t.secret)){for(var s,r,n,a=l.querySelectorAll('iframe[data-secret=\"'+t.secret+'\"]'),o=l.querySelectorAll('blockquote[data-secret=\"'+t.secret+'\"]'),c=new RegExp(\"^https?:$\",\"i\"),i=0;i<o.length;i++)o[i].style.display=\"none\";for(i=0;i<a.length;i++)s=a[i],e.source===s.contentWindow&&(s.removeAttribute(\"style\"),\"height\"===t.message?(1e3<(r=parseInt(t.value,10))?r=1e3:~~r<200&&(r=200),s.height=r):\"link\"===t.message&&(r=new URL(s.getAttribute(\"src\")),n=new URL(t.value),c.test(n.protocol))&&n.host===r.host&&l.activeElement===s&&(d.top.location.href=t.value))}},d.addEventListener(\"message\",d.wp.receiveEmbedMessage,!1),l.addEventListener(\"DOMContentLoaded\",function(){for(var e,t,s=l.querySelectorAll(\"iframe.wp-embedded-content\"),r=0;r<s.length;r++)(t=(e=s[r]).getAttribute(\"data-secret\"))||(t=Math.random().toString(36).substring(2,12),e.src+=\"#?secret=\"+t,e.setAttribute(\"data-secret\",t)),e.contentWindow.postMessage({message:\"ready\",secret:t},\"*\")},!1)))}(window,document);\n\/\/# sourceURL=https:\/\/www.ibbycat.cat\/wp-includes\/js\/wp-embed.min.js\n<\/script>\n","thumbnail_url":"https:\/\/www.ibbycat.cat\/wp-content\/uploads\/978-84-9191-207-1.jpeg","thumbnail_width":399,"thumbnail_height":493,"description":"Xavier Castanyer, historiador de l\u2019art i escriptor, presenta una nova aventura d\u2019en Roc i la Bruna, dos bessons de deu anys que viuen les seves perip\u00e8cies en diferents moments de la hist\u00f2ria. A Amb l\u2019aigua al coll! ens traslladen a l\u2019any 1493, en el per\u00edode just despr\u00e9s del descobriment d\u2019Am\u00e8rica, i van a petar a l\u2019interior d\u2019un vaixell que salpa cap al Nou M\u00f3n a la recerca d\u2019or. La novel\u00b7la presenta un llenguatge acurat i prec\u00eds, amb l\u2019\u00fanica dificultat per al lector infantil de trobar-se davant d\u2019una quantitat important de l\u00e8xic possiblement desconegut, i tot i que la lectura flueix amb naturalitat li ser\u00e0 exigent. \u00c9s segurament en l\u2019argument i en el posicionament de l\u2019autor on l\u2019obra crea m\u00e9s dubtes. En primer lloc, el que costa assumir i visualitzar \u00e9s l\u2019encaix dels dos protagonistes en unes situacions en les quals l\u2019autor no fa cap concessi\u00f3. Pel nostre davant passen tortures, assassinats, batalles, viol\u00e8ncia&#8230; que s\u00f3n descrites sense p\u00e8ls a la llengua, i els dos germans se\u2019n surten amb ben poques rascades: \u00abI la sang comen\u00e7\u00e0 a esquitxar-ho tot. I en Roc, enmig de l\u2019infern, vei\u00e9 com volava el bra\u00e7 d\u2019un esclau i rodolava el cap d\u2019un oficial.\u00bb Unes situacions i unes aventures a les quals les il\u00b7lustracions d\u2019\u00d2scar Julve treuen molt de ferro, tot i que els donen un toc m\u00e9s infantil del que el text presenta. I el que sorpr\u00e8n una mica m\u00e9s \u00e9s l\u2019enorme dicotomia entre bons i dolents, com en les pel\u00b7l\u00edcules de lluites i patacades. L\u2019autor i els protagonistes prenen part pels ind\u00edgenes, \u00aberen gent pac\u00edfica&#8230; d\u2019una bondat infinita\u00bb, assetjats per oficials corruptes i mercenaris que s\u00f3n descrits com a \u00abplens de maldat\u00bb, amb \u00abintencions indignes que tenien els reis, l\u2019almirall i tota aquella tropa de pillets que volien envair-los, saquejar-los, eliminar-los\u00bb.\u00a0Amb l\u2019aigua al coll! deixa un sabor agredol\u00e7. Agre per aquesta excessiva dicotomia i per la inversemblan\u00e7a dels protagonistes enmig de la hist\u00f2ria, i dol\u00e7 per la cura del llenguatge i la precisi\u00f3 de la narraci\u00f3. \u00a0 CASTANYER I ANGELET, Xavier \u00d2scar Julve Abadia de Montserrat"}

Xavier Castanyer, historiador de l’art i escriptor, presenta una nova aventura d’en Roc i la Bruna, dos bessons de deu anys que viuen les seves peripècies en diferents moments de la història. A Amb l’aigua al coll! ens traslladen a l’any 1493, en el període just després del descobriment d’Amèrica, i van a petar a l’interior d’un vaixell que salpa cap al Nou Món a la recerca d’or. La novel·la presenta un llenguatge acurat i precís, amb l’única dificultat per al lector infantil de trobar-se davant d’una quantitat important de lèxic possiblement desconegut, i tot i que la lectura flueix amb naturalitat li serà exigent. És segurament en l’argument i en el posicionament de l’autor on l’obra crea més dubtes. En primer lloc, el que costa assumir i visualitzar és l’encaix dels dos protagonistes en unes situacions en les quals l’autor no fa cap concessió. Pel nostre davant passen tortures, assassinats, batalles, violència&#8230; que són descrites sense pèls a la llengua, i els dos germans se’n surten amb ben poques rascades: «I la sang començà a esquitxar-ho tot. I en Roc, enmig de l’infern, veié com volava el braç d’un esclau i rodolava el cap d’un oficial.» Unes situacions i unes aventures a les quals les il·lustracions d’Òscar Julve treuen molt de ferro, tot i que els donen un toc més infantil del que el text presenta. I el que sorprèn una mica més és l’enorme dicotomia entre bons i dolents, com en les pel·lícules de lluites i patacades. L’autor i els protagonistes prenen part pels indígenes, «eren gent pacífica&#8230; d’una bondat infinita», assetjats per oficials corruptes i mercenaris que són descrits com a «plens de maldat», amb «intencions indignes que tenien els reis, l’almirall i tota aquella tropa de pillets que volien envair-los, saquejar-los, eliminar-los». Amb l’aigua al coll! deixa un sabor agredolç. Agre per aquesta excessiva dicotomia i per la inversemblança dels protagonistes enmig de la història, i dolç per la cura del llenguatge i la precisió de la narració.   CASTANYER I ANGELET, Xavier Òscar Julve Abadia de Montserrat
