{"version":"1.0","provider_name":"Ibbycat","provider_url":"https:\/\/www.ibbycat.cat\/es\/","author_name":"Webico","author_url":"https:\/\/www.ibbycat.cat\/es\/author\/webico\/","title":"Aquell dia de 1714 - Ibbycat","type":"rich","width":600,"height":338,"html":"<blockquote class=\"wp-embedded-content\" data-secret=\"xQH3NtXHg5\"><a href=\"https:\/\/www.ibbycat.cat\/es\/llibre\/aquell-dia-de-1714\/\">Aquell dia de 1714<\/a><\/blockquote><iframe sandbox=\"allow-scripts\" security=\"restricted\" src=\"https:\/\/www.ibbycat.cat\/es\/llibre\/aquell-dia-de-1714\/embed\/#?secret=xQH3NtXHg5\" width=\"600\" height=\"338\" title=\"\u00abAquell dia de 1714\u00bb \u2014 Ibbycat\" data-secret=\"xQH3NtXHg5\" frameborder=\"0\" marginwidth=\"0\" marginheight=\"0\" scrolling=\"no\" class=\"wp-embedded-content\"><\/iframe><script>\n\/*! This file is auto-generated *\/\n!function(d,l){\"use strict\";l.querySelector&&d.addEventListener&&\"undefined\"!=typeof URL&&(d.wp=d.wp||{},d.wp.receiveEmbedMessage||(d.wp.receiveEmbedMessage=function(e){var t=e.data;if((t||t.secret||t.message||t.value)&&!\/[^a-zA-Z0-9]\/.test(t.secret)){for(var s,r,n,a=l.querySelectorAll('iframe[data-secret=\"'+t.secret+'\"]'),o=l.querySelectorAll('blockquote[data-secret=\"'+t.secret+'\"]'),c=new RegExp(\"^https?:$\",\"i\"),i=0;i<o.length;i++)o[i].style.display=\"none\";for(i=0;i<a.length;i++)s=a[i],e.source===s.contentWindow&&(s.removeAttribute(\"style\"),\"height\"===t.message?(1e3<(r=parseInt(t.value,10))?r=1e3:~~r<200&&(r=200),s.height=r):\"link\"===t.message&&(r=new URL(s.getAttribute(\"src\")),n=new URL(t.value),c.test(n.protocol))&&n.host===r.host&&l.activeElement===s&&(d.top.location.href=t.value))}},d.addEventListener(\"message\",d.wp.receiveEmbedMessage,!1),l.addEventListener(\"DOMContentLoaded\",function(){for(var e,t,s=l.querySelectorAll(\"iframe.wp-embedded-content\"),r=0;r<s.length;r++)(t=(e=s[r]).getAttribute(\"data-secret\"))||(t=Math.random().toString(36).substring(2,12),e.src+=\"#?secret=\"+t,e.setAttribute(\"data-secret\",t)),e.contentWindow.postMessage({message:\"ready\",secret:t},\"*\")},!1)))}(window,document);\n\/\/# sourceURL=https:\/\/www.ibbycat.cat\/wp-includes\/js\/wp-embed.min.js\n<\/script>\n","thumbnail_url":"https:\/\/www.ibbycat.cat\/wp-content\/uploads\/978-84-9883-623-3.jpg","thumbnail_width":140,"thumbnail_height":140,"description":"D\u2019entre les nombroses i variades propostes que es publiquen enguany per preparar la celebraci\u00f3 del tricentenari de la desfeta de 1714, l\u2019obra que comentem destaca per la manera de tractar el tema, que exposa els fets hist\u00f2rics a partir d\u2019una perip\u00e8cia tirant a esbojarrada, que fa coincidir els personatges reals i documentats amb uns inversemblants protagonistes de la ficci\u00f3. El relat est\u00e0 protagonitzat per l\u2019Eul\u00e0ria, una nena entestada a contribuir a la defensa de la ciutat, que t\u00e9 la col\u00b7laboraci\u00f3 inestimable d\u2019en Patufet \u2013i del bou i tot!\u2013 per dur a terme els plans m\u00e9s insensats i desbaratar les accions dels ex\u00e8rcits atacants. Les seves anades i vingudes per la Barcelona assetjada els permeten con\u00e8ixer de primera m\u00e0 els protagonistes dels ag\u00f2nics dies previs a la capitulaci\u00f3 \u2013Rafael Casanova, Antonio de Villarroel o el general Bellver\u2013 i fins i tot fer-hi amistat. M\u00e9s enll\u00e0 del text, imaginatiu i humor\u00edstic, que festeja una mica amb la tradici\u00f3 de l\u2019absurd, les il\u00b7lustracions d\u2019\u00d2scar Julve contribueixen a refor\u00e7ar aquesta dessacralitzaci\u00f3 de l\u2019esdeveniment hist\u00f2ric, en una versi\u00f3 que, de ben segur, contrastar\u00e0 amb altres de m\u00e9s convencionals.  \u00d2scar Julve Publicacions de l\u2019Abadia de Montserrat"}

D’entre les nombroses i variades propostes que es publiquen enguany per preparar la celebració del tricentenari de la desfeta de 1714, l’obra que comentem destaca per la manera de tractar el tema, que exposa els fets històrics a partir d’una peripècia tirant a esbojarrada, que fa coincidir els personatges reals i documentats amb uns inversemblants protagonistes de la ficció. El relat està protagonitzat per l’Eulària, una nena entestada a contribuir a la defensa de la ciutat, que té la col·laboració inestimable d’en Patufet –i del bou i tot!– per dur a terme els plans més insensats i desbaratar les accions dels exèrcits atacants. Les seves anades i vingudes per la Barcelona assetjada els permeten conèixer de primera mà els protagonistes dels agònics dies previs a la capitulació –Rafael Casanova, Antonio de Villarroel o el general Bellver– i fins i tot fer-hi amistat. Més enllà del text, imaginatiu i humorístic, que festeja una mica amb la tradició de l’absurd, les il·lustracions d’Òscar Julve contribueixen a reforçar aquesta dessacralització de l’esdeveniment històric, en una versió que, de ben segur, contrastarà amb altres de més convencionals.  Òscar Julve Publicacions de l’Abadia de Montserrat
