{"version":"1.0","provider_name":"Ibbycat","provider_url":"https:\/\/www.ibbycat.cat\/es\/","author_name":"Webico","author_url":"https:\/\/www.ibbycat.cat\/es\/author\/webico\/","title":"Bon dia! Poemes de bon mat\u00ed - Ibbycat","type":"rich","width":600,"height":338,"html":"<blockquote class=\"wp-embedded-content\" data-secret=\"VARTVAofAY\"><a href=\"https:\/\/www.ibbycat.cat\/es\/llibre\/bon-dia-poemes-de-bon-mati\/\">Bon dia! Poemes de bon mat\u00ed<\/a><\/blockquote><iframe sandbox=\"allow-scripts\" security=\"restricted\" src=\"https:\/\/www.ibbycat.cat\/es\/llibre\/bon-dia-poemes-de-bon-mati\/embed\/#?secret=VARTVAofAY\" width=\"600\" height=\"338\" title=\"\u00abBon dia! Poemes de bon mat\u00ed\u00bb \u2014 Ibbycat\" data-secret=\"VARTVAofAY\" frameborder=\"0\" marginwidth=\"0\" marginheight=\"0\" scrolling=\"no\" class=\"wp-embedded-content\"><\/iframe><script>\n\/*! This file is auto-generated *\/\n!function(d,l){\"use strict\";l.querySelector&&d.addEventListener&&\"undefined\"!=typeof URL&&(d.wp=d.wp||{},d.wp.receiveEmbedMessage||(d.wp.receiveEmbedMessage=function(e){var t=e.data;if((t||t.secret||t.message||t.value)&&!\/[^a-zA-Z0-9]\/.test(t.secret)){for(var s,r,n,a=l.querySelectorAll('iframe[data-secret=\"'+t.secret+'\"]'),o=l.querySelectorAll('blockquote[data-secret=\"'+t.secret+'\"]'),c=new RegExp(\"^https?:$\",\"i\"),i=0;i<o.length;i++)o[i].style.display=\"none\";for(i=0;i<a.length;i++)s=a[i],e.source===s.contentWindow&&(s.removeAttribute(\"style\"),\"height\"===t.message?(1e3<(r=parseInt(t.value,10))?r=1e3:~~r<200&&(r=200),s.height=r):\"link\"===t.message&&(r=new URL(s.getAttribute(\"src\")),n=new URL(t.value),c.test(n.protocol))&&n.host===r.host&&l.activeElement===s&&(d.top.location.href=t.value))}},d.addEventListener(\"message\",d.wp.receiveEmbedMessage,!1),l.addEventListener(\"DOMContentLoaded\",function(){for(var e,t,s=l.querySelectorAll(\"iframe.wp-embedded-content\"),r=0;r<s.length;r++)(t=(e=s[r]).getAttribute(\"data-secret\"))||(t=Math.random().toString(36).substring(2,12),e.src+=\"#?secret=\"+t,e.setAttribute(\"data-secret\",t)),e.contentWindow.postMessage({message:\"ready\",secret:t},\"*\")},!1)))}(window,document);\n\/\/# sourceURL=https:\/\/www.ibbycat.cat\/wp-includes\/js\/wp-embed.min.js\n<\/script>\n","thumbnail_url":"https:\/\/www.ibbycat.cat\/wp-content\/uploads\/978-84-9883-969-2.jpg","thumbnail_width":500,"thumbnail_height":392,"description":"Amb taques de rojos, taronges i grocs, sobretot, per\u00f2 tamb\u00e9 amb alguna franja de blau grisenc que pot ser cel o mar, segons els casos, i figures en un tra\u00e7 negre gruixut, Merc\u00e8 Gal\u00ed ha il\u00b7lustrat els versos juganers de Salvador Comelles, que ara saluden el dia com fa un parell d\u2019anys l\u2019acomiadaven\u00a0a\u00a0Bona nit. Poemes per a l\u2019hora d\u2019anar a dormir. El dibuix d\u2019un xiquet i un animal\u00f3 mirant cap amunt, cap a una estampa de cel rogenc, \u00e9s la interpretaci\u00f3 pl\u00e0stica del poema \u00abBon dia, Sol!\u00bb \u2013un dels m\u00e9s redons\u2013, en qu\u00e8 l\u2019escriptor juga amb met\u00e0fores infantils de l\u2019astre: un fruit roig, un ou ferrat, un dineret o un bot\u00f3&#8230;\u00a0L\u2019artista ha triat precisament aquest \u00faltim element per a representar el cos celeste, establint aix\u00ed un vincle harm\u00f2nic amb el text: el to na\u00eff d\u2019imatges pl\u00e0stiques i liter\u00e0ries. El volum s\u2019estructura en dotze seq\u00fc\u00e8ncies a doble p\u00e0gina que avancen des de la idea que \u00abA la nit soc jo sol, \/ quan tot queda a les fosques\u00bb; travessen els somnis \u2013o els malsons\u2013 de l\u2019astronauta, el mag, el pirata i el m\u00fasic, i reben el dia amb les bestioles que ja es mouen: \u00abObro els ulls. \/ \u00c9s de dia. \/ Prop del riu \/ hi ha un blauet \/ que refila\u00bb. Despr\u00e9s, els poemes parlen dels gestos matiners d\u2019aquests quatre personatges: en obrir els ulls, el mag t\u00e9 la capacitat de canviar all\u00f2 que no li agrada i, en la s\u00e8rie \u00abQuin temps fa\u00bb, el m\u00fasic juga amb els sentits de \u00absi fa sol\u00bb. Altres motius s\u00f3n la roba, l\u2019esmorzar i \u00abQu\u00e8 hi porto, a la motxilla?\u00bb: potser el llibre hauria d\u2019haver acabat en alt amb aquesta tirallonga emocionant d\u2019objectes i coses immaterials \u2013\u00abun acudit per explicar\u00bb o \u00abuna pila de somriures\u00bb\u2013 i no amb els \u00faltims textos de \u00abCap a l\u2019escola\u00bb, que, menys s\u00f2lids, no causen l\u2019efecte de tancament i deixen una sensaci\u00f3 de final abrupte. COMELLES, Salvador Merc\u00e8 Gal\u00ed Publicacions de l'Abadia de Montserrat"}

Bon dia! Poemes de bon matí - Ibbycat

<blockquote class="wp-embedded-content" data-secret="VARTVAofAY"><a href="https://www.ibbycat.cat/es/llibre/bon-dia-poemes-de-bon-mati/">Bon dia! Poemes de bon matí</a></blockquote><iframe sandbox="allow-scripts" security="restricted" src="https://www.ibbycat.cat/es/llibre/bon-dia-poemes-de-bon-mati/embed/#?secret=VARTVAofAY" width="600" height="338" title="«Bon dia! Poemes de bon matí» — Ibbycat" data-secret="VARTVAofAY" frameborder="0" marginwidth="0" marginheight="0" scrolling="no" class="wp-embedded-content"></iframe><script>
/*! This file is auto-generated */
!function(d,l){"use strict";l.querySelector&&d.addEventListener&&"undefined"!=typeof URL&&(d.wp=d.wp||{},d.wp.receiveEmbedMessage||(d.wp.receiveEmbedMessage=function(e){var t=e.data;if((t||t.secret||t.message||t.value)&&!/[^a-zA-Z0-9]/.test(t.secret)){for(var s,r,n,a=l.querySelectorAll('iframe[data-secret="'+t.secret+'"]'),o=l.querySelectorAll('blockquote[data-secret="'+t.secret+'"]'),c=new RegExp("^https?:$","i"),i=0;i<o.length;i++)o[i].style.display="none";for(i=0;i<a.length;i++)s=a[i],e.source===s.contentWindow&&(s.removeAttribute("style"),"height"===t.message?(1e3<(r=parseInt(t.value,10))?r=1e3:~~r<200&&(r=200),s.height=r):"link"===t.message&&(r=new URL(s.getAttribute("src")),n=new URL(t.value),c.test(n.protocol))&&n.host===r.host&&l.activeElement===s&&(d.top.location.href=t.value))}},d.addEventListener("message",d.wp.receiveEmbedMessage,!1),l.addEventListener("DOMContentLoaded",function(){for(var e,t,s=l.querySelectorAll("iframe.wp-embedded-content"),r=0;r<s.length;r++)(t=(e=s[r]).getAttribute("data-secret"))||(t=Math.random().toString(36).substring(2,12),e.src+="#?secret="+t,e.setAttribute("data-secret",t)),e.contentWindow.postMessage({message:"ready",secret:t},"*")},!1)))}(window,document);
//# sourceURL=https://www.ibbycat.cat/wp-includes/js/wp-embed.min.js
</script>

Amb taques de rojos, taronges i grocs, sobretot, però també amb alguna franja de blau grisenc que pot ser cel o mar, segons els casos, i figures en un traç negre gruixut, Mercè Galí ha il·lustrat els versos juganers de Salvador Comelles, que ara saluden el dia com fa un parell d’anys l’acomiadaven a Bona nit. Poemes per a l’hora d’anar a dormir. El dibuix d’un xiquet i un animaló mirant cap amunt, cap a una estampa de cel rogenc, és la interpretació plàstica del poema «Bon dia, Sol!» –un dels més redons–, en què l’escriptor juga amb metàfores infantils de l’astre: un fruit roig, un ou ferrat, un dineret o un botó&#8230; L’artista ha triat precisament aquest últim element per a representar el cos celeste, establint així un vincle harmònic amb el text: el to naïf d’imatges plàstiques i literàries. El volum s’estructura en dotze seqüències a doble pàgina que avancen des de la idea que «A la nit soc jo sol, / quan tot queda a les fosques»; travessen els somnis –o els malsons– de l’astronauta, el mag, el pirata i el músic, i reben el dia amb les bestioles que ja es mouen: «Obro els ulls. / És de dia. / Prop del riu / hi ha un blauet / que refila». Després, els poemes parlen dels gestos matiners d’aquests quatre personatges: en obrir els ulls, el mag té la capacitat de canviar allò que no li agrada i, en la sèrie «Quin temps fa», el músic juga amb els sentits de «si fa sol». Altres motius són la roba, l’esmorzar i «Què hi porto, a la motxilla?»: potser el llibre hauria d’haver acabat en alt amb aquesta tirallonga emocionant d’objectes i coses immaterials –«un acudit per explicar» o «una pila de somriures»– i no amb els últims textos de «Cap a l’escola», que, menys sòlids, no causen l’efecte de tancament i deixen una sensació de final abrupte. COMELLES, Salvador Mercè Galí Publicacions de l'Abadia de Montserrat
