{"version":"1.0","provider_name":"Ibbycat","provider_url":"https:\/\/www.ibbycat.cat\/es\/","author_name":"Webico","author_url":"https:\/\/www.ibbycat.cat\/es\/author\/webico\/","title":"Bon\u00edssim! Poemes per llepar-se'n els dits - Ibbycat","type":"rich","width":600,"height":338,"html":"<blockquote class=\"wp-embedded-content\" data-secret=\"cvpKjBaZ8f\"><a href=\"https:\/\/www.ibbycat.cat\/es\/llibre\/bonissim-poemes-per-llepar-sen-els-dits\/\">Bon\u00edssim! Poemes per llepar-se&#8217;n els dits<\/a><\/blockquote><iframe sandbox=\"allow-scripts\" security=\"restricted\" src=\"https:\/\/www.ibbycat.cat\/es\/llibre\/bonissim-poemes-per-llepar-sen-els-dits\/embed\/#?secret=cvpKjBaZ8f\" width=\"600\" height=\"338\" title=\"\u00abBon\u00edssim! Poemes per llepar-se&#8217;n els dits\u00bb \u2014 Ibbycat\" data-secret=\"cvpKjBaZ8f\" frameborder=\"0\" marginwidth=\"0\" marginheight=\"0\" scrolling=\"no\" class=\"wp-embedded-content\"><\/iframe><script>\n\/*! This file is auto-generated *\/\n!function(d,l){\"use strict\";l.querySelector&&d.addEventListener&&\"undefined\"!=typeof URL&&(d.wp=d.wp||{},d.wp.receiveEmbedMessage||(d.wp.receiveEmbedMessage=function(e){var t=e.data;if((t||t.secret||t.message||t.value)&&!\/[^a-zA-Z0-9]\/.test(t.secret)){for(var s,r,n,a=l.querySelectorAll('iframe[data-secret=\"'+t.secret+'\"]'),o=l.querySelectorAll('blockquote[data-secret=\"'+t.secret+'\"]'),c=new RegExp(\"^https?:$\",\"i\"),i=0;i<o.length;i++)o[i].style.display=\"none\";for(i=0;i<a.length;i++)s=a[i],e.source===s.contentWindow&&(s.removeAttribute(\"style\"),\"height\"===t.message?(1e3<(r=parseInt(t.value,10))?r=1e3:~~r<200&&(r=200),s.height=r):\"link\"===t.message&&(r=new URL(s.getAttribute(\"src\")),n=new URL(t.value),c.test(n.protocol))&&n.host===r.host&&l.activeElement===s&&(d.top.location.href=t.value))}},d.addEventListener(\"message\",d.wp.receiveEmbedMessage,!1),l.addEventListener(\"DOMContentLoaded\",function(){for(var e,t,s=l.querySelectorAll(\"iframe.wp-embedded-content\"),r=0;r<s.length;r++)(t=(e=s[r]).getAttribute(\"data-secret\"))||(t=Math.random().toString(36).substring(2,12),e.src+=\"#?secret=\"+t,e.setAttribute(\"data-secret\",t)),e.contentWindow.postMessage({message:\"ready\",secret:t},\"*\")},!1)))}(window,document);\n\/\/# sourceURL=https:\/\/www.ibbycat.cat\/wp-includes\/js\/wp-embed.min.js\n<\/script>\n","thumbnail_url":"https:\/\/www.ibbycat.cat\/wp-content\/uploads\/978-84-9191-044-2.jpg","thumbnail_width":800,"thumbnail_height":633,"description":"Salvador Comelles i Merc\u00e8 Gal\u00ed publiquen un nou poemari il\u00b7lustrat en la mateixa l\u00ednia que els anteriors treballs Bon dia! i Bona nit!. Aquesta vegada els dotze poemes que formen part del recull giren al voltant de la cuina, tocant temes com el fet de parar taula, el ratol\u00ed del rebost o fins i tot el restaurant vegetari\u00e0. A cada doble p\u00e0gina trobem un poema de Salvador Comelles, que amb el seu estil juganer, fresc i din\u00e0mic, s\u2019ha consolidat com un dels autors importants en la renovaci\u00f3 de la poesia per a infants en catal\u00e0. L\u2019autor combina poemes d\u2019estructura cl\u00e0ssica amb formes m\u00e9s lliures, per encabir dins uns versos, per exemple, la recepta del past\u00eds de tonyina. En una ocasi\u00f3 juga amb endevinalles, que amaguen la resposta entre les imatges. I en una altra, estira amb molt d\u2019enginy la dita \u00abQui menja sopes se les pensa totes&#8230;\u00bb. Fins i tot, en la p\u00e0gina dels cuiners i les cuineres, podr\u00edem veure-hi un petit homenatge als poemes absurds d\u2019Edward Lear: \u00abLa cuinera de Calella&#8230;\u00bb I tot aix\u00f2 il\u00b7lustrat per Merc\u00e8 Gal\u00ed, que s\u2019ha convertit en la preferida dels autors i els editors de casa per il\u00b7lustrar poesia, segurament per la seva gran capacitat de sintetitzar els versos en petites escenes, aparentment simples, per\u00f2 d\u2019una narrativitat plena d\u2019enginy i d\u2019humor. Els seus ninots, dibuixats en negre amb un tra\u00e7 r\u00e0pid i expressiu, amb retocs digitals, s\u00f3n el complement just per arrodonir cada una de les p\u00e0gines, alhora que creen un ritme i un discurs en la globalitat de l\u2019obra. En aquest punt, no podem oblidar la feina de disseny i maquetaci\u00f3 de Jordi Avi\u00e0, que contribueix un cop m\u00e9s a donar la imatge clara i elegant d\u2019aquesta col\u00b7lecci\u00f3. COMELLES, Salvador Merc\u00e8 Gal\u00ed Publicacions de l'Abadia de Montserrat"}

Boníssim! Poemes per llepar-se'n els dits - Ibbycat

<blockquote class="wp-embedded-content" data-secret="cvpKjBaZ8f"><a href="https://www.ibbycat.cat/es/llibre/bonissim-poemes-per-llepar-sen-els-dits/">Boníssim! Poemes per llepar-se&#8217;n els dits</a></blockquote><iframe sandbox="allow-scripts" security="restricted" src="https://www.ibbycat.cat/es/llibre/bonissim-poemes-per-llepar-sen-els-dits/embed/#?secret=cvpKjBaZ8f" width="600" height="338" title="«Boníssim! Poemes per llepar-se&#8217;n els dits» — Ibbycat" data-secret="cvpKjBaZ8f" frameborder="0" marginwidth="0" marginheight="0" scrolling="no" class="wp-embedded-content"></iframe><script>
/*! This file is auto-generated */
!function(d,l){"use strict";l.querySelector&&d.addEventListener&&"undefined"!=typeof URL&&(d.wp=d.wp||{},d.wp.receiveEmbedMessage||(d.wp.receiveEmbedMessage=function(e){var t=e.data;if((t||t.secret||t.message||t.value)&&!/[^a-zA-Z0-9]/.test(t.secret)){for(var s,r,n,a=l.querySelectorAll('iframe[data-secret="'+t.secret+'"]'),o=l.querySelectorAll('blockquote[data-secret="'+t.secret+'"]'),c=new RegExp("^https?:$","i"),i=0;i<o.length;i++)o[i].style.display="none";for(i=0;i<a.length;i++)s=a[i],e.source===s.contentWindow&&(s.removeAttribute("style"),"height"===t.message?(1e3<(r=parseInt(t.value,10))?r=1e3:~~r<200&&(r=200),s.height=r):"link"===t.message&&(r=new URL(s.getAttribute("src")),n=new URL(t.value),c.test(n.protocol))&&n.host===r.host&&l.activeElement===s&&(d.top.location.href=t.value))}},d.addEventListener("message",d.wp.receiveEmbedMessage,!1),l.addEventListener("DOMContentLoaded",function(){for(var e,t,s=l.querySelectorAll("iframe.wp-embedded-content"),r=0;r<s.length;r++)(t=(e=s[r]).getAttribute("data-secret"))||(t=Math.random().toString(36).substring(2,12),e.src+="#?secret="+t,e.setAttribute("data-secret",t)),e.contentWindow.postMessage({message:"ready",secret:t},"*")},!1)))}(window,document);
//# sourceURL=https://www.ibbycat.cat/wp-includes/js/wp-embed.min.js
</script>

Salvador Comelles i Mercè Galí publiquen un nou poemari il·lustrat en la mateixa línia que els anteriors treballs Bon dia! i Bona nit!. Aquesta vegada els dotze poemes que formen part del recull giren al voltant de la cuina, tocant temes com el fet de parar taula, el ratolí del rebost o fins i tot el restaurant vegetarià. A cada doble pàgina trobem un poema de Salvador Comelles, que amb el seu estil juganer, fresc i dinàmic, s’ha consolidat com un dels autors importants en la renovació de la poesia per a infants en català. L’autor combina poemes d’estructura clàssica amb formes més lliures, per encabir dins uns versos, per exemple, la recepta del pastís de tonyina. En una ocasió juga amb endevinalles, que amaguen la resposta entre les imatges. I en una altra, estira amb molt d’enginy la dita «Qui menja sopes se les pensa totes&#8230;». Fins i tot, en la pàgina dels cuiners i les cuineres, podríem veure-hi un petit homenatge als poemes absurds d’Edward Lear: «La cuinera de Calella&#8230;» I tot això il·lustrat per Mercè Galí, que s’ha convertit en la preferida dels autors i els editors de casa per il·lustrar poesia, segurament per la seva gran capacitat de sintetitzar els versos en petites escenes, aparentment simples, però d’una narrativitat plena d’enginy i d’humor. Els seus ninots, dibuixats en negre amb un traç ràpid i expressiu, amb retocs digitals, són el complement just per arrodonir cada una de les pàgines, alhora que creen un ritme i un discurs en la globalitat de l’obra. En aquest punt, no podem oblidar la feina de disseny i maquetació de Jordi Avià, que contribueix un cop més a donar la imatge clara i elegant d’aquesta col·lecció. COMELLES, Salvador Mercè Galí Publicacions de l'Abadia de Montserrat
