{"version":"1.0","provider_name":"Ibbycat","provider_url":"https:\/\/www.ibbycat.cat\/es\/","author_name":"Webico","author_url":"https:\/\/www.ibbycat.cat\/es\/author\/webico\/","title":"Comencilda, Secundina i Acabilda. - Ibbycat","type":"rich","width":600,"height":338,"html":"<blockquote class=\"wp-embedded-content\" data-secret=\"E2U0eUK9aT\"><a href=\"https:\/\/www.ibbycat.cat\/es\/llibre\/comencilda-secundina-i-acabilda\/\">Comencilda, Secundina i Acabilda.<\/a><\/blockquote><iframe sandbox=\"allow-scripts\" security=\"restricted\" src=\"https:\/\/www.ibbycat.cat\/es\/llibre\/comencilda-secundina-i-acabilda\/embed\/#?secret=E2U0eUK9aT\" width=\"600\" height=\"338\" title=\"\u00abComencilda, Secundina i Acabilda.\u00bb \u2014 Ibbycat\" data-secret=\"E2U0eUK9aT\" frameborder=\"0\" marginwidth=\"0\" marginheight=\"0\" scrolling=\"no\" class=\"wp-embedded-content\"><\/iframe><script>\n\/*! This file is auto-generated *\/\n!function(d,l){\"use strict\";l.querySelector&&d.addEventListener&&\"undefined\"!=typeof URL&&(d.wp=d.wp||{},d.wp.receiveEmbedMessage||(d.wp.receiveEmbedMessage=function(e){var t=e.data;if((t||t.secret||t.message||t.value)&&!\/[^a-zA-Z0-9]\/.test(t.secret)){for(var s,r,n,a=l.querySelectorAll('iframe[data-secret=\"'+t.secret+'\"]'),o=l.querySelectorAll('blockquote[data-secret=\"'+t.secret+'\"]'),c=new RegExp(\"^https?:$\",\"i\"),i=0;i<o.length;i++)o[i].style.display=\"none\";for(i=0;i<a.length;i++)s=a[i],e.source===s.contentWindow&&(s.removeAttribute(\"style\"),\"height\"===t.message?(1e3<(r=parseInt(t.value,10))?r=1e3:~~r<200&&(r=200),s.height=r):\"link\"===t.message&&(r=new URL(s.getAttribute(\"src\")),n=new URL(t.value),c.test(n.protocol))&&n.host===r.host&&l.activeElement===s&&(d.top.location.href=t.value))}},d.addEventListener(\"message\",d.wp.receiveEmbedMessage,!1),l.addEventListener(\"DOMContentLoaded\",function(){for(var e,t,s=l.querySelectorAll(\"iframe.wp-embedded-content\"),r=0;r<s.length;r++)(t=(e=s[r]).getAttribute(\"data-secret\"))||(t=Math.random().toString(36).substring(2,12),e.src+=\"#?secret=\"+t,e.setAttribute(\"data-secret\",t)),e.contentWindow.postMessage({message:\"ready\",secret:t},\"*\")},!1)))}(window,document);\n\/\/# sourceURL=https:\/\/www.ibbycat.cat\/wp-includes\/js\/wp-embed.min.js\n<\/script>\n","thumbnail_url":"https:\/\/www.ibbycat.cat\/wp-content\/uploads\/978-84-96187-64-1.jpg","thumbnail_width":140,"thumbnail_height":140,"description":"Lloable iniciativa editorial, editar les rondalles valencianes d\u2019Enric Valor acompanyades d\u2019un CD \u00e0udio per tal de poder escoltar alhora com les recita Toni Mestre, propiciant aix\u00ed el retorn a l\u2019oralitat del patrimoni rondall\u00edstic. Per a qui no ho s\u00e0piga, Enric Valor fou un dels millors fil\u00f2legs de les nostres terres que, acabada la guerra, com que no li deixaven publicar ni novel\u00b7les ni estudis en la nostra llengua, emprengu\u00e9 la tasca d\u2019aplegar rondalles i recopilar-les redactant-les de tal manera que es fes evident la riquesa i expressivitat de la parla valenciana. Que nosaltres sapiguem, foren publicades als anys cinquanta, en una edici\u00f3 gaireb\u00e9 clandestina; als vuitanta, a Gregal; als noranta en una edici\u00f3 especialment adre\u00e7ada als infants publicada per T\u00e0ndem, i ara, en una edici\u00f3 on cada rondalla apareix solta, i il\u00b7lustrada a tot color, amb molta millor fortuna quan l\u2019il\u00b7lustrador \u00e9s Dani Cruz que no pas en el cas d\u2019Anna Segu\u00ed, que deixa l\u2019obra molt per sota de la qualitat exigible tractant-se d\u2019un autor tan prestigi\u00f3s i d\u2019una edici\u00f3 tan acurada. Advertim que, malgrat tota la seva v\u00e0lua liter\u00e0ria, per a un lector no massa competent el text pot resultar-li feixuc i conf\u00fas, tant m\u00e9s quan els fons de les il\u00b7lustracions, en tres dels quatre volums, es mengen la tipografia. Per aix\u00f2 el CD pot ser una gran ajuda. VALOR, Enric Anna Segu\u00ed Ed. del Bullent"}

Lloable iniciativa editorial, editar les rondalles valencianes d’Enric Valor acompanyades d’un CD àudio per tal de poder escoltar alhora com les recita Toni Mestre, propiciant així el retorn a l’oralitat del patrimoni rondallístic. Per a qui no ho sàpiga, Enric Valor fou un dels millors filòlegs de les nostres terres que, acabada la guerra, com que no li deixaven publicar ni novel·les ni estudis en la nostra llengua, emprengué la tasca d’aplegar rondalles i recopilar-les redactant-les de tal manera que es fes evident la riquesa i expressivitat de la parla valenciana. Que nosaltres sapiguem, foren publicades als anys cinquanta, en una edició gairebé clandestina; als vuitanta, a Gregal; als noranta en una edició especialment adreçada als infants publicada per Tàndem, i ara, en una edició on cada rondalla apareix solta, i il·lustrada a tot color, amb molta millor fortuna quan l’il·lustrador és Dani Cruz que no pas en el cas d’Anna Seguí, que deixa l’obra molt per sota de la qualitat exigible tractant-se d’un autor tan prestigiós i d’una edició tan acurada. Advertim que, malgrat tota la seva vàlua literària, per a un lector no massa competent el text pot resultar-li feixuc i confús, tant més quan els fons de les il·lustracions, en tres dels quatre volums, es mengen la tipografia. Per això el CD pot ser una gran ajuda. VALOR, Enric Anna Seguí Ed. del Bullent
