{"version":"1.0","provider_name":"Ibbycat","provider_url":"https:\/\/www.ibbycat.cat\/es\/","author_name":"ibbycat","author_url":"https:\/\/www.ibbycat.cat\/es\/author\/ibbycat\/","title":"De tot el que estimo - Ibbycat","type":"rich","width":600,"height":338,"html":"<blockquote class=\"wp-embedded-content\" data-secret=\"c1JXzrd1SS\"><a href=\"https:\/\/www.ibbycat.cat\/es\/llibre\/de-tot-el-que-estimo\/\">De tot el que estimo<\/a><\/blockquote><iframe sandbox=\"allow-scripts\" security=\"restricted\" src=\"https:\/\/www.ibbycat.cat\/es\/llibre\/de-tot-el-que-estimo\/embed\/#?secret=c1JXzrd1SS\" width=\"600\" height=\"338\" title=\"\u00abDe tot el que estimo\u00bb \u2014 Ibbycat\" data-secret=\"c1JXzrd1SS\" frameborder=\"0\" marginwidth=\"0\" marginheight=\"0\" scrolling=\"no\" class=\"wp-embedded-content\"><\/iframe><script>\n\/*! This file is auto-generated *\/\n!function(d,l){\"use strict\";l.querySelector&&d.addEventListener&&\"undefined\"!=typeof URL&&(d.wp=d.wp||{},d.wp.receiveEmbedMessage||(d.wp.receiveEmbedMessage=function(e){var t=e.data;if((t||t.secret||t.message||t.value)&&!\/[^a-zA-Z0-9]\/.test(t.secret)){for(var s,r,n,a=l.querySelectorAll('iframe[data-secret=\"'+t.secret+'\"]'),o=l.querySelectorAll('blockquote[data-secret=\"'+t.secret+'\"]'),c=new RegExp(\"^https?:$\",\"i\"),i=0;i<o.length;i++)o[i].style.display=\"none\";for(i=0;i<a.length;i++)s=a[i],e.source===s.contentWindow&&(s.removeAttribute(\"style\"),\"height\"===t.message?(1e3<(r=parseInt(t.value,10))?r=1e3:~~r<200&&(r=200),s.height=r):\"link\"===t.message&&(r=new URL(s.getAttribute(\"src\")),n=new URL(t.value),c.test(n.protocol))&&n.host===r.host&&l.activeElement===s&&(d.top.location.href=t.value))}},d.addEventListener(\"message\",d.wp.receiveEmbedMessage,!1),l.addEventListener(\"DOMContentLoaded\",function(){for(var e,t,s=l.querySelectorAll(\"iframe.wp-embedded-content\"),r=0;r<s.length;r++)(t=(e=s[r]).getAttribute(\"data-secret\"))||(t=Math.random().toString(36).substring(2,12),e.src+=\"#?secret=\"+t,e.setAttribute(\"data-secret\",t)),e.contentWindow.postMessage({message:\"ready\",secret:t},\"*\")},!1)))}(window,document);\n\/\/# sourceURL=https:\/\/www.ibbycat.cat\/wp-includes\/js\/wp-embed.min.js\n<\/script>\n","thumbnail_url":"https:\/\/www.ibbycat.cat\/wp-content\/uploads\/De-tot-el-que-estimo-PORTADA-700x1030-1.jpg","thumbnail_width":700,"thumbnail_height":1030,"description":"Piscina, Un Petit Oce\u00e0 presenta al lector un ocurrent i atractiu exercici de creaci\u00f3 que consisteix a relacionar 22 dibuixos sobre fons blanc i en tons clars, a c\u00e0rrec d\u2019Alejandra Z\u00fa\u00f1iga C\u00e1rdenas, amb 22 parts d\u2019un text, el qual es presenta plastificat en una tira ampla a la guarda d\u2019inici d\u2019aquesta obra. El text forma part de les p\u00e0gines de l\u2019exili que escrigu\u00e9 Pere Calders i mostra el dolor que l\u2019autor sent\u00ed, el 1939, mentre abandonava la seva terra cam\u00ed de l\u2019exili. La idea original \u00e9s obra de Joan Rion\u00e9, amb el disseny i maquetaci\u00f3 de Mar Borrajo. Un exili no \u00e9s una excursi\u00f3. Ni tan sols una passejada amb els amics mentre hom creua valls o muntanyes. Un exili \u00e9s deixar enrere all\u00f2 que \u00e9s estimat, m\u00e9s enll\u00e0 de les pr\u00f2pies pertinences personals. Aquesta \u00e9s la clau de lectura que planteja De tot el que estimo: que el lector conegui de primera m\u00e0 el dolor de Calders a trav\u00e9s d\u2019unes imatges que remeten a un text i viceversa. Un repte, sens dubte, que provocar\u00e0 l&#8217;inter\u00e8s del lector actual encuriosit per un fet hist\u00f2ric que no el deixa de cap manera indiferent. Calders, Pere Z\u00fa\u00f1iga C\u00e1rdenas, Alejandra Piscina, un Petit Oce\u00e0"}

Piscina, Un Petit Oceà presenta al lector un ocurrent i atractiu exercici de creació que consisteix a relacionar 22 dibuixos sobre fons blanc i en tons clars, a càrrec d’Alejandra Zúñiga Cárdenas, amb 22 parts d’un text, el qual es presenta plastificat en una tira ampla a la guarda d’inici d’aquesta obra. El text forma part de les pàgines de l’exili que escrigué Pere Calders i mostra el dolor que l’autor sentí, el 1939, mentre abandonava la seva terra camí de l’exili. La idea original és obra de Joan Rioné, amb el disseny i maquetació de Mar Borrajo. Un exili no és una excursió. Ni tan sols una passejada amb els amics mentre hom creua valls o muntanyes. Un exili és deixar enrere allò que és estimat, més enllà de les pròpies pertinences personals. Aquesta és la clau de lectura que planteja De tot el que estimo: que el lector conegui de primera mà el dolor de Calders a través d’unes imatges que remeten a un text i viceversa. Un repte, sens dubte, que provocarà l&#8217;interès del lector actual encuriosit per un fet històric que no el deixa de cap manera indiferent. Calders, Pere Zúñiga Cárdenas, Alejandra Piscina, un Petit Oceà
