{"version":"1.0","provider_name":"Ibbycat","provider_url":"https:\/\/www.ibbycat.cat\/es\/","author_name":"Webico","author_url":"https:\/\/www.ibbycat.cat\/es\/author\/webico\/","title":"El llibre de l'hivern. - Ibbycat","type":"rich","width":600,"height":338,"html":"<blockquote class=\"wp-embedded-content\" data-secret=\"LQXXpKmPE2\"><a href=\"https:\/\/www.ibbycat.cat\/es\/llibre\/el-llibre-de-lhivern\/\">El llibre de l&#8217;hivern.<\/a><\/blockquote><iframe sandbox=\"allow-scripts\" security=\"restricted\" src=\"https:\/\/www.ibbycat.cat\/es\/llibre\/el-llibre-de-lhivern\/embed\/#?secret=LQXXpKmPE2\" width=\"600\" height=\"338\" title=\"\u00abEl llibre de l&#8217;hivern.\u00bb \u2014 Ibbycat\" data-secret=\"LQXXpKmPE2\" frameborder=\"0\" marginwidth=\"0\" marginheight=\"0\" scrolling=\"no\" class=\"wp-embedded-content\"><\/iframe><script>\n\/*! This file is auto-generated *\/\n!function(d,l){\"use strict\";l.querySelector&&d.addEventListener&&\"undefined\"!=typeof URL&&(d.wp=d.wp||{},d.wp.receiveEmbedMessage||(d.wp.receiveEmbedMessage=function(e){var t=e.data;if((t||t.secret||t.message||t.value)&&!\/[^a-zA-Z0-9]\/.test(t.secret)){for(var s,r,n,a=l.querySelectorAll('iframe[data-secret=\"'+t.secret+'\"]'),o=l.querySelectorAll('blockquote[data-secret=\"'+t.secret+'\"]'),c=new RegExp(\"^https?:$\",\"i\"),i=0;i<o.length;i++)o[i].style.display=\"none\";for(i=0;i<a.length;i++)s=a[i],e.source===s.contentWindow&&(s.removeAttribute(\"style\"),\"height\"===t.message?(1e3<(r=parseInt(t.value,10))?r=1e3:~~r<200&&(r=200),s.height=r):\"link\"===t.message&&(r=new URL(s.getAttribute(\"src\")),n=new URL(t.value),c.test(n.protocol))&&n.host===r.host&&l.activeElement===s&&(d.top.location.href=t.value))}},d.addEventListener(\"message\",d.wp.receiveEmbedMessage,!1),l.addEventListener(\"DOMContentLoaded\",function(){for(var e,t,s=l.querySelectorAll(\"iframe.wp-embedded-content\"),r=0;r<s.length;r++)(t=(e=s[r]).getAttribute(\"data-secret\"))||(t=Math.random().toString(36).substring(2,12),e.src+=\"#?secret=\"+t,e.setAttribute(\"data-secret\",t)),e.contentWindow.postMessage({message:\"ready\",secret:t},\"*\")},!1)))}(window,document);\n\/\/# sourceURL=https:\/\/www.ibbycat.cat\/wp-includes\/js\/wp-embed.min.js\n<\/script>\n","thumbnail_url":"https:\/\/www.ibbycat.cat\/wp-content\/uploads\/84-8435-537-3.jpg","thumbnail_width":140,"thumbnail_height":140,"description":"Malgrat la fatiga que ja causen aquests llibres misteriosos que resten amagats als ulls de la majoria dels mortals perqu\u00e8 contenen secrets que canviarien o haurien pogut canviar el rumb de la humanitat, El llibre de l\u2019hivern \u00e9s un llibre que es fa llegir. En Joel, un noi de Bellvitge de 16 anys, no pensa en altra cosa que fugir de casa seva per voltar m\u00f3n. Necessita veure qu\u00e8 hi ha m\u00e9s enll\u00e0 de les edificacions del seu barri i sobretot necessita provar-se, saber on va i per qu\u00e8 hi va. \u00c9s, doncs, una novel\u00b7la per a joves amb viatge inici\u00e0tic. L\u2019estructura del llibre el fa m\u00e9s llegidor: cap\u00edtols molt curts amb t\u00edtols molt suggeridors, sintaxi lleugera i tres parts molt diferenciades. Fa la impressi\u00f3, per\u00f2, que els protagonistes s\u00f3n uns adolescents com ens agradaria que fossin, no com s\u00f3n en realitat. En Joel pot passar tot un mat\u00ed escoltant La Passi\u00f3 segons sant Mateu de Bach o les Gymnop\u00e9dies de Satie; s\u2019interessa pel concepte de sincronicitat i consulta Jung\u2026 Amb tot, si el que l\u2019autor pret\u00e9n \u00e9s dir que una altra realitat \u00e9s possible, benvinguda la fantasia. MIRALLES, Francesc.  Grup Promotor"}

Malgrat la fatiga que ja causen aquests llibres misteriosos que resten amagats als ulls de la majoria dels mortals perquè contenen secrets que canviarien o haurien pogut canviar el rumb de la humanitat, El llibre de l’hivern és un llibre que es fa llegir. En Joel, un noi de Bellvitge de 16 anys, no pensa en altra cosa que fugir de casa seva per voltar món. Necessita veure què hi ha més enllà de les edificacions del seu barri i sobretot necessita provar-se, saber on va i per què hi va. És, doncs, una novel·la per a joves amb viatge iniciàtic. L’estructura del llibre el fa més llegidor: capítols molt curts amb títols molt suggeridors, sintaxi lleugera i tres parts molt diferenciades. Fa la impressió, però, que els protagonistes són uns adolescents com ens agradaria que fossin, no com són en realitat. En Joel pot passar tot un matí escoltant La Passió segons sant Mateu de Bach o les Gymnopédies de Satie; s’interessa pel concepte de sincronicitat i consulta Jung… Amb tot, si el que l’autor pretén és dir que una altra realitat és possible, benvinguda la fantasia. MIRALLES, Francesc.  Grup Promotor
