{"version":"1.0","provider_name":"Ibbycat","provider_url":"https:\/\/www.ibbycat.cat\/es\/","author_name":"ibbycat","author_url":"https:\/\/www.ibbycat.cat\/es\/author\/ibbycat\/","title":"El llibre de Nadal - Ibbycat","type":"rich","width":600,"height":338,"html":"<blockquote class=\"wp-embedded-content\" data-secret=\"hkacgdcoRO\"><a href=\"https:\/\/www.ibbycat.cat\/es\/llibre\/el-llibre-de-nadal\/\">El llibre de Nadal<\/a><\/blockquote><iframe sandbox=\"allow-scripts\" security=\"restricted\" src=\"https:\/\/www.ibbycat.cat\/es\/llibre\/el-llibre-de-nadal\/embed\/#?secret=hkacgdcoRO\" width=\"600\" height=\"338\" title=\"\u00abEl llibre de Nadal\u00bb \u2014 Ibbycat\" data-secret=\"hkacgdcoRO\" frameborder=\"0\" marginwidth=\"0\" marginheight=\"0\" scrolling=\"no\" class=\"wp-embedded-content\"><\/iframe><script>\n\/*! This file is auto-generated *\/\n!function(d,l){\"use strict\";l.querySelector&&d.addEventListener&&\"undefined\"!=typeof URL&&(d.wp=d.wp||{},d.wp.receiveEmbedMessage||(d.wp.receiveEmbedMessage=function(e){var t=e.data;if((t||t.secret||t.message||t.value)&&!\/[^a-zA-Z0-9]\/.test(t.secret)){for(var s,r,n,a=l.querySelectorAll('iframe[data-secret=\"'+t.secret+'\"]'),o=l.querySelectorAll('blockquote[data-secret=\"'+t.secret+'\"]'),c=new RegExp(\"^https?:$\",\"i\"),i=0;i<o.length;i++)o[i].style.display=\"none\";for(i=0;i<a.length;i++)s=a[i],e.source===s.contentWindow&&(s.removeAttribute(\"style\"),\"height\"===t.message?(1e3<(r=parseInt(t.value,10))?r=1e3:~~r<200&&(r=200),s.height=r):\"link\"===t.message&&(r=new URL(s.getAttribute(\"src\")),n=new URL(t.value),c.test(n.protocol))&&n.host===r.host&&l.activeElement===s&&(d.top.location.href=t.value))}},d.addEventListener(\"message\",d.wp.receiveEmbedMessage,!1),l.addEventListener(\"DOMContentLoaded\",function(){for(var e,t,s=l.querySelectorAll(\"iframe.wp-embedded-content\"),r=0;r<s.length;r++)(t=(e=s[r]).getAttribute(\"data-secret\"))||(t=Math.random().toString(36).substring(2,12),e.src+=\"#?secret=\"+t,e.setAttribute(\"data-secret\",t)),e.contentWindow.postMessage({message:\"ready\",secret:t},\"*\")},!1)))}(window,document);\n\/\/# sourceURL=https:\/\/www.ibbycat.cat\/wp-includes\/js\/wp-embed.min.js\n<\/script>\n","thumbnail_url":"https:\/\/www.ibbycat.cat\/wp-content\/uploads\/ElLlibredeNadal.jpg","thumbnail_width":340,"thumbnail_height":340,"description":"El llibre de Nadal, de Salvador Comelles i il\u00b7lustracions de Merc\u00e9 Gal\u00ed, no \u00e9s un llibre de Nadal qualsevol. Aqu\u00ed s\u2019hi apleguen hist\u00f2ries sobre l\u2019origen cristi\u00e0 de la festa de Nadal; el conte d\u2019El pessebre en qu\u00e8 un noi no vol fer de caganer en aquesta estampa nadalenca i acaba cantant un poema de Nadal de J. V. Foix; dues can\u00e7ons nadalenques com s\u00f3n El rabad\u00e0 i El noi de la Mare, les quals es poden escoltar escanejant un codi QR; receptes de dol\u00e7os de Nadal t\u00edpiques de Catalunya per\u00f2 tamb\u00e9 d\u2019altres llocs com el panettone itali\u00e0 i l\u2019stollen alemany, entre d\u2019altres; poemes que adopten la forma d\u2019endevinalla i an\u00e8cdotes que versen sobre personatges nadalencs com l\u2019Olentzero del Pa\u00eds Basc i La Befana d\u2019It\u00e0lia, i algunes hist\u00f2ries de Nadal ambientades a Argentina, els Estats Units i It\u00e0lia, aix\u00ed com a Mallorca. El llibre finalitza amb unes quantes recomanacions: una de liter\u00e0ria com \u00e9s la lectura del conegut Conte de Nadal de Dickens, d\u2019altres com el visionat d\u2019Els Pastorets de Floch i Torres, la inexcusable visita a fires i mercats de Nadal, els pessebres vivents i una pel\u00b7l\u00edcula nord-americana: Arthur Christmas i la recuperaci\u00f3 d\u2019un regal perdut. Tot en un perfecte ordre i concert, que t\u00e9 com a fil conductor la festa del Nadal i el que se celebra a Catalunya i a d\u2019altres llocs del m\u00f3n. Les il\u00b7lustracions, a c\u00e0rrec de Merc\u00e8 Gal\u00ed, son delicioses i d\u2019una senzillesa i inventiva extraordin\u00e0ries. Al nostre parer, destaquen, sobretot, les figures humanes, que sabem mirar amb ulls de nens i de sorpresa tant al nen Jes\u00fas nascut a una menjadora com l\u2019estrella que brilla al cel blau i estiuenc del Nadal argent\u00ed. Una obra, en definitiva, meravellosa. Recomanem la seva lectura per gaudir individualment i\/o en grup del missatge nadalenc, tot fugint del t\u00f2pics ensucrats que sovint rodegen aquests dies de festa. Comelles, Salvador Gal\u00ed, Merc\u00e8 Cru\u00eflla"}

El llibre de Nadal, de Salvador Comelles i il·lustracions de Mercé Galí, no és un llibre de Nadal qualsevol. Aquí s’hi apleguen històries sobre l’origen cristià de la festa de Nadal; el conte d’El pessebre en què un noi no vol fer de caganer en aquesta estampa nadalenca i acaba cantant un poema de Nadal de J. V. Foix; dues cançons nadalenques com són El rabadà i El noi de la Mare, les quals es poden escoltar escanejant un codi QR; receptes de dolços de Nadal típiques de Catalunya però també d’altres llocs com el panettone italià i l’stollen alemany, entre d’altres; poemes que adopten la forma d’endevinalla i anècdotes que versen sobre personatges nadalencs com l’Olentzero del País Basc i La Befana d’Itàlia, i algunes històries de Nadal ambientades a Argentina, els Estats Units i Itàlia, així com a Mallorca. El llibre finalitza amb unes quantes recomanacions: una de literària com és la lectura del conegut Conte de Nadal de Dickens, d’altres com el visionat d’Els Pastorets de Floch i Torres, la inexcusable visita a fires i mercats de Nadal, els pessebres vivents i una pel·lícula nord-americana: Arthur Christmas i la recuperació d’un regal perdut. Tot en un perfecte ordre i concert, que té com a fil conductor la festa del Nadal i el que se celebra a Catalunya i a d’altres llocs del món. Les il·lustracions, a càrrec de Mercè Galí, son delicioses i d’una senzillesa i inventiva extraordinàries. Al nostre parer, destaquen, sobretot, les figures humanes, que sabem mirar amb ulls de nens i de sorpresa tant al nen Jesús nascut a una menjadora com l’estrella que brilla al cel blau i estiuenc del Nadal argentí. Una obra, en definitiva, meravellosa. Recomanem la seva lectura per gaudir individualment i/o en grup del missatge nadalenc, tot fugint del tòpics ensucrats que sovint rodegen aquests dies de festa. Comelles, Salvador Galí, Mercè Cruïlla
