{"version":"1.0","provider_name":"Ibbycat","provider_url":"https:\/\/www.ibbycat.cat\/es\/","author_name":"ibbycat","author_url":"https:\/\/www.ibbycat.cat\/es\/author\/ibbycat\/","title":"El palau de la Silke - Ibbycat","type":"rich","width":600,"height":338,"html":"<blockquote class=\"wp-embedded-content\" data-secret=\"eftMfywZJi\"><a href=\"https:\/\/www.ibbycat.cat\/es\/llibre\/el-palau-de-la-silke\/\">El palau de la Silke<\/a><\/blockquote><iframe sandbox=\"allow-scripts\" security=\"restricted\" src=\"https:\/\/www.ibbycat.cat\/es\/llibre\/el-palau-de-la-silke\/embed\/#?secret=eftMfywZJi\" width=\"600\" height=\"338\" title=\"\u00abEl palau de la Silke\u00bb \u2014 Ibbycat\" data-secret=\"eftMfywZJi\" frameborder=\"0\" marginwidth=\"0\" marginheight=\"0\" scrolling=\"no\" class=\"wp-embedded-content\"><\/iframe><script>\n\/*! This file is auto-generated *\/\n!function(d,l){\"use strict\";l.querySelector&&d.addEventListener&&\"undefined\"!=typeof URL&&(d.wp=d.wp||{},d.wp.receiveEmbedMessage||(d.wp.receiveEmbedMessage=function(e){var t=e.data;if((t||t.secret||t.message||t.value)&&!\/[^a-zA-Z0-9]\/.test(t.secret)){for(var s,r,n,a=l.querySelectorAll('iframe[data-secret=\"'+t.secret+'\"]'),o=l.querySelectorAll('blockquote[data-secret=\"'+t.secret+'\"]'),c=new RegExp(\"^https?:$\",\"i\"),i=0;i<o.length;i++)o[i].style.display=\"none\";for(i=0;i<a.length;i++)s=a[i],e.source===s.contentWindow&&(s.removeAttribute(\"style\"),\"height\"===t.message?(1e3<(r=parseInt(t.value,10))?r=1e3:~~r<200&&(r=200),s.height=r):\"link\"===t.message&&(r=new URL(s.getAttribute(\"src\")),n=new URL(t.value),c.test(n.protocol))&&n.host===r.host&&l.activeElement===s&&(d.top.location.href=t.value))}},d.addEventListener(\"message\",d.wp.receiveEmbedMessage,!1),l.addEventListener(\"DOMContentLoaded\",function(){for(var e,t,s=l.querySelectorAll(\"iframe.wp-embedded-content\"),r=0;r<s.length;r++)(t=(e=s[r]).getAttribute(\"data-secret\"))||(t=Math.random().toString(36).substring(2,12),e.src+=\"#?secret=\"+t,e.setAttribute(\"data-secret\",t)),e.contentWindow.postMessage({message:\"ready\",secret:t},\"*\")},!1)))}(window,document);\n\/\/# sourceURL=https:\/\/www.ibbycat.cat\/wp-includes\/js\/wp-embed.min.js\n<\/script>\n","thumbnail_url":"https:\/\/www.ibbycat.cat\/wp-content\/uploads\/portada-9788410016064-scaled.jpg","thumbnail_width":2028,"thumbnail_height":2560,"description":"Nom\u00e9s passar la coberta, les guardes mostren una seq\u00fc\u00e8ncia de moviment d\u2019una guineu en un bosc gla\u00e7at. Ja ens hem introdu\u00eft en un escenari que suggereix bellesa, per\u00f2 tamb\u00e9 tristesa i silenci. \u00c9s hivern i la Silke \u00e9s alumna d\u2019una escola rural. T\u00e9 dificultats per comunicar-se i aix\u00f2 complica que pugui integrar-se amb la resta de companys, que sempre acaben rient-se d\u2019ella. A l\u2019hora del pati, ella prefereix a\u00efllar-se i cercar la complicitat dels animals del bosc. Tot canvia quan la J\u00falia, la seva mestra, explica a classe com construir un igl\u00fa. La Silke pensa que seria un bon refugi per evitar la befa dels companys i decideix posar-s\u2019hi. A la seva manera la Silke s\u2019est\u00e0 comunicant, i primer els animals del bosc, despr\u00e9s la J\u00falia, i m\u00e9s tard els seus companys, s\u2019afegeixen a la construcci\u00f3. Malgrat que, formalment, el llibre est\u00e0 editat com a \u00e0lbum, format que es caracteritza a priori per l\u2019equilibri entre text i imatge, hi ha p\u00e0gines en qu\u00e8 el text pren m\u00e9s import\u00e0ncia, amb fragments m\u00e9s adients per a primers lectors. D\u2019altra banda, tot i haver-hi un protagonista clar, el text es desenvolupa amb m\u00e9s detall quan descriu les situacions o el context general, sense perfilar en exc\u00e9s el personatge. Aix\u00ed, la idea s\u2019expressa molt b\u00e9, si b\u00e9 fa que mirem la Silke un xic en la dist\u00e0ncia i pot dificultar que el lector s\u2019identifiqui amb ella. Aquest distanciament tamb\u00e9 es percep en la narraci\u00f3 visual, ja que la imatge acompanya un text ja prou descriptiu, per\u00f2 no afegeix informaci\u00f3 rellevant que ens ajudi a empatitzar. En tot cas, cal tenir en compte que la proposta gr\u00e0fica d\u2019Araiz Mesanza \u00e9s destacable i aposta per un codi pl\u00e0stic personal, amb el risc que hi hagi aspectes que reforcin el to de la hist\u00f2ria per\u00f2 d\u2019altres no tant. Ju\u00e1rez Gaztelu, Uxue Morales, Joana Mesanza Iturricha, Araiz A buen paso"}

Només passar la coberta, les guardes mostren una seqüència de moviment d’una guineu en un bosc glaçat. Ja ens hem introduït en un escenari que suggereix bellesa, però també tristesa i silenci. És hivern i la Silke és alumna d’una escola rural. Té dificultats per comunicar-se i això complica que pugui integrar-se amb la resta de companys, que sempre acaben rient-se d’ella. A l’hora del pati, ella prefereix aïllar-se i cercar la complicitat dels animals del bosc. Tot canvia quan la Júlia, la seva mestra, explica a classe com construir un iglú. La Silke pensa que seria un bon refugi per evitar la befa dels companys i decideix posar-s’hi. A la seva manera la Silke s’està comunicant, i primer els animals del bosc, després la Júlia, i més tard els seus companys, s’afegeixen a la construcció. Malgrat que, formalment, el llibre està editat com a àlbum, format que es caracteritza a priori per l’equilibri entre text i imatge, hi ha pàgines en què el text pren més importància, amb fragments més adients per a primers lectors. D’altra banda, tot i haver-hi un protagonista clar, el text es desenvolupa amb més detall quan descriu les situacions o el context general, sense perfilar en excés el personatge. Així, la idea s’expressa molt bé, si bé fa que mirem la Silke un xic en la distància i pot dificultar que el lector s’identifiqui amb ella. Aquest distanciament també es percep en la narració visual, ja que la imatge acompanya un text ja prou descriptiu, però no afegeix informació rellevant que ens ajudi a empatitzar. En tot cas, cal tenir en compte que la proposta gràfica d’Araiz Mesanza és destacable i aposta per un codi plàstic personal, amb el risc que hi hagi aspectes que reforcin el to de la història però d’altres no tant. Juárez Gaztelu, Uxue Morales, Joana Mesanza Iturricha, Araiz A buen paso
