{"version":"1.0","provider_name":"Ibbycat","provider_url":"https:\/\/www.ibbycat.cat\/es\/","author_name":"Webico","author_url":"https:\/\/www.ibbycat.cat\/es\/author\/webico\/","title":"El ratol\u00ed que es tornava vermell - Ibbycat","type":"rich","width":600,"height":338,"html":"<blockquote class=\"wp-embedded-content\" data-secret=\"bU69GEdNay\"><a href=\"https:\/\/www.ibbycat.cat\/es\/llibre\/el-ratoli-que-es-tornava-vermell\/\">El ratol\u00ed que es tornava vermell<\/a><\/blockquote><iframe sandbox=\"allow-scripts\" security=\"restricted\" src=\"https:\/\/www.ibbycat.cat\/es\/llibre\/el-ratoli-que-es-tornava-vermell\/embed\/#?secret=bU69GEdNay\" width=\"600\" height=\"338\" title=\"\u00abEl ratol\u00ed que es tornava vermell\u00bb \u2014 Ibbycat\" data-secret=\"bU69GEdNay\" frameborder=\"0\" marginwidth=\"0\" marginheight=\"0\" scrolling=\"no\" class=\"wp-embedded-content\"><\/iframe><script>\n\/*! This file is auto-generated *\/\n!function(d,l){\"use strict\";l.querySelector&&d.addEventListener&&\"undefined\"!=typeof URL&&(d.wp=d.wp||{},d.wp.receiveEmbedMessage||(d.wp.receiveEmbedMessage=function(e){var t=e.data;if((t||t.secret||t.message||t.value)&&!\/[^a-zA-Z0-9]\/.test(t.secret)){for(var s,r,n,a=l.querySelectorAll('iframe[data-secret=\"'+t.secret+'\"]'),o=l.querySelectorAll('blockquote[data-secret=\"'+t.secret+'\"]'),c=new RegExp(\"^https?:$\",\"i\"),i=0;i<o.length;i++)o[i].style.display=\"none\";for(i=0;i<a.length;i++)s=a[i],e.source===s.contentWindow&&(s.removeAttribute(\"style\"),\"height\"===t.message?(1e3<(r=parseInt(t.value,10))?r=1e3:~~r<200&&(r=200),s.height=r):\"link\"===t.message&&(r=new URL(s.getAttribute(\"src\")),n=new URL(t.value),c.test(n.protocol))&&n.host===r.host&&l.activeElement===s&&(d.top.location.href=t.value))}},d.addEventListener(\"message\",d.wp.receiveEmbedMessage,!1),l.addEventListener(\"DOMContentLoaded\",function(){for(var e,t,s=l.querySelectorAll(\"iframe.wp-embedded-content\"),r=0;r<s.length;r++)(t=(e=s[r]).getAttribute(\"data-secret\"))||(t=Math.random().toString(36).substring(2,12),e.src+=\"#?secret=\"+t,e.setAttribute(\"data-secret\",t)),e.contentWindow.postMessage({message:\"ready\",secret:t},\"*\")},!1)))}(window,document);\n\/\/# sourceURL=https:\/\/www.ibbycat.cat\/wp-includes\/js\/wp-embed.min.js\n<\/script>\n","thumbnail_url":"https:\/\/www.ibbycat.cat\/wp-content\/uploads\/978-84-479-3531-4.jpg","thumbnail_width":320,"thumbnail_height":494,"description":"Aquesta hist\u00f2ria t\u00e9 lloc en una escola on conviuen ratolins de diferents tipus i colors, i on les classes no s&#8217;organitzen per edats, sin\u00f3 per afinitats: els ratolins menjadors de formatge, els ratolins nedadors, els ratolins escaladors d\u2019arbres&#8230; En general, tots els ratolins estan contents amb la seva manera de ser, per\u00f2 a en Jaumet li passa alguna cosa que no li agrada: \u00e9s molt vergony\u00f3s, es posa vermell i se li nota molt perqu\u00e8 el seu pelatge \u00e9s blanc. La mestra l\u2019intenta conv\u00e8ncer que posar-se vermell \u00e9s d&#8217;all\u00f2 m\u00e9s normal, per\u00f2 l&#8217;\u00fanic que reconforta una mica en Jaumet \u00e9s que dibuixa i pinta molt b\u00e9, i en aquestes arts troba refugi quan els seus companys es riuen d\u2019ell. Tot anir\u00e0 de mal en pitjor fins que arriba a classe una rateta nova, l\u2019Olga, que ve de Sib\u00e8ria, \u00e9s carism\u00e0tica, encantadora i tamb\u00e9 va patir burles de petita. Es far\u00e0 amiga d\u2019en Jaumet, a qui elogia per la seva destresa per dibuixar. Una ocurr\u00e8ncia de l&#8217;Olga ser\u00e0 que posar-se vermell \u00e9s una cosa molt valuosa, de manera que es formar\u00e0 una nova classe: la dels ratolins que es tornen vermells. En la lectura d&#8217;aquesta hist\u00f2ria, escrita amb ofici i de manera molt accessible per als primers lectors, ens sembla que la introducci\u00f3 i la presentaci\u00f3 del problema es fa llarga i lenta en comparaci\u00f3 amb la manera breu i r\u00e0pida amb la qual se&#8217;n proposa la resoluci\u00f3. La hist\u00f2ria no se sost\u00e9 amb una tensi\u00f3 narrativa ben assentada i el problema d\u2019en Jaumet, que vindria a ser tamb\u00e9 el problema que sost\u00e9 la trama, es resol de manera una mica for\u00e7ada. Les il\u00b7lustracions d\u2019Ar\u00e0nega, molt treballades i fidels al seu estil acolorit i din\u00e0mic, amb una gamma aquarel\u00b7lada i de contorns difuminats, per moments semblen excedir-se en l&#8217;afany d&#8217;expressivitat i tendresa, la qual cosa dona al conjunt de l&#8217;obra un aire de candidesa i ingenu\u00eftat. MAS, Herm\u00ednia Merc\u00e8 Ar\u00e0nega Baula"}

El ratolí que es tornava vermell - Ibbycat

<blockquote class="wp-embedded-content" data-secret="bU69GEdNay"><a href="https://www.ibbycat.cat/es/llibre/el-ratoli-que-es-tornava-vermell/">El ratolí que es tornava vermell</a></blockquote><iframe sandbox="allow-scripts" security="restricted" src="https://www.ibbycat.cat/es/llibre/el-ratoli-que-es-tornava-vermell/embed/#?secret=bU69GEdNay" width="600" height="338" title="«El ratolí que es tornava vermell» — Ibbycat" data-secret="bU69GEdNay" frameborder="0" marginwidth="0" marginheight="0" scrolling="no" class="wp-embedded-content"></iframe><script>
/*! This file is auto-generated */
!function(d,l){"use strict";l.querySelector&&d.addEventListener&&"undefined"!=typeof URL&&(d.wp=d.wp||{},d.wp.receiveEmbedMessage||(d.wp.receiveEmbedMessage=function(e){var t=e.data;if((t||t.secret||t.message||t.value)&&!/[^a-zA-Z0-9]/.test(t.secret)){for(var s,r,n,a=l.querySelectorAll('iframe[data-secret="'+t.secret+'"]'),o=l.querySelectorAll('blockquote[data-secret="'+t.secret+'"]'),c=new RegExp("^https?:$","i"),i=0;i<o.length;i++)o[i].style.display="none";for(i=0;i<a.length;i++)s=a[i],e.source===s.contentWindow&&(s.removeAttribute("style"),"height"===t.message?(1e3<(r=parseInt(t.value,10))?r=1e3:~~r<200&&(r=200),s.height=r):"link"===t.message&&(r=new URL(s.getAttribute("src")),n=new URL(t.value),c.test(n.protocol))&&n.host===r.host&&l.activeElement===s&&(d.top.location.href=t.value))}},d.addEventListener("message",d.wp.receiveEmbedMessage,!1),l.addEventListener("DOMContentLoaded",function(){for(var e,t,s=l.querySelectorAll("iframe.wp-embedded-content"),r=0;r<s.length;r++)(t=(e=s[r]).getAttribute("data-secret"))||(t=Math.random().toString(36).substring(2,12),e.src+="#?secret="+t,e.setAttribute("data-secret",t)),e.contentWindow.postMessage({message:"ready",secret:t},"*")},!1)))}(window,document);
//# sourceURL=https://www.ibbycat.cat/wp-includes/js/wp-embed.min.js
</script>

Aquesta història té lloc en una escola on conviuen ratolins de diferents tipus i colors, i on les classes no s&#8217;organitzen per edats, sinó per afinitats: els ratolins menjadors de formatge, els ratolins nedadors, els ratolins escaladors d’arbres&#8230; En general, tots els ratolins estan contents amb la seva manera de ser, però a en Jaumet li passa alguna cosa que no li agrada: és molt vergonyós, es posa vermell i se li nota molt perquè el seu pelatge és blanc. La mestra l’intenta convèncer que posar-se vermell és d&#8217;allò més normal, però l&#8217;únic que reconforta una mica en Jaumet és que dibuixa i pinta molt bé, i en aquestes arts troba refugi quan els seus companys es riuen d’ell. Tot anirà de mal en pitjor fins que arriba a classe una rateta nova, l’Olga, que ve de Sibèria, és carismàtica, encantadora i també va patir burles de petita. Es farà amiga d’en Jaumet, a qui elogia per la seva destresa per dibuixar. Una ocurrència de l&#8217;Olga serà que posar-se vermell és una cosa molt valuosa, de manera que es formarà una nova classe: la dels ratolins que es tornen vermells. En la lectura d&#8217;aquesta història, escrita amb ofici i de manera molt accessible per als primers lectors, ens sembla que la introducció i la presentació del problema es fa llarga i lenta en comparació amb la manera breu i ràpida amb la qual se&#8217;n proposa la resolució. La història no se sosté amb una tensió narrativa ben assentada i el problema d’en Jaumet, que vindria a ser també el problema que sosté la trama, es resol de manera una mica forçada. Les il·lustracions d’Arànega, molt treballades i fidels al seu estil acolorit i dinàmic, amb una gamma aquarel·lada i de contorns difuminats, per moments semblen excedir-se en l&#8217;afany d&#8217;expressivitat i tendresa, la qual cosa dona al conjunt de l&#8217;obra un aire de candidesa i ingenuïtat. MAS, Hermínia Mercè Arànega Baula
