{"version":"1.0","provider_name":"Ibbycat","provider_url":"https:\/\/www.ibbycat.cat\/es\/","author_name":"Webico","author_url":"https:\/\/www.ibbycat.cat\/es\/author\/webico\/","title":"El xiquet i el poble perdut - Ibbycat","type":"rich","width":600,"height":338,"html":"<blockquote class=\"wp-embedded-content\" data-secret=\"p1CtkB3Day\"><a href=\"https:\/\/www.ibbycat.cat\/es\/llibre\/el-xiquet-i-el-poble-perdut\/\">El xiquet i el poble perdut<\/a><\/blockquote><iframe sandbox=\"allow-scripts\" security=\"restricted\" src=\"https:\/\/www.ibbycat.cat\/es\/llibre\/el-xiquet-i-el-poble-perdut\/embed\/#?secret=p1CtkB3Day\" width=\"600\" height=\"338\" title=\"\u00abEl xiquet i el poble perdut\u00bb \u2014 Ibbycat\" data-secret=\"p1CtkB3Day\" frameborder=\"0\" marginwidth=\"0\" marginheight=\"0\" scrolling=\"no\" class=\"wp-embedded-content\"><\/iframe><script>\n\/*! This file is auto-generated *\/\n!function(d,l){\"use strict\";l.querySelector&&d.addEventListener&&\"undefined\"!=typeof URL&&(d.wp=d.wp||{},d.wp.receiveEmbedMessage||(d.wp.receiveEmbedMessage=function(e){var t=e.data;if((t||t.secret||t.message||t.value)&&!\/[^a-zA-Z0-9]\/.test(t.secret)){for(var s,r,n,a=l.querySelectorAll('iframe[data-secret=\"'+t.secret+'\"]'),o=l.querySelectorAll('blockquote[data-secret=\"'+t.secret+'\"]'),c=new RegExp(\"^https?:$\",\"i\"),i=0;i<o.length;i++)o[i].style.display=\"none\";for(i=0;i<a.length;i++)s=a[i],e.source===s.contentWindow&&(s.removeAttribute(\"style\"),\"height\"===t.message?(1e3<(r=parseInt(t.value,10))?r=1e3:~~r<200&&(r=200),s.height=r):\"link\"===t.message&&(r=new URL(s.getAttribute(\"src\")),n=new URL(t.value),c.test(n.protocol))&&n.host===r.host&&l.activeElement===s&&(d.top.location.href=t.value))}},d.addEventListener(\"message\",d.wp.receiveEmbedMessage,!1),l.addEventListener(\"DOMContentLoaded\",function(){for(var e,t,s=l.querySelectorAll(\"iframe.wp-embedded-content\"),r=0;r<s.length;r++)(t=(e=s[r]).getAttribute(\"data-secret\"))||(t=Math.random().toString(36).substring(2,12),e.src+=\"#?secret=\"+t,e.setAttribute(\"data-secret\",t)),e.contentWindow.postMessage({message:\"ready\",secret:t},\"*\")},!1)))}(window,document);\n\/\/# sourceURL=https:\/\/www.ibbycat.cat\/wp-includes\/js\/wp-embed.min.js\n<\/script>\n","thumbnail_url":"https:\/\/www.ibbycat.cat\/wp-content\/uploads\/978-84-7628-888-7.jpg","thumbnail_width":175,"thumbnail_height":280,"description":"Aquesta breu novel\u00b7la hist\u00f2rica, a mig cam\u00ed entre la realitat i la ficci\u00f3, ens explica la hist\u00f2ria d\u2019un noi de la Fatarella i la seva fam\u00edlia durant la Guerra Civil en forma de viatge inici\u00e0tic del jove protagonista. Mart\u00ed i Bertran, escriptor i prescriptor literari juvenil amb experi\u00e8ncia docent, ens presenta un relat inspirat en la Batalla de l\u2019Ebre per apropar el jove lector a una part grisa de la nostra hist\u00f2ria que no pot ser oblidada. L\u2019autor es basa en personatges reals del poble per escriure aquest relat en primera persona que t\u00e9 episodis interessants, com la trobada d\u2019un grup de soldats republicans amb brigadistes internacionals amagats a un poble perdut proper a la Fatarella. Sense ensucraments ni artificis, amb un estil directe i un vocabulari acurat, l\u2019autor escriu per recordar uns fets hist\u00f2rics. Tanmateix, ben avan\u00e7ades les p\u00e0gines, amb la separaci\u00f3 de la fam\u00edlia, l\u2019entrada de les tropes feixistes al poble i la troballa final, el llibre es torna menys aspre i m\u00e9s amable, la trama lliga millor i el llibre \u00e9s m\u00e9s entretingut de llegir. Les il\u00b7lustracions realistes i personals de Joan Mir\u00f3 acompanyen el text i aporten llum a la dif\u00edcil tasca d\u2019escriure per entretenir i divulgar. MART\u00cd I BERTRAN, Pere Joan Mir\u00f3 Or\u00f3 Ediciones del Serbal; Fundaci\u00f3 El Sol\u00e0"}

Aquesta breu novel·la històrica, a mig camí entre la realitat i la ficció, ens explica la història d’un noi de la Fatarella i la seva família durant la Guerra Civil en forma de viatge iniciàtic del jove protagonista. Martí i Bertran, escriptor i prescriptor literari juvenil amb experiència docent, ens presenta un relat inspirat en la Batalla de l’Ebre per apropar el jove lector a una part grisa de la nostra història que no pot ser oblidada. L’autor es basa en personatges reals del poble per escriure aquest relat en primera persona que té episodis interessants, com la trobada d’un grup de soldats republicans amb brigadistes internacionals amagats a un poble perdut proper a la Fatarella. Sense ensucraments ni artificis, amb un estil directe i un vocabulari acurat, l’autor escriu per recordar uns fets històrics. Tanmateix, ben avançades les pàgines, amb la separació de la família, l’entrada de les tropes feixistes al poble i la troballa final, el llibre es torna menys aspre i més amable, la trama lliga millor i el llibre és més entretingut de llegir. Les il·lustracions realistes i personals de Joan Miró acompanyen el text i aporten llum a la difícil tasca d’escriure per entretenir i divulgar. MARTÍ I BERTRAN, Pere Joan Miró Oró Ediciones del Serbal; Fundació El Solà
