{"version":"1.0","provider_name":"Ibbycat","provider_url":"https:\/\/www.ibbycat.cat\/es\/","author_name":"Webico","author_url":"https:\/\/www.ibbycat.cat\/es\/author\/webico\/","title":"En Faust\u00ed va al veterinari. - Ibbycat","type":"rich","width":600,"height":338,"html":"<blockquote class=\"wp-embedded-content\" data-secret=\"5NTYEQdDJG\"><a href=\"https:\/\/www.ibbycat.cat\/es\/llibre\/en-fausti-va-al-veterinari\/\">En Faust\u00ed va al veterinari.<\/a><\/blockquote><iframe sandbox=\"allow-scripts\" security=\"restricted\" src=\"https:\/\/www.ibbycat.cat\/es\/llibre\/en-fausti-va-al-veterinari\/embed\/#?secret=5NTYEQdDJG\" width=\"600\" height=\"338\" title=\"\u00abEn Faust\u00ed va al veterinari.\u00bb \u2014 Ibbycat\" data-secret=\"5NTYEQdDJG\" frameborder=\"0\" marginwidth=\"0\" marginheight=\"0\" scrolling=\"no\" class=\"wp-embedded-content\"><\/iframe><script>\n\/*! This file is auto-generated *\/\n!function(d,l){\"use strict\";l.querySelector&&d.addEventListener&&\"undefined\"!=typeof URL&&(d.wp=d.wp||{},d.wp.receiveEmbedMessage||(d.wp.receiveEmbedMessage=function(e){var t=e.data;if((t||t.secret||t.message||t.value)&&!\/[^a-zA-Z0-9]\/.test(t.secret)){for(var s,r,n,a=l.querySelectorAll('iframe[data-secret=\"'+t.secret+'\"]'),o=l.querySelectorAll('blockquote[data-secret=\"'+t.secret+'\"]'),c=new RegExp(\"^https?:$\",\"i\"),i=0;i<o.length;i++)o[i].style.display=\"none\";for(i=0;i<a.length;i++)s=a[i],e.source===s.contentWindow&&(s.removeAttribute(\"style\"),\"height\"===t.message?(1e3<(r=parseInt(t.value,10))?r=1e3:~~r<200&&(r=200),s.height=r):\"link\"===t.message&&(r=new URL(s.getAttribute(\"src\")),n=new URL(t.value),c.test(n.protocol))&&n.host===r.host&&l.activeElement===s&&(d.top.location.href=t.value))}},d.addEventListener(\"message\",d.wp.receiveEmbedMessage,!1),l.addEventListener(\"DOMContentLoaded\",function(){for(var e,t,s=l.querySelectorAll(\"iframe.wp-embedded-content\"),r=0;r<s.length;r++)(t=(e=s[r]).getAttribute(\"data-secret\"))||(t=Math.random().toString(36).substring(2,12),e.src+=\"#?secret=\"+t,e.setAttribute(\"data-secret\",t)),e.contentWindow.postMessage({message:\"ready\",secret:t},\"*\")},!1)))}(window,document);\n\/\/# sourceURL=https:\/\/www.ibbycat.cat\/wp-includes\/js\/wp-embed.min.js\n<\/script>\n","description":"Segona entrega de les aventures del gat Faust\u00ed que segueix en la mateixa l\u00ednia. Es tracta d\u2019una hist\u00f2ria breu basada en una an\u00e8cdota molt senzilla per\u00f2 narrada en primera persona amb correcci\u00f3 i amb un bon ritme. La Paula ens explica com una abella pica el seu gat Faust\u00ed al nas i com ella i la seva mare el porten de seguida al veterinari perqu\u00e8 el curin. Les il\u00b7lustracions de Pere Puig, sempre a doble p\u00e0gina, s\u00f3n essencials per donar vida i for\u00e7a a la hist\u00f2ria. Puig juga amb els colors i les proporcions de les figures (potser n\u2019haur\u00edem de dir \u00abdesproporcions\u00bb) per aconseguir una m\u00e9s gran expressivitat. Aix\u00ed, per exemple, un primer pla a dues p\u00e0gines de l\u2019abella en el moment en qu\u00e8 est\u00e0 picant el nas del gat ens la converteix en un monstre maligne; o la imatge de la mare amb la boca oberta i les mans al cap, enfadada pel terrabastall que s\u2019ha organitzat a casa, gaireb\u00e9 sembla que tingui so i es pugui sentir el crit que fa V\u00c1ZQUEZ I BERSAB\u00c9, Pilar. Pere Puig. Cad\u00ed"}

En Faustí va al veterinari. - Ibbycat

<blockquote class="wp-embedded-content" data-secret="5NTYEQdDJG"><a href="https://www.ibbycat.cat/es/llibre/en-fausti-va-al-veterinari/">En Faustí va al veterinari.</a></blockquote><iframe sandbox="allow-scripts" security="restricted" src="https://www.ibbycat.cat/es/llibre/en-fausti-va-al-veterinari/embed/#?secret=5NTYEQdDJG" width="600" height="338" title="«En Faustí va al veterinari.» — Ibbycat" data-secret="5NTYEQdDJG" frameborder="0" marginwidth="0" marginheight="0" scrolling="no" class="wp-embedded-content"></iframe><script>
/*! This file is auto-generated */
!function(d,l){"use strict";l.querySelector&&d.addEventListener&&"undefined"!=typeof URL&&(d.wp=d.wp||{},d.wp.receiveEmbedMessage||(d.wp.receiveEmbedMessage=function(e){var t=e.data;if((t||t.secret||t.message||t.value)&&!/[^a-zA-Z0-9]/.test(t.secret)){for(var s,r,n,a=l.querySelectorAll('iframe[data-secret="'+t.secret+'"]'),o=l.querySelectorAll('blockquote[data-secret="'+t.secret+'"]'),c=new RegExp("^https?:$","i"),i=0;i<o.length;i++)o[i].style.display="none";for(i=0;i<a.length;i++)s=a[i],e.source===s.contentWindow&&(s.removeAttribute("style"),"height"===t.message?(1e3<(r=parseInt(t.value,10))?r=1e3:~~r<200&&(r=200),s.height=r):"link"===t.message&&(r=new URL(s.getAttribute("src")),n=new URL(t.value),c.test(n.protocol))&&n.host===r.host&&l.activeElement===s&&(d.top.location.href=t.value))}},d.addEventListener("message",d.wp.receiveEmbedMessage,!1),l.addEventListener("DOMContentLoaded",function(){for(var e,t,s=l.querySelectorAll("iframe.wp-embedded-content"),r=0;r<s.length;r++)(t=(e=s[r]).getAttribute("data-secret"))||(t=Math.random().toString(36).substring(2,12),e.src+="#?secret="+t,e.setAttribute("data-secret",t)),e.contentWindow.postMessage({message:"ready",secret:t},"*")},!1)))}(window,document);
//# sourceURL=https://www.ibbycat.cat/wp-includes/js/wp-embed.min.js
</script>

Segona entrega de les aventures del gat Faustí que segueix en la mateixa línia. Es tracta d’una història breu basada en una anècdota molt senzilla però narrada en primera persona amb correcció i amb un bon ritme. La Paula ens explica com una abella pica el seu gat Faustí al nas i com ella i la seva mare el porten de seguida al veterinari perquè el curin. Les il·lustracions de Pere Puig, sempre a doble pàgina, són essencials per donar vida i força a la història. Puig juga amb els colors i les proporcions de les figures (potser n’hauríem de dir «desproporcions») per aconseguir una més gran expressivitat. Així, per exemple, un primer pla a dues pàgines de l’abella en el moment en què està picant el nas del gat ens la converteix en un monstre maligne; o la imatge de la mare amb la boca oberta i les mans al cap, enfadada pel terrabastall que s’ha organitzat a casa, gairebé sembla que tingui so i es pugui sentir el crit que fa VÁZQUEZ I BERSABÉ, Pilar. Pere Puig. Cadí
