{"version":"1.0","provider_name":"Ibbycat","provider_url":"https:\/\/www.ibbycat.cat\/es\/","author_name":"Webico","author_url":"https:\/\/www.ibbycat.cat\/es\/author\/webico\/","title":"Fantasmes al Palau: Canti qui pugui - Ibbycat","type":"rich","width":600,"height":338,"html":"<blockquote class=\"wp-embedded-content\" data-secret=\"6HNmAmsXTf\"><a href=\"https:\/\/www.ibbycat.cat\/es\/llibre\/fantasmes-al-palau-canti-qui-pugui\/\">Fantasmes al Palau: Canti qui pugui<\/a><\/blockquote><iframe sandbox=\"allow-scripts\" security=\"restricted\" src=\"https:\/\/www.ibbycat.cat\/es\/llibre\/fantasmes-al-palau-canti-qui-pugui\/embed\/#?secret=6HNmAmsXTf\" width=\"600\" height=\"338\" title=\"\u00abFantasmes al Palau: Canti qui pugui\u00bb \u2014 Ibbycat\" data-secret=\"6HNmAmsXTf\" frameborder=\"0\" marginwidth=\"0\" marginheight=\"0\" scrolling=\"no\" class=\"wp-embedded-content\"><\/iframe><script>\n\/*! This file is auto-generated *\/\n!function(d,l){\"use strict\";l.querySelector&&d.addEventListener&&\"undefined\"!=typeof URL&&(d.wp=d.wp||{},d.wp.receiveEmbedMessage||(d.wp.receiveEmbedMessage=function(e){var t=e.data;if((t||t.secret||t.message||t.value)&&!\/[^a-zA-Z0-9]\/.test(t.secret)){for(var s,r,n,a=l.querySelectorAll('iframe[data-secret=\"'+t.secret+'\"]'),o=l.querySelectorAll('blockquote[data-secret=\"'+t.secret+'\"]'),c=new RegExp(\"^https?:$\",\"i\"),i=0;i<o.length;i++)o[i].style.display=\"none\";for(i=0;i<a.length;i++)s=a[i],e.source===s.contentWindow&&(s.removeAttribute(\"style\"),\"height\"===t.message?(1e3<(r=parseInt(t.value,10))?r=1e3:~~r<200&&(r=200),s.height=r):\"link\"===t.message&&(r=new URL(s.getAttribute(\"src\")),n=new URL(t.value),c.test(n.protocol))&&n.host===r.host&&l.activeElement===s&&(d.top.location.href=t.value))}},d.addEventListener(\"message\",d.wp.receiveEmbedMessage,!1),l.addEventListener(\"DOMContentLoaded\",function(){for(var e,t,s=l.querySelectorAll(\"iframe.wp-embedded-content\"),r=0;r<s.length;r++)(t=(e=s[r]).getAttribute(\"data-secret\"))||(t=Math.random().toString(36).substring(2,12),e.src+=\"#?secret=\"+t,e.setAttribute(\"data-secret\",t)),e.contentWindow.postMessage({message:\"ready\",secret:t},\"*\")},!1)))}(window,document);\n\/\/# sourceURL=https:\/\/www.ibbycat.cat\/wp-includes\/js\/wp-embed.min.js\n<\/script>\n","thumbnail_url":"https:\/\/www.ibbycat.cat\/wp-content\/uploads\/978-84-96569-56-0.jpg","thumbnail_width":140,"thumbnail_height":140,"description":"Relat d\u2019humor, amb cr\u00edtica subjacent a l\u2019estat de l\u2019ensenyament de la m\u00fasica a Catalunya. La narradora \u00e9s Euterpe, qui introdueix tant les an\u00e8cdotes hist\u00f2riques d\u2019obres i autors, com l\u2019element misteri\u00f3s-m\u00e0gic (el nen lector perdut) que d\u00f3na lloc a la trama. \u00c9s una novel\u00b7la de colla amb intencions detectivesques i l\u2019autor se\u2019n surt for\u00e7a b\u00e9, de combinar les perip\u00e8cies amb la descripci\u00f3 del Palau de la M\u00fasica. L\u2019obra est\u00e0 escrita amb motiu del seu centenari, i els homenatges hi sovintegen. Els t\u00edtols dels cap\u00edtols, i sobretot el vocabulari culte semblen destinats als estudiants de secund\u00e0ria. L\u2019argument, per\u00f2, \u00e9s m\u00e9s del gust dels alumnes de la darrera etapa de prim\u00e0ria, que semblen cursar els protagonistes. Hi ha, per tant, un desnivell en l\u2019edat del lector a qui s\u2019adre\u00e7a, segurament per la seva intenci\u00f3 did\u00e0ctica. Ll\u00e0stima tamb\u00e9 de la sistem\u00e0tica substituci\u00f3 de \u00abcompondre\u00bb (Produir una obra musical) per \u00abcomposar\u00bb (Imposar arbitr\u00e0riament a alg\u00fa una multa). L\u2019editorial hauria d\u2019afinar m\u00e9s en la correcci\u00f3 ling\u00fc\u00edstica. Les il\u00b7lustracions tenen un punt esperp\u00e8ntic i la seva combinaci\u00f3 amb fons fotogr\u00e0fics del Palau no acaba de resultar. G\u00dcELL i JUANOLA, Albert Xavier Cuss\u00f3 Ed. del Pirata"}

Relat d’humor, amb crítica subjacent a l’estat de l’ensenyament de la música a Catalunya. La narradora és Euterpe, qui introdueix tant les anècdotes històriques d’obres i autors, com l’element misteriós-màgic (el nen lector perdut) que dóna lloc a la trama. És una novel·la de colla amb intencions detectivesques i l’autor se’n surt força bé, de combinar les peripècies amb la descripció del Palau de la Música. L’obra està escrita amb motiu del seu centenari, i els homenatges hi sovintegen. Els títols dels capítols, i sobretot el vocabulari culte semblen destinats als estudiants de secundària. L’argument, però, és més del gust dels alumnes de la darrera etapa de primària, que semblen cursar els protagonistes. Hi ha, per tant, un desnivell en l’edat del lector a qui s’adreça, segurament per la seva intenció didàctica. Llàstima també de la sistemàtica substitució de «compondre» (Produir una obra musical) per «composar» (Imposar arbitràriament a algú una multa). L’editorial hauria d’afinar més en la correcció lingüística. Les il·lustracions tenen un punt esperpèntic i la seva combinació amb fons fotogràfics del Palau no acaba de resultar. GÜELL i JUANOLA, Albert Xavier Cussó Ed. del Pirata
