{"version":"1.0","provider_name":"Ibbycat","provider_url":"https:\/\/www.ibbycat.cat\/es\/","author_name":"Webico","author_url":"https:\/\/www.ibbycat.cat\/es\/author\/webico\/","title":"La nena de l'arbre - Ibbycat","type":"rich","width":600,"height":338,"html":"<blockquote class=\"wp-embedded-content\" data-secret=\"BrO7fztBEg\"><a href=\"https:\/\/www.ibbycat.cat\/es\/llibre\/la-nena-de-larbre\/\">La nena de l&#8217;arbre<\/a><\/blockquote><iframe sandbox=\"allow-scripts\" security=\"restricted\" src=\"https:\/\/www.ibbycat.cat\/es\/llibre\/la-nena-de-larbre\/embed\/#?secret=BrO7fztBEg\" width=\"600\" height=\"338\" title=\"\u00abLa nena de l&#8217;arbre\u00bb \u2014 Ibbycat\" data-secret=\"BrO7fztBEg\" frameborder=\"0\" marginwidth=\"0\" marginheight=\"0\" scrolling=\"no\" class=\"wp-embedded-content\"><\/iframe><script>\n\/*! This file is auto-generated *\/\n!function(d,l){\"use strict\";l.querySelector&&d.addEventListener&&\"undefined\"!=typeof URL&&(d.wp=d.wp||{},d.wp.receiveEmbedMessage||(d.wp.receiveEmbedMessage=function(e){var t=e.data;if((t||t.secret||t.message||t.value)&&!\/[^a-zA-Z0-9]\/.test(t.secret)){for(var s,r,n,a=l.querySelectorAll('iframe[data-secret=\"'+t.secret+'\"]'),o=l.querySelectorAll('blockquote[data-secret=\"'+t.secret+'\"]'),c=new RegExp(\"^https?:$\",\"i\"),i=0;i<o.length;i++)o[i].style.display=\"none\";for(i=0;i<a.length;i++)s=a[i],e.source===s.contentWindow&&(s.removeAttribute(\"style\"),\"height\"===t.message?(1e3<(r=parseInt(t.value,10))?r=1e3:~~r<200&&(r=200),s.height=r):\"link\"===t.message&&(r=new URL(s.getAttribute(\"src\")),n=new URL(t.value),c.test(n.protocol))&&n.host===r.host&&l.activeElement===s&&(d.top.location.href=t.value))}},d.addEventListener(\"message\",d.wp.receiveEmbedMessage,!1),l.addEventListener(\"DOMContentLoaded\",function(){for(var e,t,s=l.querySelectorAll(\"iframe.wp-embedded-content\"),r=0;r<s.length;r++)(t=(e=s[r]).getAttribute(\"data-secret\"))||(t=Math.random().toString(36).substring(2,12),e.src+=\"#?secret=\"+t,e.setAttribute(\"data-secret\",t)),e.contentWindow.postMessage({message:\"ready\",secret:t},\"*\")},!1)))}(window,document);\n\/\/# sourceURL=https:\/\/www.ibbycat.cat\/wp-includes\/js\/wp-embed.min.js\n<\/script>\n","thumbnail_url":"https:\/\/www.ibbycat.cat\/wp-content\/uploads\/978-84-246-5217-3.jpg","thumbnail_width":140,"thumbnail_height":140,"description":"Premi Josep M. Folch i Torres 2013 En una edici\u00f3 especialment acurada es presenta una novel\u00b7la creada per Rub\u00e8n Monta\u00f1\u00e0 que val la pena tenir en compte. T\u00e9 una arrencada espl\u00e8ndida, amb el punt just de plantejament inquietant, que ens podria remetre a Calders o a Calvino: la protagonista, Ona, troba una nena de la seva edat oculta dalt d\u2019un arbre. I \u00e9s en l\u2019aproximaci\u00f3 intermitent entre l\u2019Ona i l\u2019Aur\u00e8lia on rau el bo i millor de la novel\u00b7la, perqu\u00e8 les preguntes que es pot fer l\u2019Ona respecte a l\u2019Aur\u00e8lia s\u00f3n les mateixes que es plantegen els lectors. Despr\u00e9s, el relat, que tenia un to inicial de realisme m\u00e0gic singularment ben servit i presentat mitjan\u00e7ant les pulcres il\u00b7lustracions de Merc\u00e8 L\u00f3pez, deriva cap a una recerca hist\u00f2rica de caire detectivesc que precipita un final reivindicatiu un p\u00e8l for\u00e7at o abocat pel broc gros. Potser a l\u2019autor li haurien calgut m\u00e9s p\u00e0gines, o potser m\u00e9s temps, per obtenir una estructura on el plantejament, nus i desenlla\u00e7 es manifestessin de manera m\u00e9s equilibrada. Llevat d\u2019aix\u00f2, la novel\u00b7la \u00e9s original i mereix el premi obtingut. MONTA\u00d1\u00c0, Rub\u00e8n Merc\u00e8 L\u00f3pez La Galera"}

Premi Josep M. Folch i Torres 2013 En una edició especialment acurada es presenta una novel·la creada per Rubèn Montañà que val la pena tenir en compte. Té una arrencada esplèndida, amb el punt just de plantejament inquietant, que ens podria remetre a Calders o a Calvino: la protagonista, Ona, troba una nena de la seva edat oculta dalt d’un arbre. I és en l’aproximació intermitent entre l’Ona i l’Aurèlia on rau el bo i millor de la novel·la, perquè les preguntes que es pot fer l’Ona respecte a l’Aurèlia són les mateixes que es plantegen els lectors. Després, el relat, que tenia un to inicial de realisme màgic singularment ben servit i presentat mitjançant les pulcres il·lustracions de Mercè López, deriva cap a una recerca històrica de caire detectivesc que precipita un final reivindicatiu un pèl forçat o abocat pel broc gros. Potser a l’autor li haurien calgut més pàgines, o potser més temps, per obtenir una estructura on el plantejament, nus i desenllaç es manifestessin de manera més equilibrada. Llevat d’això, la novel·la és original i mereix el premi obtingut. MONTAÑÀ, Rubèn Mercè López La Galera
