{"version":"1.0","provider_name":"Ibbycat","provider_url":"https:\/\/www.ibbycat.cat\/es\/","author_name":"Webico","author_url":"https:\/\/www.ibbycat.cat\/es\/author\/webico\/","title":"La visita - Ibbycat","type":"rich","width":600,"height":338,"html":"<blockquote class=\"wp-embedded-content\" data-secret=\"kHrK6Y1pS0\"><a href=\"https:\/\/www.ibbycat.cat\/es\/llibre\/la-visita\/\">La visita<\/a><\/blockquote><iframe sandbox=\"allow-scripts\" security=\"restricted\" src=\"https:\/\/www.ibbycat.cat\/es\/llibre\/la-visita\/embed\/#?secret=kHrK6Y1pS0\" width=\"600\" height=\"338\" title=\"\u00abLa visita\u00bb \u2014 Ibbycat\" data-secret=\"kHrK6Y1pS0\" frameborder=\"0\" marginwidth=\"0\" marginheight=\"0\" scrolling=\"no\" class=\"wp-embedded-content\"><\/iframe><script>\n\/*! This file is auto-generated *\/\n!function(d,l){\"use strict\";l.querySelector&&d.addEventListener&&\"undefined\"!=typeof URL&&(d.wp=d.wp||{},d.wp.receiveEmbedMessage||(d.wp.receiveEmbedMessage=function(e){var t=e.data;if((t||t.secret||t.message||t.value)&&!\/[^a-zA-Z0-9]\/.test(t.secret)){for(var s,r,n,a=l.querySelectorAll('iframe[data-secret=\"'+t.secret+'\"]'),o=l.querySelectorAll('blockquote[data-secret=\"'+t.secret+'\"]'),c=new RegExp(\"^https?:$\",\"i\"),i=0;i<o.length;i++)o[i].style.display=\"none\";for(i=0;i<a.length;i++)s=a[i],e.source===s.contentWindow&&(s.removeAttribute(\"style\"),\"height\"===t.message?(1e3<(r=parseInt(t.value,10))?r=1e3:~~r<200&&(r=200),s.height=r):\"link\"===t.message&&(r=new URL(s.getAttribute(\"src\")),n=new URL(t.value),c.test(n.protocol))&&n.host===r.host&&l.activeElement===s&&(d.top.location.href=t.value))}},d.addEventListener(\"message\",d.wp.receiveEmbedMessage,!1),l.addEventListener(\"DOMContentLoaded\",function(){for(var e,t,s=l.querySelectorAll(\"iframe.wp-embedded-content\"),r=0;r<s.length;r++)(t=(e=s[r]).getAttribute(\"data-secret\"))||(t=Math.random().toString(36).substring(2,12),e.src+=\"#?secret=\"+t,e.setAttribute(\"data-secret\",t)),e.contentWindow.postMessage({message:\"ready\",secret:t},\"*\")},!1)))}(window,document);\n\/\/# sourceURL=https:\/\/www.ibbycat.cat\/wp-includes\/js\/wp-embed.min.js\n<\/script>\n","thumbnail_url":"https:\/\/www.ibbycat.cat\/wp-content\/uploads\/978-84-1855-880-1.jpg","thumbnail_width":619,"thumbnail_height":800,"description":"Es pot copsar el neguit de la primera vegada que et quedes sol a casa? Aquella sensaci\u00f3 amplificada que fa que un espai tan familiar com la pr\u00f2pia llar esdevingui un espai estrany, irreconeixible per la seva buidor. N\u00faria Figueras \u2014cap de redacci\u00f3 de la revista Tatano\u2014, de la m\u00e0 de la il\u00b7lustradora Anna Font \u2014finalista en dues ocasions a la Fira del Llibre Infantil de Bolonya\u2014 construeixen la hist\u00f2ria d\u2019una guineu que experimenta aquest primer contacte amb la soledat. El que s\u2019inicia com un conte tradicional (l\u2019av\u00eds de no obrir la porta a desconeguts i la desobedi\u00e8ncia inevitable que segueix) es transforma en una oda a la necessitat de travar amistat amb el silenci per poder cr\u00e9ixer com a individu. Si b\u00e9 el concepte no era gens f\u00e0cil de materialitzar sense que sembl\u00e9s artifici\u00f3s, les autores aconsegueixen un llenguatge (verbal i pl\u00e0stic) mil\u00b7lim\u00e8tric, amb un text clar, conc\u00eds i acotat, i unes il\u00b7lustracions equilibrades, sense excessos, mantenint la senzillesa pertinent a la tem\u00e0tica i destil\u00b7lant un vast coneixement de les possibilitats narratives de l\u2019\u00e0lbum. Ho notem des de la primera plana, on la mare guineu surt d\u2019escena en direcci\u00f3 oposada al transcurs de la hist\u00f2ria (marxant\u00a0literalment fora de la p\u00e0gina) i en la representaci\u00f3 visual del silenci amb una sola l\u00ednia blanca, que en molts casos desborda el llibre com a met\u00e0fora de la seva magnitud; molt adient tamb\u00e9 la buidor del cos per on tot es traspassa i la mal\u00b7leabilitat amb qu\u00e8 adapta la seva forma a l\u2019espai (seria del tot rod\u00f3 si el silenci es torn\u00e9s mut). Amb tot, no \u00e9s d\u2019estranyar que hagi obtingut el Premi Compostel\u00b7la 2023. Caldria, per\u00f2, reflexionar sobre el p\u00fablic a qui es dirigeix. Si b\u00e9 ens decantem per \u00e0lbums que permetin ser redescoberts en diferents etapes, sembla important que el seu fons no sigui del tot ali\u00e8 als m\u00e9s menuts, o que la seva forma no vagi en detriment d\u2019arribar a infants de m\u00e9s edat, que podrien sentir-se m\u00e9s pr\u00f2xims a la viv\u00e8ncia descrita. FIGUERAS, N\u00faria Anna Font Kalandraka"}

Es pot copsar el neguit de la primera vegada que et quedes sol a casa? Aquella sensació amplificada que fa que un espai tan familiar com la pròpia llar esdevingui un espai estrany, irreconeixible per la seva buidor. Núria Figueras —cap de redacció de la revista Tatano—, de la mà de la il·lustradora Anna Font —finalista en dues ocasions a la Fira del Llibre Infantil de Bolonya— construeixen la història d’una guineu que experimenta aquest primer contacte amb la soledat. El que s’inicia com un conte tradicional (l’avís de no obrir la porta a desconeguts i la desobediència inevitable que segueix) es transforma en una oda a la necessitat de travar amistat amb el silenci per poder créixer com a individu. Si bé el concepte no era gens fàcil de materialitzar sense que semblés artificiós, les autores aconsegueixen un llenguatge (verbal i plàstic) mil·limètric, amb un text clar, concís i acotat, i unes il·lustracions equilibrades, sense excessos, mantenint la senzillesa pertinent a la temàtica i destil·lant un vast coneixement de les possibilitats narratives de l’àlbum. Ho notem des de la primera plana, on la mare guineu surt d’escena en direcció oposada al transcurs de la història (marxant literalment fora de la pàgina) i en la representació visual del silenci amb una sola línia blanca, que en molts casos desborda el llibre com a metàfora de la seva magnitud; molt adient també la buidor del cos per on tot es traspassa i la mal·leabilitat amb què adapta la seva forma a l’espai (seria del tot rodó si el silenci es tornés mut). Amb tot, no és d’estranyar que hagi obtingut el Premi Compostel·la 2023. Caldria, però, reflexionar sobre el públic a qui es dirigeix. Si bé ens decantem per àlbums que permetin ser redescoberts en diferents etapes, sembla important que el seu fons no sigui del tot aliè als més menuts, o que la seva forma no vagi en detriment d’arribar a infants de més edat, que podrien sentir-se més pròxims a la vivència descrita. FIGUERAS, Núria Anna Font Kalandraka
