{"version":"1.0","provider_name":"Ibbycat","provider_url":"https:\/\/www.ibbycat.cat\/es\/","author_name":"Webico","author_url":"https:\/\/www.ibbycat.cat\/es\/author\/webico\/","title":"L'any del blauet - Ibbycat","type":"rich","width":600,"height":338,"html":"<blockquote class=\"wp-embedded-content\" data-secret=\"5cJvOFS1sk\"><a href=\"https:\/\/www.ibbycat.cat\/es\/llibre\/lany-del-blauet\/\">L&#8217;any del blauet<\/a><\/blockquote><iframe sandbox=\"allow-scripts\" security=\"restricted\" src=\"https:\/\/www.ibbycat.cat\/es\/llibre\/lany-del-blauet\/embed\/#?secret=5cJvOFS1sk\" width=\"600\" height=\"338\" title=\"\u00abL&#8217;any del blauet\u00bb \u2014 Ibbycat\" data-secret=\"5cJvOFS1sk\" frameborder=\"0\" marginwidth=\"0\" marginheight=\"0\" scrolling=\"no\" class=\"wp-embedded-content\"><\/iframe><script>\n\/*! This file is auto-generated *\/\n!function(d,l){\"use strict\";l.querySelector&&d.addEventListener&&\"undefined\"!=typeof URL&&(d.wp=d.wp||{},d.wp.receiveEmbedMessage||(d.wp.receiveEmbedMessage=function(e){var t=e.data;if((t||t.secret||t.message||t.value)&&!\/[^a-zA-Z0-9]\/.test(t.secret)){for(var s,r,n,a=l.querySelectorAll('iframe[data-secret=\"'+t.secret+'\"]'),o=l.querySelectorAll('blockquote[data-secret=\"'+t.secret+'\"]'),c=new RegExp(\"^https?:$\",\"i\"),i=0;i<o.length;i++)o[i].style.display=\"none\";for(i=0;i<a.length;i++)s=a[i],e.source===s.contentWindow&&(s.removeAttribute(\"style\"),\"height\"===t.message?(1e3<(r=parseInt(t.value,10))?r=1e3:~~r<200&&(r=200),s.height=r):\"link\"===t.message&&(r=new URL(s.getAttribute(\"src\")),n=new URL(t.value),c.test(n.protocol))&&n.host===r.host&&l.activeElement===s&&(d.top.location.href=t.value))}},d.addEventListener(\"message\",d.wp.receiveEmbedMessage,!1),l.addEventListener(\"DOMContentLoaded\",function(){for(var e,t,s=l.querySelectorAll(\"iframe.wp-embedded-content\"),r=0;r<s.length;r++)(t=(e=s[r]).getAttribute(\"data-secret\"))||(t=Math.random().toString(36).substring(2,12),e.src+=\"#?secret=\"+t,e.setAttribute(\"data-secret\",t)),e.contentWindow.postMessage({message:\"ready\",secret:t},\"*\")},!1)))}(window,document);\n\/\/# sourceURL=https:\/\/www.ibbycat.cat\/wp-includes\/js\/wp-embed.min.js\n<\/script>\n","thumbnail_url":"https:\/\/www.ibbycat.cat\/wp-content\/uploads\/978-84-9137-764-1.jpg","thumbnail_width":586,"thumbnail_height":800,"description":"No descobrir\u00e9 ara les excel\u00b7l\u00e8ncies de\u00a0Jaume Cabr\u00e9 com a escriptor. De fet, l&#8217;adjectiu \u00abignorant\u00bb queda curt per definir-me al respecte.\u00a0El que s\u00ed que far\u00e9 \u00e9s dedicar-me a aquesta obra, una de les millors per explicar el pas de les estacions a\u00a0grans i petits. Aquest relat data del 1981: ja va apar\u00e8ixer als\u00a0volums col\u00b7lectius Lectures. Llengua Catalana. Cicle inicial. 1r i 2n d\u2019EGB, de l\u2019Editorial Barcanova. Ens trobem, doncs, davant d&#8217;una reedici\u00f3. Per\u00f2 d&#8217;una reedici\u00f3 del 2012* a partir de la primera publicaci\u00f3 com a llibre que\u00a0se&#8217;n va fer el 1999, il\u00b7lustrat per Ses\u00e9 i publicat per Barcanova. Aquesta edici\u00f3\u00a0era de mida no excessivament gran, destinada a les primeres lectures. Ara se&#8217;ns presenta en format gran i carton\u00e9. El conte funciona sol sense la necessitat de cap imatge. La seva narrativa, que beu del conte oral i la rondall\u00edstica, \u00e9s suggeridora, i el text \u00e9s meditat pel que fa a les paraules, que s\u00f3n riques i adequades. A m\u00e9s, el primer lector pot descobrir nous mots que, gr\u00e0cies al context, faran gran el seu vocabulari. El text fa viatjar, i la lectura avan\u00e7a, com les estacions de l&#8217;any, sense adonar-nos-en. Ens trobem davant d&#8217;un conte il\u00b7lustrat m\u00e9s que no pas d&#8217;un \u00e0lbum. Pep Boatella va saber aprofitar al m\u00e0xim la narrativa de la imatge, i \u00e9s deutor, en part, de la versi\u00f3 de Ses\u00e9. Compositivament el llibre \u00e9s molt bo, fa que el text respiri gr\u00e0cies a les grans masses de blancs. Gener\u00e0 ritme amb els diferents punts de vista, obra d&#8217;un creador amb unes arts finals digitals que esdevenen referents. Fa set anys que Boatella va fer aquesta relectura, que continua vigent pel que fa a les caracter\u00edstiques esmentades. En resum, el format d&#8217;\u00e0lbum funciona, i\u00a0posats a reeditar-lo, potser ha estat un encert, en la meva modesta opini\u00f3. Si m\u00e9s no, l&#8217;acosta a edats m\u00e9s primerenques. Per saber-ne m\u00e9s: Josep Camps Arb\u00f3s: LA LITERATURA INFANTIL I JUVENIL DE JAUME CABRE\u0301 M\u00f2nica Ortiz de Pinedo: Jaume Cabr\u00e9: Literatura i m\u00fasica * Cr\u00edtica a Faristol del 2012. Algunes il\u00b7lustracions s&#8217;han extret de la p\u00e0gina de l&#8217;autor a l&#8217;APIC. &nbsp; &nbsp; CABR\u00c9, Jaume Pep Boatella Estrella Polar"}

No descobriré ara les excel·lències de Jaume Cabré com a escriptor. De fet, l&#8217;adjectiu «ignorant» queda curt per definir-me al respecte. El que sí que faré és dedicar-me a aquesta obra, una de les millors per explicar el pas de les estacions a grans i petits. Aquest relat data del 1981: ja va aparèixer als volums col·lectius Lectures. Llengua Catalana. Cicle inicial. 1r i 2n d’EGB, de l’Editorial Barcanova. Ens trobem, doncs, davant d&#8217;una reedició. Però d&#8217;una reedició del 2012* a partir de la primera publicació com a llibre que se&#8217;n va fer el 1999, il·lustrat per Sesé i publicat per Barcanova. Aquesta edició era de mida no excessivament gran, destinada a les primeres lectures. Ara se&#8217;ns presenta en format gran i cartoné. El conte funciona sol sense la necessitat de cap imatge. La seva narrativa, que beu del conte oral i la rondallística, és suggeridora, i el text és meditat pel que fa a les paraules, que són riques i adequades. A més, el primer lector pot descobrir nous mots que, gràcies al context, faran gran el seu vocabulari. El text fa viatjar, i la lectura avança, com les estacions de l&#8217;any, sense adonar-nos-en. Ens trobem davant d&#8217;un conte il·lustrat més que no pas d&#8217;un àlbum. Pep Boatella va saber aprofitar al màxim la narrativa de la imatge, i és deutor, en part, de la versió de Sesé. Compositivament el llibre és molt bo, fa que el text respiri gràcies a les grans masses de blancs. Generà ritme amb els diferents punts de vista, obra d&#8217;un creador amb unes arts finals digitals que esdevenen referents. Fa set anys que Boatella va fer aquesta relectura, que continua vigent pel que fa a les característiques esmentades. En resum, el format d&#8217;àlbum funciona, i posats a reeditar-lo, potser ha estat un encert, en la meva modesta opinió. Si més no, l&#8217;acosta a edats més primerenques. Per saber-ne més: Josep Camps Arbós: LA LITERATURA INFANTIL I JUVENIL DE JAUME CABRÉ Mònica Ortiz de Pinedo: Jaume Cabré: Literatura i música * Crítica a Faristol del 2012. Algunes il·lustracions s&#8217;han extret de la pàgina de l&#8217;autor a l&#8217;APIC. &nbsp; &nbsp; CABRÉ, Jaume Pep Boatella Estrella Polar
