{"version":"1.0","provider_name":"Ibbycat","provider_url":"https:\/\/www.ibbycat.cat\/es\/","author_name":"Webico","author_url":"https:\/\/www.ibbycat.cat\/es\/author\/webico\/","title":"L'arbre de Nadal - Ibbycat","type":"rich","width":600,"height":338,"html":"<blockquote class=\"wp-embedded-content\" data-secret=\"MsnLbKD0bD\"><a href=\"https:\/\/www.ibbycat.cat\/es\/llibre\/larbre-de-nadal\/\">L&#8217;arbre de Nadal<\/a><\/blockquote><iframe sandbox=\"allow-scripts\" security=\"restricted\" src=\"https:\/\/www.ibbycat.cat\/es\/llibre\/larbre-de-nadal\/embed\/#?secret=MsnLbKD0bD\" width=\"600\" height=\"338\" title=\"\u00abL&#8217;arbre de Nadal\u00bb \u2014 Ibbycat\" data-secret=\"MsnLbKD0bD\" frameborder=\"0\" marginwidth=\"0\" marginheight=\"0\" scrolling=\"no\" class=\"wp-embedded-content\"><\/iframe><script>\n\/*! This file is auto-generated *\/\n!function(d,l){\"use strict\";l.querySelector&&d.addEventListener&&\"undefined\"!=typeof URL&&(d.wp=d.wp||{},d.wp.receiveEmbedMessage||(d.wp.receiveEmbedMessage=function(e){var t=e.data;if((t||t.secret||t.message||t.value)&&!\/[^a-zA-Z0-9]\/.test(t.secret)){for(var s,r,n,a=l.querySelectorAll('iframe[data-secret=\"'+t.secret+'\"]'),o=l.querySelectorAll('blockquote[data-secret=\"'+t.secret+'\"]'),c=new RegExp(\"^https?:$\",\"i\"),i=0;i<o.length;i++)o[i].style.display=\"none\";for(i=0;i<a.length;i++)s=a[i],e.source===s.contentWindow&&(s.removeAttribute(\"style\"),\"height\"===t.message?(1e3<(r=parseInt(t.value,10))?r=1e3:~~r<200&&(r=200),s.height=r):\"link\"===t.message&&(r=new URL(s.getAttribute(\"src\")),n=new URL(t.value),c.test(n.protocol))&&n.host===r.host&&l.activeElement===s&&(d.top.location.href=t.value))}},d.addEventListener(\"message\",d.wp.receiveEmbedMessage,!1),l.addEventListener(\"DOMContentLoaded\",function(){for(var e,t,s=l.querySelectorAll(\"iframe.wp-embedded-content\"),r=0;r<s.length;r++)(t=(e=s[r]).getAttribute(\"data-secret\"))||(t=Math.random().toString(36).substring(2,12),e.src+=\"#?secret=\"+t,e.setAttribute(\"data-secret\",t)),e.contentWindow.postMessage({message:\"ready\",secret:t},\"*\")},!1)))}(window,document);\n\/\/# sourceURL=https:\/\/www.ibbycat.cat\/wp-includes\/js\/wp-embed.min.js\n<\/script>\n","thumbnail_url":"https:\/\/www.ibbycat.cat\/wp-content\/uploads\/978-84-479-1793-8.jpg","thumbnail_width":140,"thumbnail_height":140,"description":"Abans de final d\u2019any, les editorials aprofiten el \u00abfil\u00f3 del Nadal\u00bb per treure al mercat llibres de diversa \u00edndole sobre el tema. Enguany, L\u2019arbre de Nadal es reedita amb format renovat i nou il\u00b7lustrador. \u00c9s un conte que, a m\u00e9s de parlar-nos sobre la tradici\u00f3 d\u2019ornar els avets, ens ensenya a ser respectuosos amb la natura sense haver de renunciar a la tradici\u00f3. L\u2019Elisabet, que vol guarnir l\u2019arbre, despr\u00e9s de dos fracassos en qu\u00e8 els avets comprats se li han mort, s\u2019enamorar\u00e0 d\u2019un arbre lleig i malm\u00e8s el qual omplir\u00e0 d\u2019atencions, aconseguint que sobrevisqui i esdevingui un preci\u00f3s avet. La hist\u00f2ria de clara vocaci\u00f3 did\u00e0ctica, s\u2019enriqueix amb les generoses il\u00b7lustracions que l\u2019acompanyen harmoniosament. La seva expressivitat i riquesa d\u00f3na vida i energia a una hist\u00f2ria que, sense ser excessivament original, est\u00e0 ben narrada. Un text senzill per\u00f2 amb un l\u00e8xic acurat que finalitza amb un rodol\u00ed rod\u00f3. Un llibre correcte, per llegir-lo en qualsevol estaci\u00f3 de l\u2019any, del qual gaudirem mirant-ne les il\u00b7lustracions. DELGADO, Josep-Francesc Carles Arbat Baula"}

Abans de final d’any, les editorials aprofiten el «filó del Nadal» per treure al mercat llibres de diversa índole sobre el tema. Enguany, L’arbre de Nadal es reedita amb format renovat i nou il·lustrador. És un conte que, a més de parlar-nos sobre la tradició d’ornar els avets, ens ensenya a ser respectuosos amb la natura sense haver de renunciar a la tradició. L’Elisabet, que vol guarnir l’arbre, després de dos fracassos en què els avets comprats se li han mort, s’enamorarà d’un arbre lleig i malmès el qual omplirà d’atencions, aconseguint que sobrevisqui i esdevingui un preciós avet. La història de clara vocació didàctica, s’enriqueix amb les generoses il·lustracions que l’acompanyen harmoniosament. La seva expressivitat i riquesa dóna vida i energia a una història que, sense ser excessivament original, està ben narrada. Un text senzill però amb un lèxic acurat que finalitza amb un rodolí rodó. Un llibre correcte, per llegir-lo en qualsevol estació de l’any, del qual gaudirem mirant-ne les il·lustracions. DELGADO, Josep-Francesc Carles Arbat Baula
