{"version":"1.0","provider_name":"Ibbycat","provider_url":"https:\/\/www.ibbycat.cat\/es\/","author_name":"Webico","author_url":"https:\/\/www.ibbycat.cat\/es\/author\/webico\/","title":"L'edat del lloro - Ibbycat","type":"rich","width":600,"height":338,"html":"<blockquote class=\"wp-embedded-content\" data-secret=\"S3YSllHdL0\"><a href=\"https:\/\/www.ibbycat.cat\/es\/llibre\/ledat-del-lloro\/\">L&#8217;edat del lloro<\/a><\/blockquote><iframe sandbox=\"allow-scripts\" security=\"restricted\" src=\"https:\/\/www.ibbycat.cat\/es\/llibre\/ledat-del-lloro\/embed\/#?secret=S3YSllHdL0\" width=\"600\" height=\"338\" title=\"\u00abL&#8217;edat del lloro\u00bb \u2014 Ibbycat\" data-secret=\"S3YSllHdL0\" frameborder=\"0\" marginwidth=\"0\" marginheight=\"0\" scrolling=\"no\" class=\"wp-embedded-content\"><\/iframe><script>\n\/*! This file is auto-generated *\/\n!function(d,l){\"use strict\";l.querySelector&&d.addEventListener&&\"undefined\"!=typeof URL&&(d.wp=d.wp||{},d.wp.receiveEmbedMessage||(d.wp.receiveEmbedMessage=function(e){var t=e.data;if((t||t.secret||t.message||t.value)&&!\/[^a-zA-Z0-9]\/.test(t.secret)){for(var s,r,n,a=l.querySelectorAll('iframe[data-secret=\"'+t.secret+'\"]'),o=l.querySelectorAll('blockquote[data-secret=\"'+t.secret+'\"]'),c=new RegExp(\"^https?:$\",\"i\"),i=0;i<o.length;i++)o[i].style.display=\"none\";for(i=0;i<a.length;i++)s=a[i],e.source===s.contentWindow&&(s.removeAttribute(\"style\"),\"height\"===t.message?(1e3<(r=parseInt(t.value,10))?r=1e3:~~r<200&&(r=200),s.height=r):\"link\"===t.message&&(r=new URL(s.getAttribute(\"src\")),n=new URL(t.value),c.test(n.protocol))&&n.host===r.host&&l.activeElement===s&&(d.top.location.href=t.value))}},d.addEventListener(\"message\",d.wp.receiveEmbedMessage,!1),l.addEventListener(\"DOMContentLoaded\",function(){for(var e,t,s=l.querySelectorAll(\"iframe.wp-embedded-content\"),r=0;r<s.length;r++)(t=(e=s[r]).getAttribute(\"data-secret\"))||(t=Math.random().toString(36).substring(2,12),e.src+=\"#?secret=\"+t,e.setAttribute(\"data-secret\",t)),e.contentWindow.postMessage({message:\"ready\",secret:t},\"*\")},!1)))}(window,document);\n\/\/# sourceURL=https:\/\/www.ibbycat.cat\/wp-includes\/js\/wp-embed.min.js\n<\/script>\n","thumbnail_url":"https:\/\/www.ibbycat.cat\/wp-content\/uploads\/978-84-683-0837-1.jpg","thumbnail_width":140,"thumbnail_height":140,"description":"La nota biogr\u00e0fica afirma que l\u2019autora fa m\u00e9s de vint anys que es dedica a escriure guions de televisi\u00f3, i sobre aquest tema gira la novel\u00b7la. La Rita, d\u2019onze anys, ens parla de les seves preocupacions i del seu objectiu: recuperar el seu germ\u00e0. Aquest s\u2019est\u00e0 fent fam\u00f3s com a personatge d\u2019un serial de televisi\u00f3 i la Rita afirma que \u00abcada vegada t\u00e9 m\u00e9s admiradores i jo menys germ\u00e0\u00bb. Per assolir l\u2019objectiu, la Rita en far\u00e0 de l\u2019al\u00e7ada d\u2019un campanar. Pou aconsegueix una obra destacable, en la qual no s\u2019aparta mai del tema, i t\u00e9 l\u2019habilitat per definir el car\u00e0cter dels personatges. M\u2019ha agradat com van i v\u00e9nen les relacions entre ells en funci\u00f3 d\u2019all\u00f2 que s\u2019esdev\u00e9, i especialment l\u2019evoluci\u00f3 de la Rita, visible per exemple en la relaci\u00f3 que t\u00e9 amb el psic\u00f2leg a qu\u00e8 la fan anar els seus pares. En la seva primera visita no se li sent ni un fil de veu perqu\u00e8 considera que el psic\u00f2leg se\u2019t queda els secrets, i cap al final acaba buidant el pap. Original en el tema i recomanable en el tractament que se\u2019n fa. El que fa un flac favor a l\u2019obra \u00e9s l\u2019embolcall, que li d\u00f3na una aparen\u00e7a m\u00e9s infantil del que \u00e9s. Una coberta m\u00e9s propera als adolescents l\u2019ajudaria a arribar als seus lectors potencials. POU, Gisela Francisco Ruizge Edeb\u00e9"}

La nota biogràfica afirma que l’autora fa més de vint anys que es dedica a escriure guions de televisió, i sobre aquest tema gira la novel·la. La Rita, d’onze anys, ens parla de les seves preocupacions i del seu objectiu: recuperar el seu germà. Aquest s’està fent famós com a personatge d’un serial de televisió i la Rita afirma que «cada vegada té més admiradores i jo menys germà». Per assolir l’objectiu, la Rita en farà de l’alçada d’un campanar. Pou aconsegueix una obra destacable, en la qual no s’aparta mai del tema, i té l’habilitat per definir el caràcter dels personatges. M’ha agradat com van i vénen les relacions entre ells en funció d’allò que s’esdevé, i especialment l’evolució de la Rita, visible per exemple en la relació que té amb el psicòleg a què la fan anar els seus pares. En la seva primera visita no se li sent ni un fil de veu perquè considera que el psicòleg se’t queda els secrets, i cap al final acaba buidant el pap. Original en el tema i recomanable en el tractament que se’n fa. El que fa un flac favor a l’obra és l’embolcall, que li dóna una aparença més infantil del que és. Una coberta més propera als adolescents l’ajudaria a arribar als seus lectors potencials. POU, Gisela Francisco Ruizge Edebé
