{"version":"1.0","provider_name":"Ibbycat","provider_url":"https:\/\/www.ibbycat.cat\/es\/","author_name":"Webico","author_url":"https:\/\/www.ibbycat.cat\/es\/author\/webico\/","title":"Les vacances de Sa\u00efda. - Ibbycat","type":"rich","width":600,"height":338,"html":"<blockquote class=\"wp-embedded-content\" data-secret=\"c46dSVp8Cf\"><a href=\"https:\/\/www.ibbycat.cat\/es\/llibre\/les-vacances-de-saida\/\">Les vacances de Sa\u00efda.<\/a><\/blockquote><iframe sandbox=\"allow-scripts\" security=\"restricted\" src=\"https:\/\/www.ibbycat.cat\/es\/llibre\/les-vacances-de-saida\/embed\/#?secret=c46dSVp8Cf\" width=\"600\" height=\"338\" title=\"\u00abLes vacances de Sa\u00efda.\u00bb \u2014 Ibbycat\" data-secret=\"c46dSVp8Cf\" frameborder=\"0\" marginwidth=\"0\" marginheight=\"0\" scrolling=\"no\" class=\"wp-embedded-content\"><\/iframe><script>\n\/*! This file is auto-generated *\/\n!function(d,l){\"use strict\";l.querySelector&&d.addEventListener&&\"undefined\"!=typeof URL&&(d.wp=d.wp||{},d.wp.receiveEmbedMessage||(d.wp.receiveEmbedMessage=function(e){var t=e.data;if((t||t.secret||t.message||t.value)&&!\/[^a-zA-Z0-9]\/.test(t.secret)){for(var s,r,n,a=l.querySelectorAll('iframe[data-secret=\"'+t.secret+'\"]'),o=l.querySelectorAll('blockquote[data-secret=\"'+t.secret+'\"]'),c=new RegExp(\"^https?:$\",\"i\"),i=0;i<o.length;i++)o[i].style.display=\"none\";for(i=0;i<a.length;i++)s=a[i],e.source===s.contentWindow&&(s.removeAttribute(\"style\"),\"height\"===t.message?(1e3<(r=parseInt(t.value,10))?r=1e3:~~r<200&&(r=200),s.height=r):\"link\"===t.message&&(r=new URL(s.getAttribute(\"src\")),n=new URL(t.value),c.test(n.protocol))&&n.host===r.host&&l.activeElement===s&&(d.top.location.href=t.value))}},d.addEventListener(\"message\",d.wp.receiveEmbedMessage,!1),l.addEventListener(\"DOMContentLoaded\",function(){for(var e,t,s=l.querySelectorAll(\"iframe.wp-embedded-content\"),r=0;r<s.length;r++)(t=(e=s[r]).getAttribute(\"data-secret\"))||(t=Math.random().toString(36).substring(2,12),e.src+=\"#?secret=\"+t,e.setAttribute(\"data-secret\",t)),e.contentWindow.postMessage({message:\"ready\",secret:t},\"*\")},!1)))}(window,document);\n\/\/# sourceURL=https:\/\/www.ibbycat.cat\/wp-includes\/js\/wp-embed.min.js\n<\/script>\n","thumbnail_url":"https:\/\/www.ibbycat.cat\/wp-content\/uploads\/84-7660-719-9.jpg","thumbnail_width":140,"thumbnail_height":140,"description":"Es nota que aquest \u00e9s el primer relat d\u2019aquesta autora: una hist\u00f2ria prima on des del principi s\u2019endevina de qu\u00e8 anir\u00e0 i s\u2019olora el missatge a favor de la diver-sitat i les bones accions amb els infants saharians, un tema que comen\u00e7a a ser reiteratiu es-pecialment quan no s\u2019aporta res de nou i tot queda en el simple relat on dos nens es fan amics, passen un estiu plegats i s\u2019acomiaden fins l\u2019any que ve. Cal anar m\u00e9s enll\u00e0 dels t\u00f2pics i presentar idees noves, si no ja sabem la lli\u00e7\u00f3 final. Parlant del final, molt b\u00e9 l\u2019\u00faltim par\u00e0graf del relat: \u00abLa veu misteriosa dels altaveus interromp la nostra abra\u00e7ada i s\u2019emporta Sa\u00efda al desert. A mi em deixa un forat a la panxa, que cap gelat no podr\u00e0 omplir ja\u00bb. El lector sempre espera d\u2019una novel\u00b7la que la tensi\u00f3 narrativa, la claredat de les idees i sobretot la contund\u00e8ncia de les accions li deixin tamb\u00e9 un bon forat a la panxa, cosa que en aquesta primera novel\u00b7la, segons el meu parer, no s\u2019aconsegueix. PEYDR\u00d3, Eva. Horacio Elena. Bromera."}

Les vacances de Saïda. - Ibbycat

<blockquote class="wp-embedded-content" data-secret="c46dSVp8Cf"><a href="https://www.ibbycat.cat/es/llibre/les-vacances-de-saida/">Les vacances de Saïda.</a></blockquote><iframe sandbox="allow-scripts" security="restricted" src="https://www.ibbycat.cat/es/llibre/les-vacances-de-saida/embed/#?secret=c46dSVp8Cf" width="600" height="338" title="«Les vacances de Saïda.» — Ibbycat" data-secret="c46dSVp8Cf" frameborder="0" marginwidth="0" marginheight="0" scrolling="no" class="wp-embedded-content"></iframe><script>
/*! This file is auto-generated */
!function(d,l){"use strict";l.querySelector&&d.addEventListener&&"undefined"!=typeof URL&&(d.wp=d.wp||{},d.wp.receiveEmbedMessage||(d.wp.receiveEmbedMessage=function(e){var t=e.data;if((t||t.secret||t.message||t.value)&&!/[^a-zA-Z0-9]/.test(t.secret)){for(var s,r,n,a=l.querySelectorAll('iframe[data-secret="'+t.secret+'"]'),o=l.querySelectorAll('blockquote[data-secret="'+t.secret+'"]'),c=new RegExp("^https?:$","i"),i=0;i<o.length;i++)o[i].style.display="none";for(i=0;i<a.length;i++)s=a[i],e.source===s.contentWindow&&(s.removeAttribute("style"),"height"===t.message?(1e3<(r=parseInt(t.value,10))?r=1e3:~~r<200&&(r=200),s.height=r):"link"===t.message&&(r=new URL(s.getAttribute("src")),n=new URL(t.value),c.test(n.protocol))&&n.host===r.host&&l.activeElement===s&&(d.top.location.href=t.value))}},d.addEventListener("message",d.wp.receiveEmbedMessage,!1),l.addEventListener("DOMContentLoaded",function(){for(var e,t,s=l.querySelectorAll("iframe.wp-embedded-content"),r=0;r<s.length;r++)(t=(e=s[r]).getAttribute("data-secret"))||(t=Math.random().toString(36).substring(2,12),e.src+="#?secret="+t,e.setAttribute("data-secret",t)),e.contentWindow.postMessage({message:"ready",secret:t},"*")},!1)))}(window,document);
//# sourceURL=https://www.ibbycat.cat/wp-includes/js/wp-embed.min.js
</script>

Es nota que aquest és el primer relat d’aquesta autora: una història prima on des del principi s’endevina de què anirà i s’olora el missatge a favor de la diver-sitat i les bones accions amb els infants saharians, un tema que comença a ser reiteratiu es-pecialment quan no s’aporta res de nou i tot queda en el simple relat on dos nens es fan amics, passen un estiu plegats i s’acomiaden fins l’any que ve. Cal anar més enllà dels tòpics i presentar idees noves, si no ja sabem la lliçó final. Parlant del final, molt bé l’últim paràgraf del relat: «La veu misteriosa dels altaveus interromp la nostra abraçada i s’emporta Saïda al desert. A mi em deixa un forat a la panxa, que cap gelat no podrà omplir ja». El lector sempre espera d’una novel·la que la tensió narrativa, la claredat de les idees i sobretot la contundència de les accions li deixin també un bon forat a la panxa, cosa que en aquesta primera novel·la, segons el meu parer, no s’aconsegueix. PEYDRÓ, Eva. Horacio Elena. Bromera.
