{"version":"1.0","provider_name":"Ibbycat","provider_url":"https:\/\/www.ibbycat.cat\/es\/","author_name":"ibbycat","author_url":"https:\/\/www.ibbycat.cat\/es\/author\/ibbycat\/","title":"Les veus del camp - Ibbycat","type":"rich","width":600,"height":338,"html":"<blockquote class=\"wp-embedded-content\" data-secret=\"JhGoqFl6Fj\"><a href=\"https:\/\/www.ibbycat.cat\/es\/llibre\/les-veus-del-camp\/\">Les veus del camp<\/a><\/blockquote><iframe sandbox=\"allow-scripts\" security=\"restricted\" src=\"https:\/\/www.ibbycat.cat\/es\/llibre\/les-veus-del-camp\/embed\/#?secret=JhGoqFl6Fj\" width=\"600\" height=\"338\" title=\"\u00abLes veus del camp\u00bb \u2014 Ibbycat\" data-secret=\"JhGoqFl6Fj\" frameborder=\"0\" marginwidth=\"0\" marginheight=\"0\" scrolling=\"no\" class=\"wp-embedded-content\"><\/iframe><script>\n\/*! This file is auto-generated *\/\n!function(d,l){\"use strict\";l.querySelector&&d.addEventListener&&\"undefined\"!=typeof URL&&(d.wp=d.wp||{},d.wp.receiveEmbedMessage||(d.wp.receiveEmbedMessage=function(e){var t=e.data;if((t||t.secret||t.message||t.value)&&!\/[^a-zA-Z0-9]\/.test(t.secret)){for(var s,r,n,a=l.querySelectorAll('iframe[data-secret=\"'+t.secret+'\"]'),o=l.querySelectorAll('blockquote[data-secret=\"'+t.secret+'\"]'),c=new RegExp(\"^https?:$\",\"i\"),i=0;i<o.length;i++)o[i].style.display=\"none\";for(i=0;i<a.length;i++)s=a[i],e.source===s.contentWindow&&(s.removeAttribute(\"style\"),\"height\"===t.message?(1e3<(r=parseInt(t.value,10))?r=1e3:~~r<200&&(r=200),s.height=r):\"link\"===t.message&&(r=new URL(s.getAttribute(\"src\")),n=new URL(t.value),c.test(n.protocol))&&n.host===r.host&&l.activeElement===s&&(d.top.location.href=t.value))}},d.addEventListener(\"message\",d.wp.receiveEmbedMessage,!1),l.addEventListener(\"DOMContentLoaded\",function(){for(var e,t,s=l.querySelectorAll(\"iframe.wp-embedded-content\"),r=0;r<s.length;r++)(t=(e=s[r]).getAttribute(\"data-secret\"))||(t=Math.random().toString(36).substring(2,12),e.src+=\"#?secret=\"+t,e.setAttribute(\"data-secret\",t)),e.contentWindow.postMessage({message:\"ready\",secret:t},\"*\")},!1)))}(window,document);\n\/\/# sourceURL=https:\/\/www.ibbycat.cat\/wp-includes\/js\/wp-embed.min.js\n<\/script>\n","thumbnail_url":"https:\/\/www.ibbycat.cat\/wp-content\/uploads\/Les-veus-del-camp.webp","thumbnail_width":875,"thumbnail_height":1250,"description":"L\u2019any 2022 es va publicar el llibre de poesia Les veus del bosc. La protagonista \u00e9s la Martina, una nena que s\u2019endinsa al bosc entre animals i arbres. Dos anys m\u00e9s tard es publica Les veus del camp, la segona part de la hist\u00f2ria, on la protagonista es trasllada a viure amb la seva fam\u00edlia a una casa enmig del camp. Les veus del camp comen\u00e7a amb una veu en tercera persona que narra la nova vida de la Martina, aix\u00ed com la seva intenci\u00f3 d\u2019observar els camps i els fruiters amb l\u2019ajuda de la seva lupa i d\u2019uns prism\u00e0tics que li van portar els Reis de l\u2019Orient. A trav\u00e9s dels ulls de la Martina ens apropem de manera po\u00e8tica al nesprer i la puput, l\u2019esbarzer i el pit-roig, l\u2019ametller i l\u2019abellerol\u2026 tot un recorregut a trav\u00e9s de setze poemes que ens permeten endinsar-nos al camp i a les seves veus. Els poemes s\u00f3n sobretot descriptius i permeten al lector con\u00e8ixer la flora i la fauna del camp. L\u2019autora, Mar\u00eda Jos\u00e9 Dom\u00e8nech, recorre al vers rimat i a figures ret\u00f2riques com la personificaci\u00f3, tot i que \u00e9s una ll\u00e0stima que, quan en un poema fa \u00fas de l\u2019al\u00b7literaci\u00f3, es remarqui en el text de manera evident i es prescindeixi de la subtilesa. El to dels poemes ens pot recordar aquells versos de la nostra infantesa que parlaven de la natura, els animals, les flors\u2026 La hist\u00f2ria acaba quan la Martina arriba a casa i omple el rebost de diferents productes: els diversos fruits i plantes que ha anat collint de cada temporada seguint la seva tradici\u00f3 familiar. El format del volum \u00e9s en carton\u00e9, ple de colors, i amb unes il\u00b7lustracions realistes fetes per Isabel Fabregat que ocupen la doble p\u00e0gina i que acompanyen el text. Tot i que els poemes no estan separats per cap\u00edtols, a l\u2019\u00edndex els trobem dividits en quatre blocs, un per cada estaci\u00f3 de l\u2019any. Dom\u00e8nech, Mar\u00eda Jos\u00e9 Fabregat, Isabel Lletra Impresa"}

L’any 2022 es va publicar el llibre de poesia Les veus del bosc. La protagonista és la Martina, una nena que s’endinsa al bosc entre animals i arbres. Dos anys més tard es publica Les veus del camp, la segona part de la història, on la protagonista es trasllada a viure amb la seva família a una casa enmig del camp. Les veus del camp comença amb una veu en tercera persona que narra la nova vida de la Martina, així com la seva intenció d’observar els camps i els fruiters amb l’ajuda de la seva lupa i d’uns prismàtics que li van portar els Reis de l’Orient. A través dels ulls de la Martina ens apropem de manera poètica al nesprer i la puput, l’esbarzer i el pit-roig, l’ametller i l’abellerol… tot un recorregut a través de setze poemes que ens permeten endinsar-nos al camp i a les seves veus. Els poemes són sobretot descriptius i permeten al lector conèixer la flora i la fauna del camp. L’autora, María José Domènech, recorre al vers rimat i a figures retòriques com la personificació, tot i que és una llàstima que, quan en un poema fa ús de l’al·literació, es remarqui en el text de manera evident i es prescindeixi de la subtilesa. El to dels poemes ens pot recordar aquells versos de la nostra infantesa que parlaven de la natura, els animals, les flors… La història acaba quan la Martina arriba a casa i omple el rebost de diferents productes: els diversos fruits i plantes que ha anat collint de cada temporada seguint la seva tradició familiar. El format del volum és en cartoné, ple de colors, i amb unes il·lustracions realistes fetes per Isabel Fabregat que ocupen la doble pàgina i que acompanyen el text. Tot i que els poemes no estan separats per capítols, a l’índex els trobem dividits en quatre blocs, un per cada estació de l’any. Domènech, María José Fabregat, Isabel Lletra Impresa
