{"version":"1.0","provider_name":"Ibbycat","provider_url":"https:\/\/www.ibbycat.cat\/es\/","author_name":"Webico","author_url":"https:\/\/www.ibbycat.cat\/es\/author\/webico\/","title":"L'Homenot del barret: homenatge a Enric Valor - Ibbycat","type":"rich","width":600,"height":338,"html":"<blockquote class=\"wp-embedded-content\" data-secret=\"6WNFCKZttO\"><a href=\"https:\/\/www.ibbycat.cat\/es\/llibre\/lhomenot-del-barret-homenatge-a-enric-valor\/\">L&#8217;Homenot del barret: homenatge a Enric Valor<\/a><\/blockquote><iframe sandbox=\"allow-scripts\" security=\"restricted\" src=\"https:\/\/www.ibbycat.cat\/es\/llibre\/lhomenot-del-barret-homenatge-a-enric-valor\/embed\/#?secret=6WNFCKZttO\" width=\"600\" height=\"338\" title=\"\u00abL&#8217;Homenot del barret: homenatge a Enric Valor\u00bb \u2014 Ibbycat\" data-secret=\"6WNFCKZttO\" frameborder=\"0\" marginwidth=\"0\" marginheight=\"0\" scrolling=\"no\" class=\"wp-embedded-content\"><\/iframe><script>\n\/*! This file is auto-generated *\/\n!function(d,l){\"use strict\";l.querySelector&&d.addEventListener&&\"undefined\"!=typeof URL&&(d.wp=d.wp||{},d.wp.receiveEmbedMessage||(d.wp.receiveEmbedMessage=function(e){var t=e.data;if((t||t.secret||t.message||t.value)&&!\/[^a-zA-Z0-9]\/.test(t.secret)){for(var s,r,n,a=l.querySelectorAll('iframe[data-secret=\"'+t.secret+'\"]'),o=l.querySelectorAll('blockquote[data-secret=\"'+t.secret+'\"]'),c=new RegExp(\"^https?:$\",\"i\"),i=0;i<o.length;i++)o[i].style.display=\"none\";for(i=0;i<a.length;i++)s=a[i],e.source===s.contentWindow&&(s.removeAttribute(\"style\"),\"height\"===t.message?(1e3<(r=parseInt(t.value,10))?r=1e3:~~r<200&&(r=200),s.height=r):\"link\"===t.message&&(r=new URL(s.getAttribute(\"src\")),n=new URL(t.value),c.test(n.protocol))&&n.host===r.host&&l.activeElement===s&&(d.top.location.href=t.value))}},d.addEventListener(\"message\",d.wp.receiveEmbedMessage,!1),l.addEventListener(\"DOMContentLoaded\",function(){for(var e,t,s=l.querySelectorAll(\"iframe.wp-embedded-content\"),r=0;r<s.length;r++)(t=(e=s[r]).getAttribute(\"data-secret\"))||(t=Math.random().toString(36).substring(2,12),e.src+=\"#?secret=\"+t,e.setAttribute(\"data-secret\",t)),e.contentWindow.postMessage({message:\"ready\",secret:t},\"*\")},!1)))}(window,document);\n\/\/# sourceURL=https:\/\/www.ibbycat.cat\/wp-includes\/js\/wp-embed.min.js\n<\/script>\n","thumbnail_url":"https:\/\/www.ibbycat.cat\/wp-content\/uploads\/978-84-92763-74-0.jpg","thumbnail_width":140,"thumbnail_height":140,"description":"Com s\u2019indica en el subt\u00edtol, aquest llibre ret homenat- ge a la figura immensa del fil\u00f2leg i folklorista, enamorat de la terra i de les paraules. Estructurat en estacions, de l\u2019hivern de la senectut a l\u2019es-tiu de la naixen\u00e7a, el text arrenca amb un Enric Valor anci\u00e0, instal\u00b7lat sota un ginebre a red\u00f3s del qual no regeixen les inclem\u00e8ncies del temps. L\u2019aparici\u00f3 d\u2019un personatge de rondalla, la Rosella, vella i jove alhora, propiciar\u00e0 que l\u2019homenot es comenci a fer m\u00e9s jove, fins a un final que \u00e9s un principi. I tot culmina amb una bella met\u00e0fora: el nad\u00f3, a punt de tornar amb la seva \u00abestimada mare\u00bb, duu barret i s\u2019abra\u00e7a a l\u2019arbre monumental. Entremig se succeeixen episodis meravellosos que permeten que desfilin tot de personatges de l\u2019imaginari popular que va aplegar Valor. La mateixa agilitat que aix\u00f2 confereix al relat es converteix, per\u00f2, en un llast: l\u2019espai \u00e9s limitat per encabir-hi tants personatges, i ignorem si una caracteritzaci\u00f3 sum\u00e0ria serveix per desvetllar complicitat en el lector o en el m\u00e9s que probable o\u00efdor. El llenguatge, expressiu i suc\u00f3s, convida a fer-se llegir, i les il\u00b7lustracions, plenes de vida, ens acosten el vessant m\u00e9s hum\u00e0 de l\u2019homenot. PASQUAL I ESCRIV\u00c0, Gemma Jes\u00fas Huguet Edicions 96"}

Com s’indica en el subtítol, aquest llibre ret homenat- ge a la figura immensa del filòleg i folklorista, enamorat de la terra i de les paraules. Estructurat en estacions, de l’hivern de la senectut a l’es-tiu de la naixença, el text arrenca amb un Enric Valor ancià, instal·lat sota un ginebre a redós del qual no regeixen les inclemències del temps. L’aparició d’un personatge de rondalla, la Rosella, vella i jove alhora, propiciarà que l’homenot es comenci a fer més jove, fins a un final que és un principi. I tot culmina amb una bella metàfora: el nadó, a punt de tornar amb la seva «estimada mare», duu barret i s’abraça a l’arbre monumental. Entremig se succeeixen episodis meravellosos que permeten que desfilin tot de personatges de l’imaginari popular que va aplegar Valor. La mateixa agilitat que això confereix al relat es converteix, però, en un llast: l’espai és limitat per encabir-hi tants personatges, i ignorem si una caracterització sumària serveix per desvetllar complicitat en el lector o en el més que probable oïdor. El llenguatge, expressiu i sucós, convida a fer-se llegir, i les il·lustracions, plenes de vida, ens acosten el vessant més humà de l’homenot. PASQUAL I ESCRIVÀ, Gemma Jesús Huguet Edicions 96
