{"version":"1.0","provider_name":"Ibbycat","provider_url":"https:\/\/www.ibbycat.cat\/es\/","author_name":"Webico","author_url":"https:\/\/www.ibbycat.cat\/es\/author\/webico\/","title":"L'impostor de Viena - Ibbycat","type":"rich","width":600,"height":338,"html":"<blockquote class=\"wp-embedded-content\" data-secret=\"ZwqjFP3R3D\"><a href=\"https:\/\/www.ibbycat.cat\/es\/llibre\/limpostor-de-viena\/\">L&#8217;impostor de Viena<\/a><\/blockquote><iframe sandbox=\"allow-scripts\" security=\"restricted\" src=\"https:\/\/www.ibbycat.cat\/es\/llibre\/limpostor-de-viena\/embed\/#?secret=ZwqjFP3R3D\" width=\"600\" height=\"338\" title=\"\u00abL&#8217;impostor de Viena\u00bb \u2014 Ibbycat\" data-secret=\"ZwqjFP3R3D\" frameborder=\"0\" marginwidth=\"0\" marginheight=\"0\" scrolling=\"no\" class=\"wp-embedded-content\"><\/iframe><script>\n\/*! This file is auto-generated *\/\n!function(d,l){\"use strict\";l.querySelector&&d.addEventListener&&\"undefined\"!=typeof URL&&(d.wp=d.wp||{},d.wp.receiveEmbedMessage||(d.wp.receiveEmbedMessage=function(e){var t=e.data;if((t||t.secret||t.message||t.value)&&!\/[^a-zA-Z0-9]\/.test(t.secret)){for(var s,r,n,a=l.querySelectorAll('iframe[data-secret=\"'+t.secret+'\"]'),o=l.querySelectorAll('blockquote[data-secret=\"'+t.secret+'\"]'),c=new RegExp(\"^https?:$\",\"i\"),i=0;i<o.length;i++)o[i].style.display=\"none\";for(i=0;i<a.length;i++)s=a[i],e.source===s.contentWindow&&(s.removeAttribute(\"style\"),\"height\"===t.message?(1e3<(r=parseInt(t.value,10))?r=1e3:~~r<200&&(r=200),s.height=r):\"link\"===t.message&&(r=new URL(s.getAttribute(\"src\")),n=new URL(t.value),c.test(n.protocol))&&n.host===r.host&&l.activeElement===s&&(d.top.location.href=t.value))}},d.addEventListener(\"message\",d.wp.receiveEmbedMessage,!1),l.addEventListener(\"DOMContentLoaded\",function(){for(var e,t,s=l.querySelectorAll(\"iframe.wp-embedded-content\"),r=0;r<s.length;r++)(t=(e=s[r]).getAttribute(\"data-secret\"))||(t=Math.random().toString(36).substring(2,12),e.src+=\"#?secret=\"+t,e.setAttribute(\"data-secret\",t)),e.contentWindow.postMessage({message:\"ready\",secret:t},\"*\")},!1)))}(window,document);\n\/\/# sourceURL=https:\/\/www.ibbycat.cat\/wp-includes\/js\/wp-embed.min.js\n<\/script>\n","thumbnail_url":"https:\/\/www.ibbycat.cat\/wp-content\/uploads\/978-84-9137-874-7.jpg","thumbnail_width":252,"thumbnail_height":382,"description":"Pol Castellanos (Barcelona, 1991) s&#8217;estrena en el m\u00f3n de la novel\u00b7la amb aquesta misteriosa hist\u00f2ria situada entre la ficci\u00f3 i la realitat. Tot es desencadena amb l&#8217;esclat de la Primera Guerra Mundial, quan la frontera d&#8217;It\u00e0lia i l&#8217;aleshores imperi austrohongar\u00e8s \u00e9s violada per aquests darrers, encap\u00e7alats per un insidi\u00f3s general a la recerca d&#8217;un objecte molt i molt cobejat: una flauta amb poders especials que pot canviar el curs de la hist\u00f2ria. Per\u00f2 en Bruno, un jove espavilat i honrat com el qui m\u00e9s, es reconeix com l&#8217;hereu d&#8217;aquell objecte preuat i far\u00e0 mans i m\u00e0nigues perqu\u00e8 no caigui en mans enemigues. Castellanos, autor de la fornada recent, format a la factoria de l&#8217;Ateneu Barcelon\u00e8s, ens presenta una hist\u00f2ria on realitat i ficci\u00f3 es donen la m\u00e0 per fer-nos ballar al ritme d&#8217;un so que flueix la mar de b\u00e9. Els personatges, misteriosos, d&#8217;aquells que sempre amaguen un passat convuls, queden ben retratats en les figures de la misteriosa Carla, una gaireb\u00e9 bruixa, i l&#8217;Sparacello, un mag amb desig de poder per\u00f2 molt bon cor, que acompanyen el jove Bruno en el relat i aconsegueixen confegir un trio prou complet i singular. Els dolents, en les figures dels comandaments G\u00fcnther i Weiss, s\u00f3n m\u00e9s dolents que la carn de gos, i per aconseguir el seu desig passaran per damunt de qui sigui necessari colpejant el lector amb efic\u00e0cia. Tot plegat en un moment hist\u00f2ric convuls, ple de forats hist\u00f2rics que permeten fer cre\u00efble la hist\u00f2ria que el narrador ens explica. Tot i aix\u00f2, potser per defecte personal, fa la sensaci\u00f3 que aquesta hist\u00f2ria ja ha estat explicada amb anterioritat, ja sigui en narracions similars, com la premiada trilogia de Raimon Portell, o en hist\u00f2ries forasteres d&#8217;autors\u00a0com Brian Selznick. Animem l&#8217;autor a continuar fent aitals bones obres i a publicar-les a fi de continuar ampliant el planter dels nostres autors. CASTELLANOS, Pol  Estrella Polar"}

Pol Castellanos (Barcelona, 1991) s&#8217;estrena en el món de la novel·la amb aquesta misteriosa història situada entre la ficció i la realitat. Tot es desencadena amb l&#8217;esclat de la Primera Guerra Mundial, quan la frontera d&#8217;Itàlia i l&#8217;aleshores imperi austrohongarès és violada per aquests darrers, encapçalats per un insidiós general a la recerca d&#8217;un objecte molt i molt cobejat: una flauta amb poders especials que pot canviar el curs de la història. Però en Bruno, un jove espavilat i honrat com el qui més, es reconeix com l&#8217;hereu d&#8217;aquell objecte preuat i farà mans i mànigues perquè no caigui en mans enemigues. Castellanos, autor de la fornada recent, format a la factoria de l&#8217;Ateneu Barcelonès, ens presenta una història on realitat i ficció es donen la mà per fer-nos ballar al ritme d&#8217;un so que flueix la mar de bé. Els personatges, misteriosos, d&#8217;aquells que sempre amaguen un passat convuls, queden ben retratats en les figures de la misteriosa Carla, una gairebé bruixa, i l&#8217;Sparacello, un mag amb desig de poder però molt bon cor, que acompanyen el jove Bruno en el relat i aconsegueixen confegir un trio prou complet i singular. Els dolents, en les figures dels comandaments Günther i Weiss, són més dolents que la carn de gos, i per aconseguir el seu desig passaran per damunt de qui sigui necessari colpejant el lector amb eficàcia. Tot plegat en un moment històric convuls, ple de forats històrics que permeten fer creïble la història que el narrador ens explica. Tot i això, potser per defecte personal, fa la sensació que aquesta història ja ha estat explicada amb anterioritat, ja sigui en narracions similars, com la premiada trilogia de Raimon Portell, o en històries forasteres d&#8217;autors com Brian Selznick. Animem l&#8217;autor a continuar fent aitals bones obres i a publicar-les a fi de continuar ampliant el planter dels nostres autors. CASTELLANOS, Pol  Estrella Polar
