{"version":"1.0","provider_name":"Ibbycat","provider_url":"https:\/\/www.ibbycat.cat\/es\/","author_name":"Webico","author_url":"https:\/\/www.ibbycat.cat\/es\/author\/webico\/","title":"L'Oleguer i el clan de les Llunes Grises - Ibbycat","type":"rich","width":600,"height":338,"html":"<blockquote class=\"wp-embedded-content\" data-secret=\"29eEx57qPY\"><a href=\"https:\/\/www.ibbycat.cat\/es\/llibre\/loleguer-i-el-clan-de-les-llunes-grises\/\">L&#8217;Oleguer i el clan de les Llunes Grises<\/a><\/blockquote><iframe sandbox=\"allow-scripts\" security=\"restricted\" src=\"https:\/\/www.ibbycat.cat\/es\/llibre\/loleguer-i-el-clan-de-les-llunes-grises\/embed\/#?secret=29eEx57qPY\" width=\"600\" height=\"338\" title=\"\u00abL&#8217;Oleguer i el clan de les Llunes Grises\u00bb \u2014 Ibbycat\" data-secret=\"29eEx57qPY\" frameborder=\"0\" marginwidth=\"0\" marginheight=\"0\" scrolling=\"no\" class=\"wp-embedded-content\"><\/iframe><script>\n\/*! This file is auto-generated *\/\n!function(d,l){\"use strict\";l.querySelector&&d.addEventListener&&\"undefined\"!=typeof URL&&(d.wp=d.wp||{},d.wp.receiveEmbedMessage||(d.wp.receiveEmbedMessage=function(e){var t=e.data;if((t||t.secret||t.message||t.value)&&!\/[^a-zA-Z0-9]\/.test(t.secret)){for(var s,r,n,a=l.querySelectorAll('iframe[data-secret=\"'+t.secret+'\"]'),o=l.querySelectorAll('blockquote[data-secret=\"'+t.secret+'\"]'),c=new RegExp(\"^https?:$\",\"i\"),i=0;i<o.length;i++)o[i].style.display=\"none\";for(i=0;i<a.length;i++)s=a[i],e.source===s.contentWindow&&(s.removeAttribute(\"style\"),\"height\"===t.message?(1e3<(r=parseInt(t.value,10))?r=1e3:~~r<200&&(r=200),s.height=r):\"link\"===t.message&&(r=new URL(s.getAttribute(\"src\")),n=new URL(t.value),c.test(n.protocol))&&n.host===r.host&&l.activeElement===s&&(d.top.location.href=t.value))}},d.addEventListener(\"message\",d.wp.receiveEmbedMessage,!1),l.addEventListener(\"DOMContentLoaded\",function(){for(var e,t,s=l.querySelectorAll(\"iframe.wp-embedded-content\"),r=0;r<s.length;r++)(t=(e=s[r]).getAttribute(\"data-secret\"))||(t=Math.random().toString(36).substring(2,12),e.src+=\"#?secret=\"+t,e.setAttribute(\"data-secret\",t)),e.contentWindow.postMessage({message:\"ready\",secret:t},\"*\")},!1)))}(window,document);\n\/\/# sourceURL=https:\/\/www.ibbycat.cat\/wp-includes\/js\/wp-embed.min.js\n<\/script>\n","thumbnail_url":"https:\/\/www.ibbycat.cat\/wp-content\/uploads\/978-84-489-2455-3.jpg","thumbnail_width":140,"thumbnail_height":140,"description":"L\u2019Oleguer no pot dormir. A les parets de la seva habitaci\u00f3 apareixen paisatges i personatges dels contes que la seva mare ha escrit. Un d\u2019ells l\u2019empeny a entrar dins del seu conte per trobar les bruixes grises, que impediran que les bruixes Menjaconills es mengin els conills de la granja del seu pare. Relat que utilitza el recurs, bastant usat en LIJ, del \u00abconte dins del conte\u00bb i en surt bastant ben parat. L\u2019inici i el final del llibre, que marquen el pas del m\u00f3n real al fant\u00e0stic, estan ben resolts, amb un llenguatge i un estil que denoten ofici. Malgrat tot, l\u2019argument \u00e9s poc original i, deixant de banda alguns episodis, la resta d\u2019aventures no s\u00f3n tan reeixides. D\u2019altra banda, el desenlla\u00e7 s\u2019allarga una mica massa, fet que justifica la mateixa autora en el llibre quan diu que el que li costa m\u00e9s \u00e9s triar el final de les hist\u00f2ries i escollir entre diferents opcions, potser en aquest cas les ha incloses totes. Un llibre entretingut, que incita a llegir i a viure les aventures dels contes, i que no seria estrany que fos la primera entrega d\u2019altres hist\u00f2ries. GARCIA i CORNELL\u00c0, Dolors Rosa S\u00e1ndez Barcanova"}

L’Oleguer no pot dormir. A les parets de la seva habitació apareixen paisatges i personatges dels contes que la seva mare ha escrit. Un d’ells l’empeny a entrar dins del seu conte per trobar les bruixes grises, que impediran que les bruixes Menjaconills es mengin els conills de la granja del seu pare. Relat que utilitza el recurs, bastant usat en LIJ, del «conte dins del conte» i en surt bastant ben parat. L’inici i el final del llibre, que marquen el pas del món real al fantàstic, estan ben resolts, amb un llenguatge i un estil que denoten ofici. Malgrat tot, l’argument és poc original i, deixant de banda alguns episodis, la resta d’aventures no són tan reeixides. D’altra banda, el desenllaç s’allarga una mica massa, fet que justifica la mateixa autora en el llibre quan diu que el que li costa més és triar el final de les històries i escollir entre diferents opcions, potser en aquest cas les ha incloses totes. Un llibre entretingut, que incita a llegir i a viure les aventures dels contes, i que no seria estrany que fos la primera entrega d’altres històries. GARCIA i CORNELLÀ, Dolors Rosa Sández Barcanova
