{"version":"1.0","provider_name":"Ibbycat","provider_url":"https:\/\/www.ibbycat.cat\/es\/","author_name":"Webico","author_url":"https:\/\/www.ibbycat.cat\/es\/author\/webico\/","title":"L'ombra dels oblidats - Ibbycat","type":"rich","width":600,"height":338,"html":"<blockquote class=\"wp-embedded-content\" data-secret=\"DOrgyKR6mR\"><a href=\"https:\/\/www.ibbycat.cat\/es\/llibre\/lombra-dels-oblidats\/\">L&#8217;ombra dels oblidats<\/a><\/blockquote><iframe sandbox=\"allow-scripts\" security=\"restricted\" src=\"https:\/\/www.ibbycat.cat\/es\/llibre\/lombra-dels-oblidats\/embed\/#?secret=DOrgyKR6mR\" width=\"600\" height=\"338\" title=\"\u00abL&#8217;ombra dels oblidats\u00bb \u2014 Ibbycat\" data-secret=\"DOrgyKR6mR\" frameborder=\"0\" marginwidth=\"0\" marginheight=\"0\" scrolling=\"no\" class=\"wp-embedded-content\"><\/iframe><script>\n\/*! This file is auto-generated *\/\n!function(d,l){\"use strict\";l.querySelector&&d.addEventListener&&\"undefined\"!=typeof URL&&(d.wp=d.wp||{},d.wp.receiveEmbedMessage||(d.wp.receiveEmbedMessage=function(e){var t=e.data;if((t||t.secret||t.message||t.value)&&!\/[^a-zA-Z0-9]\/.test(t.secret)){for(var s,r,n,a=l.querySelectorAll('iframe[data-secret=\"'+t.secret+'\"]'),o=l.querySelectorAll('blockquote[data-secret=\"'+t.secret+'\"]'),c=new RegExp(\"^https?:$\",\"i\"),i=0;i<o.length;i++)o[i].style.display=\"none\";for(i=0;i<a.length;i++)s=a[i],e.source===s.contentWindow&&(s.removeAttribute(\"style\"),\"height\"===t.message?(1e3<(r=parseInt(t.value,10))?r=1e3:~~r<200&&(r=200),s.height=r):\"link\"===t.message&&(r=new URL(s.getAttribute(\"src\")),n=new URL(t.value),c.test(n.protocol))&&n.host===r.host&&l.activeElement===s&&(d.top.location.href=t.value))}},d.addEventListener(\"message\",d.wp.receiveEmbedMessage,!1),l.addEventListener(\"DOMContentLoaded\",function(){for(var e,t,s=l.querySelectorAll(\"iframe.wp-embedded-content\"),r=0;r<s.length;r++)(t=(e=s[r]).getAttribute(\"data-secret\"))||(t=Math.random().toString(36).substring(2,12),e.src+=\"#?secret=\"+t,e.setAttribute(\"data-secret\",t)),e.contentWindow.postMessage({message:\"ready\",secret:t},\"*\")},!1)))}(window,document);\n\/\/# sourceURL=https:\/\/www.ibbycat.cat\/wp-includes\/js\/wp-embed.min.js\n<\/script>\n","thumbnail_url":"https:\/\/www.ibbycat.cat\/wp-content\/uploads\/978-84-489-2686-1.jpg","thumbnail_width":140,"thumbnail_height":140,"description":"L\u2019autora planteja l\u2019escenari d\u2019una hipot\u00e8tica societat futura regida per un consumisme extrem, pel control, l\u2019automatitzaci\u00f3 i l\u2019augment desmesurat, i a qualsevol preu, de la producci\u00f3, caracter\u00edstiques que li permeten recordar, encoberts per la ficci\u00f3, els vicis satiritzats d\u2019un model social no tan lluny\u00e0. La pres\u00e8ncia dels oblidats en aquest panorama demostra que no hi ha poder sense resist\u00e8ncia, sense aquest grup diferent a l\u2019hegemonia que viu amb el cap cot. Els protagonistes, un grup d\u2019amics ja nascuts i avesats a la nova era, reviuran l\u2019esperit aventurer dels seus avantpassats a trav\u00e9s del personatge del Gustau i d\u2019un gos, l\u2019Ombra. La perip\u00e8cia a qu\u00e8 estaran subjectes \u2014arribar a les muntanyes on viu recl\u00f2s el pare d\u2019un d\u2019ells\u2014 est\u00e0 ben tramada i arriba al lector gr\u00e0cies a uns bons di\u00e0legs, carregats amb el punt just d\u2019enyoran\u00e7a pels vells temps. D\u2019altra banda, l\u2019imaginari constru\u00eft es visualitza perfectament a les il\u00b7lustracions en unes tonalitats grises que complementen els moments importants de l\u2019acci\u00f3. L\u2019evoluci\u00f3 dels personatges \u00e9s clara i necess\u00e0ria; al final tots han canviat alguna cosa i miren el present i el passat d\u2019una altra manera. Una lectura recomanable que tamb\u00e9 far\u00e0 evolucionar el lector ja que convida a la reflexi\u00f3. VALLS, Coia Montse Espa\u00f1ol Barcanova"}

L’autora planteja l’escenari d’una hipotètica societat futura regida per un consumisme extrem, pel control, l’automatització i l’augment desmesurat, i a qualsevol preu, de la producció, característiques que li permeten recordar, encoberts per la ficció, els vicis satiritzats d’un model social no tan llunyà. La presència dels oblidats en aquest panorama demostra que no hi ha poder sense resistència, sense aquest grup diferent a l’hegemonia que viu amb el cap cot. Els protagonistes, un grup d’amics ja nascuts i avesats a la nova era, reviuran l’esperit aventurer dels seus avantpassats a través del personatge del Gustau i d’un gos, l’Ombra. La peripècia a què estaran subjectes —arribar a les muntanyes on viu reclòs el pare d’un d’ells— està ben tramada i arriba al lector gràcies a uns bons diàlegs, carregats amb el punt just d’enyorança pels vells temps. D’altra banda, l’imaginari construït es visualitza perfectament a les il·lustracions en unes tonalitats grises que complementen els moments importants de l’acció. L’evolució dels personatges és clara i necessària; al final tots han canviat alguna cosa i miren el present i el passat d’una altra manera. Una lectura recomanable que també farà evolucionar el lector ja que convida a la reflexió. VALLS, Coia Montse Español Barcanova
