{"version":"1.0","provider_name":"Ibbycat","provider_url":"https:\/\/www.ibbycat.cat\/es\/","author_name":"Webico","author_url":"https:\/\/www.ibbycat.cat\/es\/author\/webico\/","title":"Narrativas literarias en educaci\u00f3n infantil y primaria - Ibbycat","type":"rich","width":600,"height":338,"html":"<blockquote class=\"wp-embedded-content\" data-secret=\"T3s6N0uhiQ\"><a href=\"https:\/\/www.ibbycat.cat\/es\/llibre\/narrativas-literarias-en-educacion-infantil-y-primaria\/\">Narrativas literarias en educaci\u00f3n infantil y primaria<\/a><\/blockquote><iframe sandbox=\"allow-scripts\" security=\"restricted\" src=\"https:\/\/www.ibbycat.cat\/es\/llibre\/narrativas-literarias-en-educacion-infantil-y-primaria\/embed\/#?secret=T3s6N0uhiQ\" width=\"600\" height=\"338\" title=\"\u00abNarrativas literarias en educaci\u00f3n infantil y primaria\u00bb \u2014 Ibbycat\" data-secret=\"T3s6N0uhiQ\" frameborder=\"0\" marginwidth=\"0\" marginheight=\"0\" scrolling=\"no\" class=\"wp-embedded-content\"><\/iframe><script>\n\/*! This file is auto-generated *\/\n!function(d,l){\"use strict\";l.querySelector&&d.addEventListener&&\"undefined\"!=typeof URL&&(d.wp=d.wp||{},d.wp.receiveEmbedMessage||(d.wp.receiveEmbedMessage=function(e){var t=e.data;if((t||t.secret||t.message||t.value)&&!\/[^a-zA-Z0-9]\/.test(t.secret)){for(var s,r,n,a=l.querySelectorAll('iframe[data-secret=\"'+t.secret+'\"]'),o=l.querySelectorAll('blockquote[data-secret=\"'+t.secret+'\"]'),c=new RegExp(\"^https?:$\",\"i\"),i=0;i<o.length;i++)o[i].style.display=\"none\";for(i=0;i<a.length;i++)s=a[i],e.source===s.contentWindow&&(s.removeAttribute(\"style\"),\"height\"===t.message?(1e3<(r=parseInt(t.value,10))?r=1e3:~~r<200&&(r=200),s.height=r):\"link\"===t.message&&(r=new URL(s.getAttribute(\"src\")),n=new URL(t.value),c.test(n.protocol))&&n.host===r.host&&l.activeElement===s&&(d.top.location.href=t.value))}},d.addEventListener(\"message\",d.wp.receiveEmbedMessage,!1),l.addEventListener(\"DOMContentLoaded\",function(){for(var e,t,s=l.querySelectorAll(\"iframe.wp-embedded-content\"),r=0;r<s.length;r++)(t=(e=s[r]).getAttribute(\"data-secret\"))||(t=Math.random().toString(36).substring(2,12),e.src+=\"#?secret=\"+t,e.setAttribute(\"data-secret\",t)),e.contentWindow.postMessage({message:\"ready\",secret:t},\"*\")},!1)))}(window,document);\n\/\/# sourceURL=https:\/\/www.ibbycat.cat\/wp-includes\/js\/wp-embed.min.js\n<\/script>\n","thumbnail_url":"https:\/\/www.ibbycat.cat\/wp-content\/uploads\/978-84-9171-214-5.jpg","thumbnail_width":193,"thumbnail_height":261,"description":"Les autores i l&#8217;autor d&#8217;aquest llibre deixen molt clar quin \u00e9s el seu objectiu: \u00abHemos decidido romper una lanza en favor de explicitar\u00a0qu\u00e9 queremos que los ni\u00f1os aprendan sobre las narraciones en la escuela infantil\u00a0y primaria\u00bb. I a fe de D\u00e9u que aquest objectiu, valent i atrevit, s&#8217;afronta i s&#8217;aconsegueix concretar en, per exemple, dos magn\u00edfics cap\u00edtols finals, el 9 i el 10, i en una completa i ben seleccionada bibliografia, on se&#8217;ns ofereix un primer c\u00e0non d&#8217;all\u00f2 que tota escola hauria de tenir a la seva biblioteca o d&#8217;all\u00f2 que tot nen i nena hauria de llegir al llarg de la seva escolaritat. I m\u00e9s tenint en compte que sempre hi \u00e9s present la literatura infantil digital, contingut de ben segur derivat de la tesi doctoral de Lucas Ramada. Aix\u00ed mateix, la lectura d&#8217;aquest t\u00edtol ens permet anar del dia a dia de les escoles, merc\u00e8s als comentaris extrets, molt probablement, de l&#8217;experi\u00e8ncia de Lara Reyes i que va derivar en la seva magn\u00edfica i il\u00b7lustrativa tesi doctoral (si us plau, que alg\u00fa la publiqui!), fins al rigor de qu\u00e8 de ben segur doten el llibre autors com Teresa Colomer i Mireia Manresa. Els quatre autors citats, tots ells membres del grup GRETEL de la Universitat Aut\u00f2noma de Barcelona, ens ofereixen un t\u00edtol que acontentar\u00e0 a\u00a0tothom: des de qui rema cada dia a\u00a0les aules d&#8217;infantil i prim\u00e0ria fins a qui, embolicat en un m\u00e0ster o a les beceroles de la seva tesi doctoral sobre LIJ, vol con\u00e8ixer m\u00e9s i millor el marc al qual s&#8217;enfronta. Malauradament, per\u00f2, l&#8217;edici\u00f3 no acompanya. Trobem que una obra d&#8217;aquesta tipologia demanava il\u00b7lustracions\u00a0en color, m\u00e9s cura en algunes correccions tipogr\u00e0fiques i ortogr\u00e0fiques i un major marge interior de la p\u00e0gina que en fes m\u00e9s facilitadora la lectura. I una darrera observaci\u00f3: s&#8217;hi troba a faltar la paraula d&#8217;un editor que mostri el proc\u00e9s de creaci\u00f3 d&#8217;un llibre, d&#8217;un il\u00b7lustrador que enriqueixi des del seu punt de vista l&#8217;an\u00e0lisi del dibuix, o d&#8217;un bibliotecari que dibuixi el perfil dels seus usuaris i dels h\u00e0bits lectors. Per\u00f2 aix\u00f2 ja s\u00f3n figues d&#8217;un altre paner, o un nou volum de la col\u00b7lecci\u00f3. Diversos autors  S\u00edntesis"}

Narrativas literarias en educación infantil y primaria - Ibbycat

<blockquote class="wp-embedded-content" data-secret="T3s6N0uhiQ"><a href="https://www.ibbycat.cat/es/llibre/narrativas-literarias-en-educacion-infantil-y-primaria/">Narrativas literarias en educación infantil y primaria</a></blockquote><iframe sandbox="allow-scripts" security="restricted" src="https://www.ibbycat.cat/es/llibre/narrativas-literarias-en-educacion-infantil-y-primaria/embed/#?secret=T3s6N0uhiQ" width="600" height="338" title="«Narrativas literarias en educación infantil y primaria» — Ibbycat" data-secret="T3s6N0uhiQ" frameborder="0" marginwidth="0" marginheight="0" scrolling="no" class="wp-embedded-content"></iframe><script>
/*! This file is auto-generated */
!function(d,l){"use strict";l.querySelector&&d.addEventListener&&"undefined"!=typeof URL&&(d.wp=d.wp||{},d.wp.receiveEmbedMessage||(d.wp.receiveEmbedMessage=function(e){var t=e.data;if((t||t.secret||t.message||t.value)&&!/[^a-zA-Z0-9]/.test(t.secret)){for(var s,r,n,a=l.querySelectorAll('iframe[data-secret="'+t.secret+'"]'),o=l.querySelectorAll('blockquote[data-secret="'+t.secret+'"]'),c=new RegExp("^https?:$","i"),i=0;i<o.length;i++)o[i].style.display="none";for(i=0;i<a.length;i++)s=a[i],e.source===s.contentWindow&&(s.removeAttribute("style"),"height"===t.message?(1e3<(r=parseInt(t.value,10))?r=1e3:~~r<200&&(r=200),s.height=r):"link"===t.message&&(r=new URL(s.getAttribute("src")),n=new URL(t.value),c.test(n.protocol))&&n.host===r.host&&l.activeElement===s&&(d.top.location.href=t.value))}},d.addEventListener("message",d.wp.receiveEmbedMessage,!1),l.addEventListener("DOMContentLoaded",function(){for(var e,t,s=l.querySelectorAll("iframe.wp-embedded-content"),r=0;r<s.length;r++)(t=(e=s[r]).getAttribute("data-secret"))||(t=Math.random().toString(36).substring(2,12),e.src+="#?secret="+t,e.setAttribute("data-secret",t)),e.contentWindow.postMessage({message:"ready",secret:t},"*")},!1)))}(window,document);
//# sourceURL=https://www.ibbycat.cat/wp-includes/js/wp-embed.min.js
</script>

Les autores i l&#8217;autor d&#8217;aquest llibre deixen molt clar quin és el seu objectiu: «Hemos decidido romper una lanza en favor de explicitar qué queremos que los niños aprendan sobre las narraciones en la escuela infantil y primaria». I a fe de Déu que aquest objectiu, valent i atrevit, s&#8217;afronta i s&#8217;aconsegueix concretar en, per exemple, dos magnífics capítols finals, el 9 i el 10, i en una completa i ben seleccionada bibliografia, on se&#8217;ns ofereix un primer cànon d&#8217;allò que tota escola hauria de tenir a la seva biblioteca o d&#8217;allò que tot nen i nena hauria de llegir al llarg de la seva escolaritat. I més tenint en compte que sempre hi és present la literatura infantil digital, contingut de ben segur derivat de la tesi doctoral de Lucas Ramada. Així mateix, la lectura d&#8217;aquest títol ens permet anar del dia a dia de les escoles, mercès als comentaris extrets, molt probablement, de l&#8217;experiència de Lara Reyes i que va derivar en la seva magnífica i il·lustrativa tesi doctoral (si us plau, que algú la publiqui!), fins al rigor de què de ben segur doten el llibre autors com Teresa Colomer i Mireia Manresa. Els quatre autors citats, tots ells membres del grup GRETEL de la Universitat Autònoma de Barcelona, ens ofereixen un títol que acontentarà a tothom: des de qui rema cada dia a les aules d&#8217;infantil i primària fins a qui, embolicat en un màster o a les beceroles de la seva tesi doctoral sobre LIJ, vol conèixer més i millor el marc al qual s&#8217;enfronta. Malauradament, però, l&#8217;edició no acompanya. Trobem que una obra d&#8217;aquesta tipologia demanava il·lustracions en color, més cura en algunes correccions tipogràfiques i ortogràfiques i un major marge interior de la pàgina que en fes més facilitadora la lectura. I una darrera observació: s&#8217;hi troba a faltar la paraula d&#8217;un editor que mostri el procés de creació d&#8217;un llibre, d&#8217;un il·lustrador que enriqueixi des del seu punt de vista l&#8217;anàlisi del dibuix, o d&#8217;un bibliotecari que dibuixi el perfil dels seus usuaris i dels hàbits lectors. Però això ja són figues d&#8217;un altre paner, o un nou volum de la col·lecció. Diversos autors  Síntesis
