{"version":"1.0","provider_name":"Ibbycat","provider_url":"https:\/\/www.ibbycat.cat\/es\/","author_name":"Webico","author_url":"https:\/\/www.ibbycat.cat\/es\/author\/webico\/","title":"Negre com la xocolata. - Ibbycat","type":"rich","width":600,"height":338,"html":"<blockquote class=\"wp-embedded-content\" data-secret=\"L8XOkGdhdB\"><a href=\"https:\/\/www.ibbycat.cat\/es\/llibre\/negre-com-la-xocolata\/\">Negre com la xocolata.<\/a><\/blockquote><iframe sandbox=\"allow-scripts\" security=\"restricted\" src=\"https:\/\/www.ibbycat.cat\/es\/llibre\/negre-com-la-xocolata\/embed\/#?secret=L8XOkGdhdB\" width=\"600\" height=\"338\" title=\"\u00abNegre com la xocolata.\u00bb \u2014 Ibbycat\" data-secret=\"L8XOkGdhdB\" frameborder=\"0\" marginwidth=\"0\" marginheight=\"0\" scrolling=\"no\" class=\"wp-embedded-content\"><\/iframe><script>\n\/*! This file is auto-generated *\/\n!function(d,l){\"use strict\";l.querySelector&&d.addEventListener&&\"undefined\"!=typeof URL&&(d.wp=d.wp||{},d.wp.receiveEmbedMessage||(d.wp.receiveEmbedMessage=function(e){var t=e.data;if((t||t.secret||t.message||t.value)&&!\/[^a-zA-Z0-9]\/.test(t.secret)){for(var s,r,n,a=l.querySelectorAll('iframe[data-secret=\"'+t.secret+'\"]'),o=l.querySelectorAll('blockquote[data-secret=\"'+t.secret+'\"]'),c=new RegExp(\"^https?:$\",\"i\"),i=0;i<o.length;i++)o[i].style.display=\"none\";for(i=0;i<a.length;i++)s=a[i],e.source===s.contentWindow&&(s.removeAttribute(\"style\"),\"height\"===t.message?(1e3<(r=parseInt(t.value,10))?r=1e3:~~r<200&&(r=200),s.height=r):\"link\"===t.message&&(r=new URL(s.getAttribute(\"src\")),n=new URL(t.value),c.test(n.protocol))&&n.host===r.host&&l.activeElement===s&&(d.top.location.href=t.value))}},d.addEventListener(\"message\",d.wp.receiveEmbedMessage,!1),l.addEventListener(\"DOMContentLoaded\",function(){for(var e,t,s=l.querySelectorAll(\"iframe.wp-embedded-content\"),r=0;r<s.length;r++)(t=(e=s[r]).getAttribute(\"data-secret\"))||(t=Math.random().toString(36).substring(2,12),e.src+=\"#?secret=\"+t,e.setAttribute(\"data-secret\",t)),e.contentWindow.postMessage({message:\"ready\",secret:t},\"*\")},!1)))}(window,document);\n\/\/# sourceURL=https:\/\/www.ibbycat.cat\/wp-includes\/js\/wp-embed.min.js\n<\/script>\n","thumbnail_url":"https:\/\/www.ibbycat.cat\/wp-content\/uploads\/84-8131-605-9.jpg","thumbnail_width":140,"thumbnail_height":140,"description":"L\u2019augment de les adopcions internacionals ha provocat l\u2019aparici\u00f3 de contes que tenen com a objectiu l\u2019acceptaci\u00f3 dels nouvinguts, alhora que l\u2019afirmaci\u00f3 de la pr\u00f2pia identitat per part dels adoptats. Una tem\u00e0tica compartida tamb\u00e9 pel fenomen de la immigraci\u00f3 i que obeeix a l\u2019intent de preparar els petits lectors per a una societat diferent de l\u2019actual. El conte de Teresa Gim\u00e9nez parteix d\u2019un principi de \u00abdiscriminaci\u00f3 positiva\u00bb i si no fa pas tant s\u2019havia considerat el color fosc de la pell com un element d\u2019inferioritat, aqu\u00ed es tracta d\u2019afavorir el negre sobre el blanc. La seva originalitat rau en el fet que s\u2019ha donat la volta als tradicionals prejudicis i els personatges de pell blanca s\u00f3n tractats de \u00abdescolorits\u00bb i s\u00f3n presentats com a can\u00edbals (encara bo que el personatge positiu de la mare \u00e9s ben blanc!), en unes situacions humor\u00edstiques. Potser el rerefons cr\u00edtic passar\u00e0 desapercebut als lectors que, per la seva edat, tenen encara una visi\u00f3 esquem\u00e0tica del que \u00e9s bo o dolent. Pel que fa a les il\u00b7lustracions, s\u00f3n alegres i volen transmetre la ingenu\u00eftat infantil, per\u00f2 tamb\u00e9 s\u2019hi troba un desequilibri entre el protagonista negre que domina la p\u00e0gina i la \u00abmassa\u00bb blanca, en algun cas fora del camp visual. GIM\u00c9NEZ, Teresa.  T\u00e0ndem"}

L’augment de les adopcions internacionals ha provocat l’aparició de contes que tenen com a objectiu l’acceptació dels nouvinguts, alhora que l’afirmació de la pròpia identitat per part dels adoptats. Una temàtica compartida també pel fenomen de la immigració i que obeeix a l’intent de preparar els petits lectors per a una societat diferent de l’actual. El conte de Teresa Giménez parteix d’un principi de «discriminació positiva» i si no fa pas tant s’havia considerat el color fosc de la pell com un element d’inferioritat, aquí es tracta d’afavorir el negre sobre el blanc. La seva originalitat rau en el fet que s’ha donat la volta als tradicionals prejudicis i els personatges de pell blanca són tractats de «descolorits» i són presentats com a caníbals (encara bo que el personatge positiu de la mare és ben blanc!), en unes situacions humorístiques. Potser el rerefons crític passarà desapercebut als lectors que, per la seva edat, tenen encara una visió esquemàtica del que és bo o dolent. Pel que fa a les il·lustracions, són alegres i volen transmetre la ingenuïtat infantil, però també s’hi troba un desequilibri entre el protagonista negre que domina la pàgina i la «massa» blanca, en algun cas fora del camp visual. GIMÉNEZ, Teresa.  Tàndem
