{"version":"1.0","provider_name":"Ibbycat","provider_url":"https:\/\/www.ibbycat.cat\/es\/","author_name":"Webico","author_url":"https:\/\/www.ibbycat.cat\/es\/author\/webico\/","title":"Poemes a la carta - Ibbycat","type":"rich","width":600,"height":338,"html":"<blockquote class=\"wp-embedded-content\" data-secret=\"iGhbtcJJkb\"><a href=\"https:\/\/www.ibbycat.cat\/es\/llibre\/poemes-a-la-carta\/\">Poemes a la carta<\/a><\/blockquote><iframe sandbox=\"allow-scripts\" security=\"restricted\" src=\"https:\/\/www.ibbycat.cat\/es\/llibre\/poemes-a-la-carta\/embed\/#?secret=iGhbtcJJkb\" width=\"600\" height=\"338\" title=\"\u00abPoemes a la carta\u00bb \u2014 Ibbycat\" data-secret=\"iGhbtcJJkb\" frameborder=\"0\" marginwidth=\"0\" marginheight=\"0\" scrolling=\"no\" class=\"wp-embedded-content\"><\/iframe><script>\n\/*! This file is auto-generated *\/\n!function(d,l){\"use strict\";l.querySelector&&d.addEventListener&&\"undefined\"!=typeof URL&&(d.wp=d.wp||{},d.wp.receiveEmbedMessage||(d.wp.receiveEmbedMessage=function(e){var t=e.data;if((t||t.secret||t.message||t.value)&&!\/[^a-zA-Z0-9]\/.test(t.secret)){for(var s,r,n,a=l.querySelectorAll('iframe[data-secret=\"'+t.secret+'\"]'),o=l.querySelectorAll('blockquote[data-secret=\"'+t.secret+'\"]'),c=new RegExp(\"^https?:$\",\"i\"),i=0;i<o.length;i++)o[i].style.display=\"none\";for(i=0;i<a.length;i++)s=a[i],e.source===s.contentWindow&&(s.removeAttribute(\"style\"),\"height\"===t.message?(1e3<(r=parseInt(t.value,10))?r=1e3:~~r<200&&(r=200),s.height=r):\"link\"===t.message&&(r=new URL(s.getAttribute(\"src\")),n=new URL(t.value),c.test(n.protocol))&&n.host===r.host&&l.activeElement===s&&(d.top.location.href=t.value))}},d.addEventListener(\"message\",d.wp.receiveEmbedMessage,!1),l.addEventListener(\"DOMContentLoaded\",function(){for(var e,t,s=l.querySelectorAll(\"iframe.wp-embedded-content\"),r=0;r<s.length;r++)(t=(e=s[r]).getAttribute(\"data-secret\"))||(t=Math.random().toString(36).substring(2,12),e.src+=\"#?secret=\"+t,e.setAttribute(\"data-secret\",t)),e.contentWindow.postMessage({message:\"ready\",secret:t},\"*\")},!1)))}(window,document);\n\/\/# sourceURL=https:\/\/www.ibbycat.cat\/wp-includes\/js\/wp-embed.min.js\n<\/script>\n","thumbnail_url":"https:\/\/www.ibbycat.cat\/wp-content\/uploads\/978-84-9824-860-9.jpg","thumbnail_width":140,"thumbnail_height":140,"description":"Despr\u00e9s d\u2019una molt bona rebuda del seu primer poemari, Poemes de butxaca (Bromera, 2009), Fina Girb\u00e9s torna amb aquest Poemes a la carta. Tot i que el t\u00edtol i la il\u00b7lustraci\u00f3 de coberta suggereixen un llibre centrat en el m\u00f3n culinari, la veritat \u00e9s que d\u2019aquest m\u00f3n l\u2019autora se\u2019n serveix nom\u00e9s per bastir l\u2019estructura del llibre i dividir-la en: Entrants, Primer i Segon plat i Postres, per\u00f2 el contingut \u00e9s divers. No hi ha un tema que ho vertebri tot, aspecte que jo crec que ajudaria el conjunt. Els poemes s\u00f3n \u00e0gils, f\u00e0cils i assequibles per als infants, amb rimes sovint tamb\u00e9 massa f\u00e0cils. Poemes a la carta reafirma una nova autora de poesia, i es converteix en un nou recurs per treballar la poesia a l\u2019aula, encara que, al meu parer, li manca un punt d\u2019ambici\u00f3, i a estones grinyola una mica el punt de vista des d\u2019on es narren els poemes, a vegades des del d\u2019un infant, a vegades des de l\u2019adult paternalista\u2026 GIRB\u00c9S, Fina Eider Eibar Bromera"}

Després d’una molt bona rebuda del seu primer poemari, Poemes de butxaca (Bromera, 2009), Fina Girbés torna amb aquest Poemes a la carta. Tot i que el títol i la il·lustració de coberta suggereixen un llibre centrat en el món culinari, la veritat és que d’aquest món l’autora se’n serveix només per bastir l’estructura del llibre i dividir-la en: Entrants, Primer i Segon plat i Postres, però el contingut és divers. No hi ha un tema que ho vertebri tot, aspecte que jo crec que ajudaria el conjunt. Els poemes són àgils, fàcils i assequibles per als infants, amb rimes sovint també massa fàcils. Poemes a la carta reafirma una nova autora de poesia, i es converteix en un nou recurs per treballar la poesia a l’aula, encara que, al meu parer, li manca un punt d’ambició, i a estones grinyola una mica el punt de vista des d’on es narren els poemes, a vegades des del d’un infant, a vegades des de l’adult paternalista… GIRBÉS, Fina Eider Eibar Bromera
