{"version":"1.0","provider_name":"Ibbycat","provider_url":"https:\/\/www.ibbycat.cat\/es\/","author_name":"Webico","author_url":"https:\/\/www.ibbycat.cat\/es\/author\/webico\/","title":"Poemes amb llum de lluna - Ibbycat","type":"rich","width":600,"height":338,"html":"<blockquote class=\"wp-embedded-content\" data-secret=\"HBtGcHbLIY\"><a href=\"https:\/\/www.ibbycat.cat\/es\/llibre\/poemes-amb-llum-de-lluna\/\">Poemes amb llum de lluna<\/a><\/blockquote><iframe sandbox=\"allow-scripts\" security=\"restricted\" src=\"https:\/\/www.ibbycat.cat\/es\/llibre\/poemes-amb-llum-de-lluna\/embed\/#?secret=HBtGcHbLIY\" width=\"600\" height=\"338\" title=\"\u00abPoemes amb llum de lluna\u00bb \u2014 Ibbycat\" data-secret=\"HBtGcHbLIY\" frameborder=\"0\" marginwidth=\"0\" marginheight=\"0\" scrolling=\"no\" class=\"wp-embedded-content\"><\/iframe><script>\n\/*! This file is auto-generated *\/\n!function(d,l){\"use strict\";l.querySelector&&d.addEventListener&&\"undefined\"!=typeof URL&&(d.wp=d.wp||{},d.wp.receiveEmbedMessage||(d.wp.receiveEmbedMessage=function(e){var t=e.data;if((t||t.secret||t.message||t.value)&&!\/[^a-zA-Z0-9]\/.test(t.secret)){for(var s,r,n,a=l.querySelectorAll('iframe[data-secret=\"'+t.secret+'\"]'),o=l.querySelectorAll('blockquote[data-secret=\"'+t.secret+'\"]'),c=new RegExp(\"^https?:$\",\"i\"),i=0;i<o.length;i++)o[i].style.display=\"none\";for(i=0;i<a.length;i++)s=a[i],e.source===s.contentWindow&&(s.removeAttribute(\"style\"),\"height\"===t.message?(1e3<(r=parseInt(t.value,10))?r=1e3:~~r<200&&(r=200),s.height=r):\"link\"===t.message&&(r=new URL(s.getAttribute(\"src\")),n=new URL(t.value),c.test(n.protocol))&&n.host===r.host&&l.activeElement===s&&(d.top.location.href=t.value))}},d.addEventListener(\"message\",d.wp.receiveEmbedMessage,!1),l.addEventListener(\"DOMContentLoaded\",function(){for(var e,t,s=l.querySelectorAll(\"iframe.wp-embedded-content\"),r=0;r<s.length;r++)(t=(e=s[r]).getAttribute(\"data-secret\"))||(t=Math.random().toString(36).substring(2,12),e.src+=\"#?secret=\"+t,e.setAttribute(\"data-secret\",t)),e.contentWindow.postMessage({message:\"ready\",secret:t},\"*\")},!1)))}(window,document);\n\/\/# sourceURL=https:\/\/www.ibbycat.cat\/wp-includes\/js\/wp-embed.min.js\n<\/script>\n","thumbnail_url":"https:\/\/www.ibbycat.cat\/wp-content\/uploads\/978-84-9026-727-1.jpg","thumbnail_width":507,"thumbnail_height":800,"description":"Maria Dolors Pellicer no \u00e9s nova en el panorama de la literatura per a infants. La coneixem com a narradora, com a creadora de materials destinats a l&#8217;escola i com a poetessa. \u00c9s com a poetessa que t\u00e9 publicats Versos diversos, Rimes i rialles, Versos de tres sabors, La selva en vers&#8230; i que ara ens ofereix els Poemes amb llum de lluna. Pilar Garcia Aparicio, que analitza la poesia de M. Dolors Pellicer en un interessant article titulat \u00abL&#8217;obra po\u00e8tica de M. Dolors Pellicer\u00bb, publicat la tardor del 2011 a la revista L&#8217;Aiguadol\u00e7 de Val\u00e8ncia, i que va ser mereixedor del Premi Aurora D\u00edaz Plaja 2012, destacava despr\u00e9s de la publicaci\u00f3 de Versos diversos: \u00abAquest primer llibre de poesia significa una continu\u00eftat i al mateix temps una potenciaci\u00f3 del geni creatiu de l&#8217;obra conreada fins aleshores per l&#8217;autora, mateixes preocupacions tem\u00e0tiques, pel que fa a la continu\u00eftat, i gust per experimentar amb la llengua que, \u00f2bviament, es veu incrementat amb el conreu de la poesia\u00bb. Com a professora d&#8217;escola prim\u00e0ria, Pellicer sap molt b\u00e9 quina \u00e9s la capacitat lectora dels nens i nenes als quals s&#8217;adre\u00e7a i controla a la perfecci\u00f3 estructures i vocabulari, que s\u00f3n clars, nets, adequats, precisos i rics. Els magn\u00edfics dibuixos de Paco Gim\u00e9nez i un petit contrapunt po\u00e8tic per a cada doble p\u00e0gina completen l&#8217;obra. Un llibre que hauria de formar part de les lectures habituals en un marc escolar i que es podria utilitzar a les biblioteques com a recurs per iniciar el p\u00fablic petit en la poesia. PELLICER, M. Dolors Paco Gim\u00e9nez Bromera"}

Maria Dolors Pellicer no és nova en el panorama de la literatura per a infants. La coneixem com a narradora, com a creadora de materials destinats a l&#8217;escola i com a poetessa. És com a poetessa que té publicats Versos diversos, Rimes i rialles, Versos de tres sabors, La selva en vers&#8230; i que ara ens ofereix els Poemes amb llum de lluna. Pilar Garcia Aparicio, que analitza la poesia de M. Dolors Pellicer en un interessant article titulat «L&#8217;obra poètica de M. Dolors Pellicer», publicat la tardor del 2011 a la revista L&#8217;Aiguadolç de València, i que va ser mereixedor del Premi Aurora Díaz Plaja 2012, destacava després de la publicació de Versos diversos: «Aquest primer llibre de poesia significa una continuïtat i al mateix temps una potenciació del geni creatiu de l&#8217;obra conreada fins aleshores per l&#8217;autora, mateixes preocupacions temàtiques, pel que fa a la continuïtat, i gust per experimentar amb la llengua que, òbviament, es veu incrementat amb el conreu de la poesia». Com a professora d&#8217;escola primària, Pellicer sap molt bé quina és la capacitat lectora dels nens i nenes als quals s&#8217;adreça i controla a la perfecció estructures i vocabulari, que són clars, nets, adequats, precisos i rics. Els magnífics dibuixos de Paco Giménez i un petit contrapunt poètic per a cada doble pàgina completen l&#8217;obra. Un llibre que hauria de formar part de les lectures habituals en un marc escolar i que es podria utilitzar a les biblioteques com a recurs per iniciar el públic petit en la poesia. PELLICER, M. Dolors Paco Giménez Bromera
