{"version":"1.0","provider_name":"Ibbycat","provider_url":"https:\/\/www.ibbycat.cat\/es\/","author_name":"Webico","author_url":"https:\/\/www.ibbycat.cat\/es\/author\/webico\/","title":"Quan vaig perdre el cap - Ibbycat","type":"rich","width":600,"height":338,"html":"<blockquote class=\"wp-embedded-content\" data-secret=\"iVgg1OSbpt\"><a href=\"https:\/\/www.ibbycat.cat\/es\/llibre\/quan-vaig-perdre-el-cap\/\">Quan vaig perdre el cap<\/a><\/blockquote><iframe sandbox=\"allow-scripts\" security=\"restricted\" src=\"https:\/\/www.ibbycat.cat\/es\/llibre\/quan-vaig-perdre-el-cap\/embed\/#?secret=iVgg1OSbpt\" width=\"600\" height=\"338\" title=\"\u00abQuan vaig perdre el cap\u00bb \u2014 Ibbycat\" data-secret=\"iVgg1OSbpt\" frameborder=\"0\" marginwidth=\"0\" marginheight=\"0\" scrolling=\"no\" class=\"wp-embedded-content\"><\/iframe><script>\n\/*! This file is auto-generated *\/\n!function(d,l){\"use strict\";l.querySelector&&d.addEventListener&&\"undefined\"!=typeof URL&&(d.wp=d.wp||{},d.wp.receiveEmbedMessage||(d.wp.receiveEmbedMessage=function(e){var t=e.data;if((t||t.secret||t.message||t.value)&&!\/[^a-zA-Z0-9]\/.test(t.secret)){for(var s,r,n,a=l.querySelectorAll('iframe[data-secret=\"'+t.secret+'\"]'),o=l.querySelectorAll('blockquote[data-secret=\"'+t.secret+'\"]'),c=new RegExp(\"^https?:$\",\"i\"),i=0;i<o.length;i++)o[i].style.display=\"none\";for(i=0;i<a.length;i++)s=a[i],e.source===s.contentWindow&&(s.removeAttribute(\"style\"),\"height\"===t.message?(1e3<(r=parseInt(t.value,10))?r=1e3:~~r<200&&(r=200),s.height=r):\"link\"===t.message&&(r=new URL(s.getAttribute(\"src\")),n=new URL(t.value),c.test(n.protocol))&&n.host===r.host&&l.activeElement===s&&(d.top.location.href=t.value))}},d.addEventListener(\"message\",d.wp.receiveEmbedMessage,!1),l.addEventListener(\"DOMContentLoaded\",function(){for(var e,t,s=l.querySelectorAll(\"iframe.wp-embedded-content\"),r=0;r<s.length;r++)(t=(e=s[r]).getAttribute(\"data-secret\"))||(t=Math.random().toString(36).substring(2,12),e.src+=\"#?secret=\"+t,e.setAttribute(\"data-secret\",t)),e.contentWindow.postMessage({message:\"ready\",secret:t},\"*\")},!1)))}(window,document);\n\/\/# sourceURL=https:\/\/www.ibbycat.cat\/wp-includes\/js\/wp-embed.min.js\n<\/script>\n","thumbnail_url":"https:\/\/www.ibbycat.cat\/wp-content\/uploads\/978-84-18-82165-3.jpeg","thumbnail_width":570,"thumbnail_height":800,"description":"Qui no coneix un infant somiador, sempre amb el cap a la lluna? Amb tendresa i sentit de l\u2019humor, aquest \u00e0lbum il\u00b7lustrat ens passeja pel dia a dia d\u2019un nen que sempre t\u00e9 el pensament en un altre lloc i aix\u00f2 fa que xoqui amb la realitat del seu entorn immediat. Nom\u00e9s cap al final, en una ocasi\u00f3 intensa i especial (que no desvelar\u00e9), el fet de perdre el cap no li resulta cap entrebanc, ben al contrari. Amb un relat breu i de lectura lleugera, per\u00f2 no per aix\u00f2 poc profunda, autora i il\u00b7lustradora situen encertadament el lector al lloc de l\u2019infant, un punt de vista allunyat de les preocupacions de l\u2019adult. Si b\u00e9 la idea del llibre es desgrana de mica en mica a trav\u00e9s del text, \u00e9s amb les il\u00b7lustracions de tra\u00e7 espontani i fresc caracter\u00edstiques de Merc\u00e8 Gal\u00ed que l\u2019\u00e0lbum pren tot el sentit: hi aporten la interpretaci\u00f3 humor\u00edstica necess\u00e0ria i hi afegeixen significat, arrencant-nos somriures de complicitat. Ja ho diu b\u00e9 el text de les cobertes: \u00abQuan vaig perdre el cap\u00bb (portada), \u00ab\u2026vaig entendre moltes coses\u00bb (contraportada). Llegiu, mireu i ho entendreu. TACCHINI, Matilde Gustau Raluy Merc\u00e8 Gal\u00ed Takatuka"}

Qui no coneix un infant somiador, sempre amb el cap a la lluna? Amb tendresa i sentit de l’humor, aquest àlbum il·lustrat ens passeja pel dia a dia d’un nen que sempre té el pensament en un altre lloc i això fa que xoqui amb la realitat del seu entorn immediat. Només cap al final, en una ocasió intensa i especial (que no desvelaré), el fet de perdre el cap no li resulta cap entrebanc, ben al contrari. Amb un relat breu i de lectura lleugera, però no per això poc profunda, autora i il·lustradora situen encertadament el lector al lloc de l’infant, un punt de vista allunyat de les preocupacions de l’adult. Si bé la idea del llibre es desgrana de mica en mica a través del text, és amb les il·lustracions de traç espontani i fresc característiques de Mercè Galí que l’àlbum pren tot el sentit: hi aporten la interpretació humorística necessària i hi afegeixen significat, arrencant-nos somriures de complicitat. Ja ho diu bé el text de les cobertes: «Quan vaig perdre el cap» (portada), «…vaig entendre moltes coses» (contraportada). Llegiu, mireu i ho entendreu. TACCHINI, Matilde Gustau Raluy Mercè Galí Takatuka
