{"version":"1.0","provider_name":"Ibbycat","provider_url":"https:\/\/www.ibbycat.cat\/es\/","author_name":"Webico","author_url":"https:\/\/www.ibbycat.cat\/es\/author\/webico\/","title":"Reescrituras do conto popular (2000-2009) - Ibbycat","type":"rich","width":600,"height":338,"html":"<blockquote class=\"wp-embedded-content\" data-secret=\"IfAYMXM4Sj\"><a href=\"https:\/\/www.ibbycat.cat\/es\/llibre\/reescrituras-do-conto-popular-2000-2009\/\">Reescrituras do conto popular (2000-2009)<\/a><\/blockquote><iframe sandbox=\"allow-scripts\" security=\"restricted\" src=\"https:\/\/www.ibbycat.cat\/es\/llibre\/reescrituras-do-conto-popular-2000-2009\/embed\/#?secret=IfAYMXM4Sj\" width=\"600\" height=\"338\" title=\"\u00abReescrituras do conto popular (2000-2009)\u00bb \u2014 Ibbycat\" data-secret=\"IfAYMXM4Sj\" frameborder=\"0\" marginwidth=\"0\" marginheight=\"0\" scrolling=\"no\" class=\"wp-embedded-content\"><\/iframe><script>\n\/*! This file is auto-generated *\/\n!function(d,l){\"use strict\";l.querySelector&&d.addEventListener&&\"undefined\"!=typeof URL&&(d.wp=d.wp||{},d.wp.receiveEmbedMessage||(d.wp.receiveEmbedMessage=function(e){var t=e.data;if((t||t.secret||t.message||t.value)&&!\/[^a-zA-Z0-9]\/.test(t.secret)){for(var s,r,n,a=l.querySelectorAll('iframe[data-secret=\"'+t.secret+'\"]'),o=l.querySelectorAll('blockquote[data-secret=\"'+t.secret+'\"]'),c=new RegExp(\"^https?:$\",\"i\"),i=0;i<o.length;i++)o[i].style.display=\"none\";for(i=0;i<a.length;i++)s=a[i],e.source===s.contentWindow&&(s.removeAttribute(\"style\"),\"height\"===t.message?(1e3<(r=parseInt(t.value,10))?r=1e3:~~r<200&&(r=200),s.height=r):\"link\"===t.message&&(r=new URL(s.getAttribute(\"src\")),n=new URL(t.value),c.test(n.protocol))&&n.host===r.host&&l.activeElement===s&&(d.top.location.href=t.value))}},d.addEventListener(\"message\",d.wp.receiveEmbedMessage,!1),l.addEventListener(\"DOMContentLoaded\",function(){for(var e,t,s=l.querySelectorAll(\"iframe.wp-embedded-content\"),r=0;r<s.length;r++)(t=(e=s[r]).getAttribute(\"data-secret\"))||(t=Math.random().toString(36).substring(2,12),e.src+=\"#?secret=\"+t,e.setAttribute(\"data-secret\",t)),e.contentWindow.postMessage({message:\"ready\",secret:t},\"*\")},!1)))}(window,document);\n\/\/# sourceURL=https:\/\/www.ibbycat.cat\/wp-includes\/js\/wp-embed.min.js\n<\/script>\n","thumbnail_url":"https:\/\/www.ibbycat.cat\/wp-content\/uploads\/978-84-9914-153-4.jpg","thumbnail_width":140,"thumbnail_height":140,"description":"Una vintena d\u2019especialis-tes en literatura infantil d\u2019Espanya, Portugal i Brasil han elaborat un conjunt de monografies que analitzen l\u2019\u00fas actual dels referents folkl\u00f2rics en la literatura infantil i juvenil contempor\u00e0nia. Els llibres publicats al llarg d\u2019aquesta primera d\u00e8cada del segle XX han estat analitzats i confrontats amb les rondalles per determinar com apareixen actualment aquests referents i quin sentit se\u2019ls d\u00f3na. A gran trets, podem dir que els especialistes parlen de l\u2019\u00fas referencial, de l\u2019\u00fas l\u00fadic, de l\u2019\u00fas ideol\u00f2gic i de l\u2019\u00fas humanitzador, segons el tractament que en fa l\u2019autor. Una obra coral \u2014introdu\u00efda per un extens article de Caterina Valriu\u2014 que posa de manifest la perviv\u00e8ncia i el renovellament dels materials orals en la literatura que es fa per a infants i joves, perqu\u00e8 aquests materials encara avui s\u00f3n capa\u00e7os de commoure el lector. El volum inclou tamb\u00e9 una extensa bibliografia comentada. Els articles estan escrits en les quatre lleng\u00fces de l\u2019Estat espanyol. ROIG, Blanca-Ana; SOTO, Isabel; NEIRA, Marta (Ed.)  Xerais"}

Una vintena d’especialis-tes en literatura infantil d’Espanya, Portugal i Brasil han elaborat un conjunt de monografies que analitzen l’ús actual dels referents folklòrics en la literatura infantil i juvenil contemporània. Els llibres publicats al llarg d’aquesta primera dècada del segle XX han estat analitzats i confrontats amb les rondalles per determinar com apareixen actualment aquests referents i quin sentit se’ls dóna. A gran trets, podem dir que els especialistes parlen de l’ús referencial, de l’ús lúdic, de l’ús ideològic i de l’ús humanitzador, segons el tractament que en fa l’autor. Una obra coral —introduïda per un extens article de Caterina Valriu— que posa de manifest la pervivència i el renovellament dels materials orals en la literatura que es fa per a infants i joves, perquè aquests materials encara avui són capaços de commoure el lector. El volum inclou també una extensa bibliografia comentada. Els articles estan escrits en les quatre llengües de l’Estat espanyol. ROIG, Blanca-Ana; SOTO, Isabel; NEIRA, Marta (Ed.)  Xerais
