{"version":"1.0","provider_name":"Ibbycat","provider_url":"https:\/\/www.ibbycat.cat\/es\/","author_name":"Webico","author_url":"https:\/\/www.ibbycat.cat\/es\/author\/webico\/","title":"Si la gran deessa ho vol. - Ibbycat","type":"rich","width":600,"height":338,"html":"<blockquote class=\"wp-embedded-content\" data-secret=\"0BmZno8emy\"><a href=\"https:\/\/www.ibbycat.cat\/es\/llibre\/si-la-gran-deessa-ho-vol\/\">Si la gran deessa ho vol.<\/a><\/blockquote><iframe sandbox=\"allow-scripts\" security=\"restricted\" src=\"https:\/\/www.ibbycat.cat\/es\/llibre\/si-la-gran-deessa-ho-vol\/embed\/#?secret=0BmZno8emy\" width=\"600\" height=\"338\" title=\"\u00abSi la gran deessa ho vol.\u00bb \u2014 Ibbycat\" data-secret=\"0BmZno8emy\" frameborder=\"0\" marginwidth=\"0\" marginheight=\"0\" scrolling=\"no\" class=\"wp-embedded-content\"><\/iframe><script>\n\/*! This file is auto-generated *\/\n!function(d,l){\"use strict\";l.querySelector&&d.addEventListener&&\"undefined\"!=typeof URL&&(d.wp=d.wp||{},d.wp.receiveEmbedMessage||(d.wp.receiveEmbedMessage=function(e){var t=e.data;if((t||t.secret||t.message||t.value)&&!\/[^a-zA-Z0-9]\/.test(t.secret)){for(var s,r,n,a=l.querySelectorAll('iframe[data-secret=\"'+t.secret+'\"]'),o=l.querySelectorAll('blockquote[data-secret=\"'+t.secret+'\"]'),c=new RegExp(\"^https?:$\",\"i\"),i=0;i<o.length;i++)o[i].style.display=\"none\";for(i=0;i<a.length;i++)s=a[i],e.source===s.contentWindow&&(s.removeAttribute(\"style\"),\"height\"===t.message?(1e3<(r=parseInt(t.value,10))?r=1e3:~~r<200&&(r=200),s.height=r):\"link\"===t.message&&(r=new URL(s.getAttribute(\"src\")),n=new URL(t.value),c.test(n.protocol))&&n.host===r.host&&l.activeElement===s&&(d.top.location.href=t.value))}},d.addEventListener(\"message\",d.wp.receiveEmbedMessage,!1),l.addEventListener(\"DOMContentLoaded\",function(){for(var e,t,s=l.querySelectorAll(\"iframe.wp-embedded-content\"),r=0;r<s.length;r++)(t=(e=s[r]).getAttribute(\"data-secret\"))||(t=Math.random().toString(36).substring(2,12),e.src+=\"#?secret=\"+t,e.setAttribute(\"data-secret\",t)),e.contentWindow.postMessage({message:\"ready\",secret:t},\"*\")},!1)))}(window,document);\n\/\/# sourceURL=https:\/\/www.ibbycat.cat\/wp-includes\/js\/wp-embed.min.js\n<\/script>\n","thumbnail_url":"https:\/\/www.ibbycat.cat\/wp-content\/uploads\/84-7660-730-X.jpg","thumbnail_width":140,"thumbnail_height":140,"description":"Finalista Premi de novel\u00b7la hist\u00f2rica juvenil Far de Cullera, 2002 Si la gran deessa ho vol \u00e9s la cr\u00f2nica de la campanya de guerra cartaginesa, i el relat hum\u00e0 que explica en primera persona el protagonista, de nom Belisker. Es tracta, \u00e9s clar, d\u2019un viatge inici\u00e0tic, de la descoberta del m\u00f3n i de la vida per part d\u2019un noi que no ha sortit mai de casa i ara es troba vivint una s\u00e8rie d\u2019experi\u00e8ncies tan riques com imprevisibles: \u00abQuantes coses podr\u00e9 contar quan torne a casa! Ni tan sols els m\u00e9s vells en sabran tantes com en s\u00e9 jo\u2026\u00bb (61). Una guerra \u2014la segona p\u00fanica\u2014 explicada sense concessions en l\u2019edat del lector es reparteix el prota-gonisme amb els sentiments i les viv\u00e8ncies del protagonista, una personalitat que va creixent al llarg del text, amb els seus records i amb els desitjos de retornar a casa, amb imatges que van i v\u00e9nen, apareixen i desapareixen, sempre acompanyades per la pres\u00e8ncia de la deessa, i molt especialment de la imatge d\u2019Al\u00f2ria, el seu amor adolescent\u2026 Una hist\u00f2ria emotiva i ben constru\u00efda, explicada amb ganes i amb molts moments d\u2019enorme inter\u00e8s i sensibilitat. LLUCH, Enric.  Bromera."}

Finalista Premi de novel·la històrica juvenil Far de Cullera, 2002 Si la gran deessa ho vol és la crònica de la campanya de guerra cartaginesa, i el relat humà que explica en primera persona el protagonista, de nom Belisker. Es tracta, és clar, d’un viatge iniciàtic, de la descoberta del món i de la vida per part d’un noi que no ha sortit mai de casa i ara es troba vivint una sèrie d’experiències tan riques com imprevisibles: «Quantes coses podré contar quan torne a casa! Ni tan sols els més vells en sabran tantes com en sé jo…» (61). Una guerra —la segona púnica— explicada sense concessions en l’edat del lector es reparteix el prota-gonisme amb els sentiments i les vivències del protagonista, una personalitat que va creixent al llarg del text, amb els seus records i amb els desitjos de retornar a casa, amb imatges que van i vénen, apareixen i desapareixen, sempre acompanyades per la presència de la deessa, i molt especialment de la imatge d’Alòria, el seu amor adolescent… Una història emotiva i ben construïda, explicada amb ganes i amb molts moments d’enorme interès i sensibilitat. LLUCH, Enric.  Bromera.
