{"version":"1.0","provider_name":"Ibbycat","provider_url":"https:\/\/www.ibbycat.cat\/es\/","author_name":"Webico","author_url":"https:\/\/www.ibbycat.cat\/es\/author\/webico\/","title":"Tant de gust, senyor Salvat-Papasseit - Ibbycat","type":"rich","width":600,"height":338,"html":"<blockquote class=\"wp-embedded-content\" data-secret=\"x0P7HHSaTb\"><a href=\"https:\/\/www.ibbycat.cat\/es\/llibre\/tant-de-gust-senyor-salvat-papasseit\/\">Tant de gust, senyor Salvat-Papasseit<\/a><\/blockquote><iframe sandbox=\"allow-scripts\" security=\"restricted\" src=\"https:\/\/www.ibbycat.cat\/es\/llibre\/tant-de-gust-senyor-salvat-papasseit\/embed\/#?secret=x0P7HHSaTb\" width=\"600\" height=\"338\" title=\"\u00abTant de gust, senyor Salvat-Papasseit\u00bb \u2014 Ibbycat\" data-secret=\"x0P7HHSaTb\" frameborder=\"0\" marginwidth=\"0\" marginheight=\"0\" scrolling=\"no\" class=\"wp-embedded-content\"><\/iframe><script>\n\/*! This file is auto-generated *\/\n!function(d,l){\"use strict\";l.querySelector&&d.addEventListener&&\"undefined\"!=typeof URL&&(d.wp=d.wp||{},d.wp.receiveEmbedMessage||(d.wp.receiveEmbedMessage=function(e){var t=e.data;if((t||t.secret||t.message||t.value)&&!\/[^a-zA-Z0-9]\/.test(t.secret)){for(var s,r,n,a=l.querySelectorAll('iframe[data-secret=\"'+t.secret+'\"]'),o=l.querySelectorAll('blockquote[data-secret=\"'+t.secret+'\"]'),c=new RegExp(\"^https?:$\",\"i\"),i=0;i<o.length;i++)o[i].style.display=\"none\";for(i=0;i<a.length;i++)s=a[i],e.source===s.contentWindow&&(s.removeAttribute(\"style\"),\"height\"===t.message?(1e3<(r=parseInt(t.value,10))?r=1e3:~~r<200&&(r=200),s.height=r):\"link\"===t.message&&(r=new URL(s.getAttribute(\"src\")),n=new URL(t.value),c.test(n.protocol))&&n.host===r.host&&l.activeElement===s&&(d.top.location.href=t.value))}},d.addEventListener(\"message\",d.wp.receiveEmbedMessage,!1),l.addEventListener(\"DOMContentLoaded\",function(){for(var e,t,s=l.querySelectorAll(\"iframe.wp-embedded-content\"),r=0;r<s.length;r++)(t=(e=s[r]).getAttribute(\"data-secret\"))||(t=Math.random().toString(36).substring(2,12),e.src+=\"#?secret=\"+t,e.setAttribute(\"data-secret\",t)),e.contentWindow.postMessage({message:\"ready\",secret:t},\"*\")},!1)))}(window,document);\n\/\/# sourceURL=https:\/\/www.ibbycat.cat\/wp-includes\/js\/wp-embed.min.js\n<\/script>\n","thumbnail_url":"https:\/\/www.ibbycat.cat\/wp-content\/uploads\/978-84-9883-587-8.jpg","thumbnail_width":140,"thumbnail_height":140,"description":"Una nova obra del t\u00e0ndem format per Bernal i Rubio que ens acosta, en aquest cas, el poeta Salvat-Papasseit. Com en els altres llibres de la col\u00b7lecci\u00f3, despr\u00e9s de la presentaci\u00f3 trobem una breu biografia de l\u2019autor, que ens explica per qu\u00e8 Salvat no es pot assimilar als escriptors coetanis, que posa de relleu el seu origen humil, el seu inter\u00e8s a formar-se malgrat les condicions adverses, la dificultat per guanyar-se la vida durant la joventut, el comprom\u00eds pol\u00edtic, les adversitats familiars i la seva salut prec\u00e0ria, que el dugu\u00e9 a una mort prematura. Nom\u00e9s aix\u00ed podrem entendre les particularitats de seva poesia, que les autores ens expliquen a partir d\u2019una acurada selecci\u00f3 de nou poemes i un fragment de prosa, representativa de la producci\u00f3 de l\u2019autor, per\u00f2 tamb\u00e9 del moment que va viure. L\u2019edici\u00f3 \u00e9s acurad\u00edssima, tant pel que fa al text \u2013que segueix les directrius de lectura f\u00e0cil\u2013 com per la compaginaci\u00f3, que combina les fotografies amb unes treballades il\u00b7lustracions de Riki Blanco, que sovint remeten als corrents pict\u00f2rics de l\u2019\u00e8poca de Salvat-Papasseit. Alguns poemes s\u2019acompanyen d\u2019indicacions, amb la intenci\u00f3 de facilitar-ne la lectura o propiciar la reflexi\u00f3, i les paraules dif\u00edcils es distingeixen per mitj\u00e0 d\u2019un color i s\u2019expliquen al marge inferior de les p\u00e0gines. BERNAL, M. Carme; RUBIO, Carme Riki Blanco Pub Abadia de Montserrat"}

Una nova obra del tàndem format per Bernal i Rubio que ens acosta, en aquest cas, el poeta Salvat-Papasseit. Com en els altres llibres de la col·lecció, després de la presentació trobem una breu biografia de l’autor, que ens explica per què Salvat no es pot assimilar als escriptors coetanis, que posa de relleu el seu origen humil, el seu interès a formar-se malgrat les condicions adverses, la dificultat per guanyar-se la vida durant la joventut, el compromís polític, les adversitats familiars i la seva salut precària, que el dugué a una mort prematura. Només així podrem entendre les particularitats de seva poesia, que les autores ens expliquen a partir d’una acurada selecció de nou poemes i un fragment de prosa, representativa de la producció de l’autor, però també del moment que va viure. L’edició és acuradíssima, tant pel que fa al text –que segueix les directrius de lectura fàcil– com per la compaginació, que combina les fotografies amb unes treballades il·lustracions de Riki Blanco, que sovint remeten als corrents pictòrics de l’època de Salvat-Papasseit. Alguns poemes s’acompanyen d’indicacions, amb la intenció de facilitar-ne la lectura o propiciar la reflexió, i les paraules difícils es distingeixen per mitjà d’un color i s’expliquen al marge inferior de les pàgines. BERNAL, M. Carme; RUBIO, Carme Riki Blanco Pub Abadia de Montserrat
