{"version":"1.0","provider_name":"Ibbycat","provider_url":"https:\/\/www.ibbycat.cat\/es\/","author_name":"Webico","author_url":"https:\/\/www.ibbycat.cat\/es\/author\/webico\/","title":"Tres amigues i un estiu. - Ibbycat","type":"rich","width":600,"height":338,"html":"<blockquote class=\"wp-embedded-content\" data-secret=\"XIbfu3VAEw\"><a href=\"https:\/\/www.ibbycat.cat\/es\/llibre\/tres-amigues-i-un-estiu\/\">Tres amigues i un estiu.<\/a><\/blockquote><iframe sandbox=\"allow-scripts\" security=\"restricted\" src=\"https:\/\/www.ibbycat.cat\/es\/llibre\/tres-amigues-i-un-estiu\/embed\/#?secret=XIbfu3VAEw\" width=\"600\" height=\"338\" title=\"\u00abTres amigues i un estiu.\u00bb \u2014 Ibbycat\" data-secret=\"XIbfu3VAEw\" frameborder=\"0\" marginwidth=\"0\" marginheight=\"0\" scrolling=\"no\" class=\"wp-embedded-content\"><\/iframe><script>\n\/*! This file is auto-generated *\/\n!function(d,l){\"use strict\";l.querySelector&&d.addEventListener&&\"undefined\"!=typeof URL&&(d.wp=d.wp||{},d.wp.receiveEmbedMessage||(d.wp.receiveEmbedMessage=function(e){var t=e.data;if((t||t.secret||t.message||t.value)&&!\/[^a-zA-Z0-9]\/.test(t.secret)){for(var s,r,n,a=l.querySelectorAll('iframe[data-secret=\"'+t.secret+'\"]'),o=l.querySelectorAll('blockquote[data-secret=\"'+t.secret+'\"]'),c=new RegExp(\"^https?:$\",\"i\"),i=0;i<o.length;i++)o[i].style.display=\"none\";for(i=0;i<a.length;i++)s=a[i],e.source===s.contentWindow&&(s.removeAttribute(\"style\"),\"height\"===t.message?(1e3<(r=parseInt(t.value,10))?r=1e3:~~r<200&&(r=200),s.height=r):\"link\"===t.message&&(r=new URL(s.getAttribute(\"src\")),n=new URL(t.value),c.test(n.protocol))&&n.host===r.host&&l.activeElement===s&&(d.top.location.href=t.value))}},d.addEventListener(\"message\",d.wp.receiveEmbedMessage,!1),l.addEventListener(\"DOMContentLoaded\",function(){for(var e,t,s=l.querySelectorAll(\"iframe.wp-embedded-content\"),r=0;r<s.length;r++)(t=(e=s[r]).getAttribute(\"data-secret\"))||(t=Math.random().toString(36).substring(2,12),e.src+=\"#?secret=\"+t,e.setAttribute(\"data-secret\",t)),e.contentWindow.postMessage({message:\"ready\",secret:t},\"*\")},!1)))}(window,document);\n\/\/# sourceURL=https:\/\/www.ibbycat.cat\/wp-includes\/js\/wp-embed.min.js\n<\/script>\n","thumbnail_url":"https:\/\/www.ibbycat.cat\/wp-content\/uploads\/84-664-0727-8.jpg","thumbnail_width":140,"thumbnail_height":140,"description":"Tres xiques estiuegen a Vilamar de Dalt: als tretze i catorze anys, estan entrant en l\u2019adolesc\u00e8ncia. L\u2019obra de Maria Enrich planteja temes propis de l\u2019edat: la menstruaci\u00f3, la preocupaci\u00f3 pel f\u00edsic, els estudis, l\u2019amistat, la relaci\u00f3 amb els xics, amb els adults&#8230; Tanmateix, aquesta novel\u00b7la juvenil presenta, al meu entendre, alguns problemes. La narraci\u00f3 tracta amb excessiva simplicitat q\u00fcestions com l\u2019anor\u00e8xia, la competitivitat entre les persones, etc., ja que s\u00f3n conflictes viscuts per personatges plans, maniqueus, extrems: Greta, la grassoneta p\u00e8l-roja est\u00e0 satisfeta de si mateixa, \u00e9s gran lectora i bona cuinera; tanmateix, No\u00e8lia, esvelta i atractiva, est\u00e0 obsessionada per la primesa, no se sent b\u00e9 en la seua pell i es mostra arrogant i desdenyosa amb les companyes. La resoluci\u00f3 for\u00e7ada d\u2019algu-nes situacions \u2014com l\u2019amistat entre l\u2019actor preferit de Lisa, la protagonista, i la seua professora d\u2019angl\u00e8s\u2014, i el to expl\u00edcitament pedag\u00f2gic d\u2019alguns passatges \u2014el cap\u00edtol \u00abConversa amb la Margaret\u00bb\u2014 contribueixen a la fluixedat del llibre. ENRICH, Maria.  Columna"}

Tres xiques estiuegen a Vilamar de Dalt: als tretze i catorze anys, estan entrant en l’adolescència. L’obra de Maria Enrich planteja temes propis de l’edat: la menstruació, la preocupació pel físic, els estudis, l’amistat, la relació amb els xics, amb els adults&#8230; Tanmateix, aquesta novel·la juvenil presenta, al meu entendre, alguns problemes. La narració tracta amb excessiva simplicitat qüestions com l’anorèxia, la competitivitat entre les persones, etc., ja que són conflictes viscuts per personatges plans, maniqueus, extrems: Greta, la grassoneta pèl-roja està satisfeta de si mateixa, és gran lectora i bona cuinera; tanmateix, Noèlia, esvelta i atractiva, està obsessionada per la primesa, no se sent bé en la seua pell i es mostra arrogant i desdenyosa amb les companyes. La resolució forçada d’algu-nes situacions —com l’amistat entre l’actor preferit de Lisa, la protagonista, i la seua professora d’anglès—, i el to explícitament pedagògic d’alguns passatges —el capítol «Conversa amb la Margaret»— contribueixen a la fluixedat del llibre. ENRICH, Maria.  Columna
