{"version":"1.0","provider_name":"Ibbycat","provider_url":"https:\/\/www.ibbycat.cat\/es\/","author_name":"Webico","author_url":"https:\/\/www.ibbycat.cat\/es\/author\/webico\/","title":"Un camell a la cornisa - Ibbycat","type":"rich","width":600,"height":338,"html":"<blockquote class=\"wp-embedded-content\" data-secret=\"niasYYuqAz\"><a href=\"https:\/\/www.ibbycat.cat\/es\/llibre\/un-camell-a-la-cornisa\/\">Un camell a la cornisa<\/a><\/blockquote><iframe sandbox=\"allow-scripts\" security=\"restricted\" src=\"https:\/\/www.ibbycat.cat\/es\/llibre\/un-camell-a-la-cornisa\/embed\/#?secret=niasYYuqAz\" width=\"600\" height=\"338\" title=\"\u00abUn camell a la cornisa\u00bb \u2014 Ibbycat\" data-secret=\"niasYYuqAz\" frameborder=\"0\" marginwidth=\"0\" marginheight=\"0\" scrolling=\"no\" class=\"wp-embedded-content\"><\/iframe><script>\n\/*! This file is auto-generated *\/\n!function(d,l){\"use strict\";l.querySelector&&d.addEventListener&&\"undefined\"!=typeof URL&&(d.wp=d.wp||{},d.wp.receiveEmbedMessage||(d.wp.receiveEmbedMessage=function(e){var t=e.data;if((t||t.secret||t.message||t.value)&&!\/[^a-zA-Z0-9]\/.test(t.secret)){for(var s,r,n,a=l.querySelectorAll('iframe[data-secret=\"'+t.secret+'\"]'),o=l.querySelectorAll('blockquote[data-secret=\"'+t.secret+'\"]'),c=new RegExp(\"^https?:$\",\"i\"),i=0;i<o.length;i++)o[i].style.display=\"none\";for(i=0;i<a.length;i++)s=a[i],e.source===s.contentWindow&&(s.removeAttribute(\"style\"),\"height\"===t.message?(1e3<(r=parseInt(t.value,10))?r=1e3:~~r<200&&(r=200),s.height=r):\"link\"===t.message&&(r=new URL(s.getAttribute(\"src\")),n=new URL(t.value),c.test(n.protocol))&&n.host===r.host&&l.activeElement===s&&(d.top.location.href=t.value))}},d.addEventListener(\"message\",d.wp.receiveEmbedMessage,!1),l.addEventListener(\"DOMContentLoaded\",function(){for(var e,t,s=l.querySelectorAll(\"iframe.wp-embedded-content\"),r=0;r<s.length;r++)(t=(e=s[r]).getAttribute(\"data-secret\"))||(t=Math.random().toString(36).substring(2,12),e.src+=\"#?secret=\"+t,e.setAttribute(\"data-secret\",t)),e.contentWindow.postMessage({message:\"ready\",secret:t},\"*\")},!1)))}(window,document);\n\/\/# sourceURL=https:\/\/www.ibbycat.cat\/wp-includes\/js\/wp-embed.min.js\n<\/script>\n","thumbnail_url":"https:\/\/www.ibbycat.cat\/wp-content\/uploads\/978-84-7942-489-3.jpg","thumbnail_width":140,"thumbnail_height":140,"description":"Per a l\u2019\u00c8lia, l\u2019endem\u00e0 de Reis \u00e9s un dia trist perqu\u00e8 s\u2019acaben les festes i tot torna a la normalitat. Un camell jove, refredat i solitari, membre suplent de la comitiva reial, ha quedat oblidat a la cornisa de casa l\u2019\u00c8lia i ella el cuida fins que el v\u00e9nen a buscar. Una hist\u00f2ria ben plantejada que es mou entre la realitat i la fantasia d\u2019una manera cre\u00efble. Mitjan\u00e7ant un l\u00e8xic adequat, par\u00e0grafs curts i di\u00e0legs entenedors, el lector pot seguir b\u00e9 el fil narratiu. Les il\u00b7lustracions ens mostren uns animals humanit-zats, fet que contribueix a apropar els sentiments entre humans i animals: l\u2019\u00c8lia se sent responsable del camell com una mare se\u2019n sent del seu fill; de la mateixa manera, descobreix que la mare del camell no pensa gaire diferent de la seva pr\u00f2pia mare. La redu\u00efda gamma crom\u00e0tica d\u00f3na unitat visual alhora que ens recorda el fred de l\u2019hivern. Els dibuixos enriqueixen el text i proposen petites complicitats amb el lector. Amb aquest conte, Care Santos demostra que pot escriure tamb\u00e9 per a lectors m\u00e9s joves del que ens t\u00e9 acostumats. SANTOS, Care Violeta L\u00f3piz Macmillan"}

Per a l’Èlia, l’endemà de Reis és un dia trist perquè s’acaben les festes i tot torna a la normalitat. Un camell jove, refredat i solitari, membre suplent de la comitiva reial, ha quedat oblidat a la cornisa de casa l’Èlia i ella el cuida fins que el vénen a buscar. Una història ben plantejada que es mou entre la realitat i la fantasia d’una manera creïble. Mitjançant un lèxic adequat, paràgrafs curts i diàlegs entenedors, el lector pot seguir bé el fil narratiu. Les il·lustracions ens mostren uns animals humanit-zats, fet que contribueix a apropar els sentiments entre humans i animals: l’Èlia se sent responsable del camell com una mare se’n sent del seu fill; de la mateixa manera, descobreix que la mare del camell no pensa gaire diferent de la seva pròpia mare. La reduïda gamma cromàtica dóna unitat visual alhora que ens recorda el fred de l’hivern. Els dibuixos enriqueixen el text i proposen petites complicitats amb el lector. Amb aquest conte, Care Santos demostra que pot escriure també per a lectors més joves del que ens té acostumats. SANTOS, Care Violeta Lópiz Macmillan
