{"version":"1.0","provider_name":"Ibbycat","provider_url":"https:\/\/www.ibbycat.cat\/es\/","author_name":"Webico","author_url":"https:\/\/www.ibbycat.cat\/es\/author\/webico\/","title":"Un parc de paper a l'abril. - Ibbycat","type":"rich","width":600,"height":338,"html":"<blockquote class=\"wp-embedded-content\" data-secret=\"jbXXfvZqmV\"><a href=\"https:\/\/www.ibbycat.cat\/es\/llibre\/un-parc-de-paper-a-labril\/\">Un parc de paper a l&#8217;abril.<\/a><\/blockquote><iframe sandbox=\"allow-scripts\" security=\"restricted\" src=\"https:\/\/www.ibbycat.cat\/es\/llibre\/un-parc-de-paper-a-labril\/embed\/#?secret=jbXXfvZqmV\" width=\"600\" height=\"338\" title=\"\u00abUn parc de paper a l&#8217;abril.\u00bb \u2014 Ibbycat\" data-secret=\"jbXXfvZqmV\" frameborder=\"0\" marginwidth=\"0\" marginheight=\"0\" scrolling=\"no\" class=\"wp-embedded-content\"><\/iframe><script>\n\/*! This file is auto-generated *\/\n!function(d,l){\"use strict\";l.querySelector&&d.addEventListener&&\"undefined\"!=typeof URL&&(d.wp=d.wp||{},d.wp.receiveEmbedMessage||(d.wp.receiveEmbedMessage=function(e){var t=e.data;if((t||t.secret||t.message||t.value)&&!\/[^a-zA-Z0-9]\/.test(t.secret)){for(var s,r,n,a=l.querySelectorAll('iframe[data-secret=\"'+t.secret+'\"]'),o=l.querySelectorAll('blockquote[data-secret=\"'+t.secret+'\"]'),c=new RegExp(\"^https?:$\",\"i\"),i=0;i<o.length;i++)o[i].style.display=\"none\";for(i=0;i<a.length;i++)s=a[i],e.source===s.contentWindow&&(s.removeAttribute(\"style\"),\"height\"===t.message?(1e3<(r=parseInt(t.value,10))?r=1e3:~~r<200&&(r=200),s.height=r):\"link\"===t.message&&(r=new URL(s.getAttribute(\"src\")),n=new URL(t.value),c.test(n.protocol))&&n.host===r.host&&l.activeElement===s&&(d.top.location.href=t.value))}},d.addEventListener(\"message\",d.wp.receiveEmbedMessage,!1),l.addEventListener(\"DOMContentLoaded\",function(){for(var e,t,s=l.querySelectorAll(\"iframe.wp-embedded-content\"),r=0;r<s.length;r++)(t=(e=s[r]).getAttribute(\"data-secret\"))||(t=Math.random().toString(36).substring(2,12),e.src+=\"#?secret=\"+t,e.setAttribute(\"data-secret\",t)),e.contentWindow.postMessage({message:\"ready\",secret:t},\"*\")},!1)))}(window,document);\n\/\/# sourceURL=https:\/\/www.ibbycat.cat\/wp-includes\/js\/wp-embed.min.js\n<\/script>\n","thumbnail_url":"https:\/\/www.ibbycat.cat\/wp-content\/uploads\/84-8131-591-5.jpg","thumbnail_width":140,"thumbnail_height":140,"description":"Amb aquest llibre, sembla que l\u2019autora vulgui copsar l\u2019ess\u00e8ncia real del que podria ser el dia de Sant Jordi. I penso que se\u2019n surt la mar de b\u00e9. A partir de la po\u00e8tica textual i visual se\u2019ns parla d\u2019un parc que es transforma cada any, un dia del mes d\u2019abril, en una gran biblioteca. Els llibres s\u2019es-criuen a partir dels textos que donen els arbres: el pi reparteix dites que com les pinyes s\u00f3n resistents; la palmera d\u00f3na contes ex\u00f2tics i els xiprers, callats i misteriosos, inventen endevinalles. Les imatges, que ens mostren com els infants troben les paraules i van confegint els llibres, ens fan ballar i volar a partir de canvis de plans, p\u00e0gines a sang combinades amb imatges sobre fons blanc, jocs tipogr\u00e0fics\u2026 El que podria ser una idea tronada o un text cursi aconsegueix no passar la frontera gr\u00e0cies al bon ofici de les autores. Villaescusa perqu\u00e8 amb una prosa rica relaciona les formes liter\u00e0ries i el car\u00e0cter dels arbres amb molt d\u2019enginy. I la il\u00b7lustradora perqu\u00e8, tot i moure\u2019s per la via de l\u2019empatia, t\u00e9 prou per-sonalitat per deixar-nos gravades algunes de les imatges en la mem\u00f2ria. VILLAESCUSA, J\u00falia. Eva Garc\u00e9s T\u00e0ndem"}

Amb aquest llibre, sembla que l’autora vulgui copsar l’essència real del que podria ser el dia de Sant Jordi. I penso que se’n surt la mar de bé. A partir de la poètica textual i visual se’ns parla d’un parc que es transforma cada any, un dia del mes d’abril, en una gran biblioteca. Els llibres s’es-criuen a partir dels textos que donen els arbres: el pi reparteix dites que com les pinyes són resistents; la palmera dóna contes exòtics i els xiprers, callats i misteriosos, inventen endevinalles. Les imatges, que ens mostren com els infants troben les paraules i van confegint els llibres, ens fan ballar i volar a partir de canvis de plans, pàgines a sang combinades amb imatges sobre fons blanc, jocs tipogràfics… El que podria ser una idea tronada o un text cursi aconsegueix no passar la frontera gràcies al bon ofici de les autores. Villaescusa perquè amb una prosa rica relaciona les formes literàries i el caràcter dels arbres amb molt d’enginy. I la il·lustradora perquè, tot i moure’s per la via de l’empatia, té prou per-sonalitat per deixar-nos gravades algunes de les imatges en la memòria. VILLAESCUSA, Júlia. Eva Garcés Tàndem
