{"version":"1.0","provider_name":"Ibbycat","provider_url":"https:\/\/www.ibbycat.cat\/es\/","author_name":"Webico","author_url":"https:\/\/www.ibbycat.cat\/es\/author\/webico\/","title":"Viatges amb els Bolilos? - Ibbycat","type":"rich","width":600,"height":338,"html":"<blockquote class=\"wp-embedded-content\" data-secret=\"bxzpAu1UgH\"><a href=\"https:\/\/www.ibbycat.cat\/es\/llibre\/viatges-amb-els-bolilos\/\">Viatges amb els Bolilos?<\/a><\/blockquote><iframe sandbox=\"allow-scripts\" security=\"restricted\" src=\"https:\/\/www.ibbycat.cat\/es\/llibre\/viatges-amb-els-bolilos\/embed\/#?secret=bxzpAu1UgH\" width=\"600\" height=\"338\" title=\"\u00abViatges amb els Bolilos?\u00bb \u2014 Ibbycat\" data-secret=\"bxzpAu1UgH\" frameborder=\"0\" marginwidth=\"0\" marginheight=\"0\" scrolling=\"no\" class=\"wp-embedded-content\"><\/iframe><script>\n\/*! This file is auto-generated *\/\n!function(d,l){\"use strict\";l.querySelector&&d.addEventListener&&\"undefined\"!=typeof URL&&(d.wp=d.wp||{},d.wp.receiveEmbedMessage||(d.wp.receiveEmbedMessage=function(e){var t=e.data;if((t||t.secret||t.message||t.value)&&!\/[^a-zA-Z0-9]\/.test(t.secret)){for(var s,r,n,a=l.querySelectorAll('iframe[data-secret=\"'+t.secret+'\"]'),o=l.querySelectorAll('blockquote[data-secret=\"'+t.secret+'\"]'),c=new RegExp(\"^https?:$\",\"i\"),i=0;i<o.length;i++)o[i].style.display=\"none\";for(i=0;i<a.length;i++)s=a[i],e.source===s.contentWindow&&(s.removeAttribute(\"style\"),\"height\"===t.message?(1e3<(r=parseInt(t.value,10))?r=1e3:~~r<200&&(r=200),s.height=r):\"link\"===t.message&&(r=new URL(s.getAttribute(\"src\")),n=new URL(t.value),c.test(n.protocol))&&n.host===r.host&&l.activeElement===s&&(d.top.location.href=t.value))}},d.addEventListener(\"message\",d.wp.receiveEmbedMessage,!1),l.addEventListener(\"DOMContentLoaded\",function(){for(var e,t,s=l.querySelectorAll(\"iframe.wp-embedded-content\"),r=0;r<s.length;r++)(t=(e=s[r]).getAttribute(\"data-secret\"))||(t=Math.random().toString(36).substring(2,12),e.src+=\"#?secret=\"+t,e.setAttribute(\"data-secret\",t)),e.contentWindow.postMessage({message:\"ready\",secret:t},\"*\")},!1)))}(window,document);\n\/\/# sourceURL=https:\/\/www.ibbycat.cat\/wp-includes\/js\/wp-embed.min.js\n<\/script>\n","thumbnail_url":"https:\/\/www.ibbycat.cat\/wp-content\/uploads\/978-84-935-936-3-6.jpg","thumbnail_width":140,"thumbnail_height":140,"description":"En Marcel \u00e9s molt t\u00edmid i li fa molta vergonya fer amics i relacionar-se amb altres infants, per\u00f2 una tarda de pluja els n\u00favols de tempesta li regalen un parell d\u2019amics ben divertits amb qui viatjar per tot el m\u00f3n a trav\u00e9s dels contes. Viatges amb els Bolilos? \u00e9s un conte irregular com a llibre de lectura per als menuts, ja que pateix d\u2019un parell d\u2019incon-gru\u00e8ncies argumentals i el text grinyola amb temps verbals que canvien i oracions massa llargues, per\u00f2 tot i aix\u00f2 l\u2019argument \u00e9s entretingut i \u00e9s una bona proposta com a conte per llegir-lo acompanyat o per explicar-lo mentre ens fabriquem el nostre Bolilo gr\u00e0cies a la recepta que ens proporciona el llibre. Animem a treballar aquests aspectes en la propera aventura dels Bolilos, ja que \u00e9s un producte engrescador. PAR\u00cdS LEZA, Mertxe Neus Vera. DeParis"}

En Marcel és molt tímid i li fa molta vergonya fer amics i relacionar-se amb altres infants, però una tarda de pluja els núvols de tempesta li regalen un parell d’amics ben divertits amb qui viatjar per tot el món a través dels contes. Viatges amb els Bolilos? és un conte irregular com a llibre de lectura per als menuts, ja que pateix d’un parell d’incon-gruències argumentals i el text grinyola amb temps verbals que canvien i oracions massa llargues, però tot i això l’argument és entretingut i és una bona proposta com a conte per llegir-lo acompanyat o per explicar-lo mentre ens fabriquem el nostre Bolilo gràcies a la recepta que ens proporciona el llibre. Animem a treballar aquests aspectes en la propera aventura dels Bolilos, ja que és un producte engrescador. PARÍS LEZA, Mertxe Neus Vera. DeParis
